{"id":73,"date":"2013-06-22T14:42:24","date_gmt":"2013-06-22T12:42:24","guid":{"rendered":"http:\/\/meriller-vapeur.fr\/wp3\/?page_id=73"},"modified":"2024-04-11T18:41:52","modified_gmt":"2024-04-11T16:41:52","slug":"contacts","status":"publish","type":"page","link":"https:\/\/meriller-vapeur.fr\/wp3\/?page_id=73","title":{"rendered":"Contacts."},"content":{"rendered":"<p><em>NOUS VOUS INVITONS \u00c0 NOUS RENCONTRER, pour bavarder, pour tester votre mat\u00e9riel roulant sur nos r\u00e9seaux, pour obtenir de l\u2019aide dans vos r\u00e9alisations\u2026<\/em><br \/>\n<em>\u2026 et tout cela sans obligation de votre part, juste pour le plaisir de la rencontre!<\/em><\/p>\n<h4 style=\"padding-left: 40px; text-align: left;\"><strong><img loading=\"lazy\" decoding=\"async\" class=\"wp-image-12093 alignleft\" src=\"https:\/\/meriller-vapeur.fr\/wp3\/wp-content\/uploads\/2020\/09\/main-avec-l-index-vers-la-droite-107168378-1.jpg\" alt=\"\" width=\"69\" height=\"35\" \/>\u00a0\u00a0<span style=\"color: #ff0000;\">LE CLUB MERILLER-VAPEUR 24<\/span> EST OUVERT \u00e0 tous,<\/strong><\/h4>\n<p style=\"padding-left: 40px; text-align: left;\"><strong> moyennant le\u00a0respect des R\u00e8gles sanitaires en vigueur.<\/strong><\/p>\n<hr \/>\n<p style=\"text-align: center;\"><span style=\"color: #ff0000;\"><strong>&gt;&gt;&gt;&gt;&gt;&gt;&gt;&gt;&gt;&gt;&gt;&gt;&gt;&gt;&gt; <span style=\"text-decoration: underline;\">ATTENTION <\/span>! &lt;&lt;&lt;&lt;&lt;&lt;&lt;&lt;&lt;&lt;&lt;&lt;&lt;&lt;<\/strong><\/span><\/p>\n<div style=\"text-align: center;\"><span style=\"color: #ff0000;\"><strong>nous ne rachetons pas de mat\u00e9riel &#8211; neuf ou occasion\u00a0<\/strong><\/span><\/div>\n<div style=\"text-align: center;\"><span style=\"color: #ff0000;\"><strong>nous ne sommes pas qualifi\u00e9s pour expertiser des mat\u00e9riels d\u2019occasion r\u00e9cents ou anciens\u2026<\/strong><\/span><\/div>\n<div><\/div>\n<hr \/>\n<p style=\"text-align: left;\"><strong><a href=\"https:\/\/meriller-vapeur.fr\/wp3\/wp-content\/uploads\/2020\/03\/logo-entier-avec-tender-MV-2017-DEFINITIF.png\"><img loading=\"lazy\" decoding=\"async\" class=\"alignleft wp-image-11499 size-thumbnail\" src=\"https:\/\/meriller-vapeur.fr\/wp3\/wp-content\/uploads\/2020\/03\/logo-entier-avec-tender-MV-2017-DEFINITIF-150x150.png\" alt=\"\" width=\"150\" height=\"150\" \/><\/a><\/strong><strong>Vous souhaitez \u00eatre inform\u00e9 rapidement sur nos activit\u00e9s, les prochaines expos,\u00a0ou les projets de l&rsquo;association?\u00a0 \u00a0\u00a0<\/strong><\/p>\n<p><img loading=\"lazy\" decoding=\"async\" class=\"alignleft size-full wp-image-76\" src=\"https:\/\/meriller-vapeur.fr\/wp3\/wp-content\/uploads\/2013\/06\/mail.gif\" alt=\"mail\" width=\"67\" height=\"67\" \/><\/p>\n<p>&nbsp;<\/p>\n<p><strong> ECRIVEZ NOUS \u00e0\u00a0postmaster@meriller-vapeur.fr<\/strong><br \/>\nnous vous r\u00e9pondrons sans tarder!<\/p>\n<hr \/>\n<p style=\"text-align: left;\"><strong><span style=\"text-decoration: underline;\">Pour obtenir des informations vous pouvez \u00e9galement contacter les personnes qui suivent\u00a0:<\/span><\/strong><\/p>\n<ul>\n<li><strong>PRESIDENT<\/strong> : Alain DEBONTRIDDER \u2013 \u202d\u202d06 82 40 49 89\u202c\u202c<\/li>\n<li><strong>VICE-PRESIDENT c<\/strong><strong>harg\u00e9 des relations ext\u00e9rieures<\/strong> : Roger MAROUBY \u2013 05 53 09 33 33 \u2013 06 83 79 00 80<\/li>\n<li><strong>Second VICE-PRESIDENT\u00a0<\/strong>: Jean-Claude DESCHAMPS \u2013 \u202d06 79 15 67 20\u202c<\/li>\n<li><strong>TRESORIER\u00a0et Site Internet :\u00a0<\/strong>Jean-Marie QUIDET\u00a0\u2013 06 10 99 75 36 \u2013 tresorier@meriller-vapeur.fr<\/li>\n<li><strong>SECRETAIRE\u00a0<\/strong>: Alain HUCHER \u2013 \u00a0 06 37 10 17 20<\/li>\n<li><strong>SECRETAIRE<\/strong> <strong>adjoint<\/strong> : Herve\u0301 Plisson \u2013 \u202d06 86 75 50 76\u202c<\/li>\n<li><strong>Responsable du MOD\u00c9LISME\u00a0<\/strong>:\u00a0 Christian MARCHANDISE \u2013\u00a006 15 64 26 22<\/li>\n<li><strong>Responsable du Mod\u00e9lisme\u00a0adjoint<\/strong> : Alain Conem \u2014 06 75 38 26\u202c\u202c\u202c \u00e01<\/li>\n<li><strong>D\u00e9l\u00e9gu\u00e9 aux\u00a0TRAVAUX<\/strong>\u00a0<strong>: <\/strong>Gilbert URSO \u2013<strong>\u00a0<\/strong>05 53 03 26 97 \/ 06 84 23 03 83<\/li>\n<\/ul>\n<p>(Liste mise \u00e0 jour le\u00a001\/02\/2022 suite AG.2022).<\/p>\n<blockquote><p><a id=\"horaires\" name=\"horaires\"><\/a><\/p>\n<h2 style=\"text-align: justify;\"><strong>Voici les horaires du Club\u00a0: <\/strong><\/h2>\n<p style=\"text-align: justify;\"><strong>Mercredi de 14 h \u00e0 18 h<\/strong><br \/>\nSamedi de 9 h 30\/ 9 h 45 \u00e0 12 h.<\/p>\n<\/blockquote>\n<hr \/>\n<h2><strong><a id=\"map\" name=\"map\"><\/a>Pour vous rendre au local du Club M\u00e9riller-Vapeur 24\u00a0: <\/strong><\/h2>\n<p>Notre local\u00a0est implant\u00e9 dans le b\u00e2timent des anciens Ateliers Municipaux, rue du Colonel Rossel \u00e0 Coulounieix-Chamiers, voir la carte ci-dessous :<\/p>\n<p><iframe loading=\"lazy\" style=\"border: 0;\" src=\"https:\/\/www.google.com\/maps\/embed?pb=!1m18!1m12!1m3!1d1854.850838561212!2d0.6905042322583352!3d45.175905622449086!2m3!1f0!2f0!3f0!3m2!1i1024!2i768!4f13.1!3m3!1m2!1s0x0%3A0xf1ab78e11d39051f!2sClub%20Modelisme%20Ferroviaire%20M%C3%89RILLER%20VAPEUR%2024!5e1!3m2!1sfr!2sfr!4v1643736162231!5m2!1sfr!2sfr\" width=\"600\" height=\"450\" allowfullscreen=\"allowfullscreen\"><\/iframe><\/p>\n<pre>(Page mise \u00e0 jour le 08\/02\/2023)<\/pre>\n<hr \/>\n<div class=\"pvc_clear\"><\/div>\n<p id=\"pvc_stats_73\" class=\"pvc_stats all  \" data-element-id=\"73\" style=\"\"><i class=\"pvc-stats-icon medium\" aria-hidden=\"true\"><svg aria-hidden=\"true\" focusable=\"false\" data-prefix=\"far\" data-icon=\"chart-bar\" role=\"img\" xmlns=\"http:\/\/www.w3.org\/2000\/svg\" viewBox=\"0 0 512 512\" class=\"svg-inline--fa fa-chart-bar fa-w-16 fa-2x\"><path fill=\"currentColor\" d=\"M396.8 352h22.4c6.4 0 12.8-6.4 12.8-12.8V108.8c0-6.4-6.4-12.8-12.8-12.8h-22.4c-6.4 0-12.8 6.4-12.8 12.8v230.4c0 6.4 6.4 12.8 12.8 12.8zm-192 0h22.4c6.4 0 12.8-6.4 12.8-12.8V140.8c0-6.4-6.4-12.8-12.8-12.8h-22.4c-6.4 0-12.8 6.4-12.8 12.8v198.4c0 6.4 6.4 12.8 12.8 12.8zm96 0h22.4c6.4 0 12.8-6.4 12.8-12.8V204.8c0-6.4-6.4-12.8-12.8-12.8h-22.4c-6.4 0-12.8 6.4-12.8 12.8v134.4c0 6.4 6.4 12.8 12.8 12.8zM496 400H48V80c0-8.84-7.16-16-16-16H16C7.16 64 0 71.16 0 80v336c0 17.67 14.33 32 32 32h464c8.84 0 16-7.16 16-16v-16c0-8.84-7.16-16-16-16zm-387.2-48h22.4c6.4 0 12.8-6.4 12.8-12.8v-70.4c0-6.4-6.4-12.8-12.8-12.8h-22.4c-6.4 0-12.8 6.4-12.8 12.8v70.4c0 6.4 6.4 12.8 12.8 12.8z\" class=\"\"><\/path><\/svg><\/i> <img loading=\"lazy\" decoding=\"async\" width=\"16\" height=\"16\" alt=\"Loading\" src=\"https:\/\/meriller-vapeur.fr\/wp3\/wp-content\/plugins\/page-views-count\/ajax-loader-2x.gif\" border=0 \/><\/p>\n<div class=\"pvc_clear\"><\/div>\n","protected":false},"excerpt":{"rendered":"<p>NOUS VOUS INVITONS \u00c0 NOUS RENCONTRER, pour bavarder, pour tester votre mat\u00e9riel roulant sur nos r\u00e9seaux, pour obtenir de l\u2019aide dans vos r\u00e9alisations\u2026 \u2026 et tout cela sans obligation de votre part, juste pour le plaisir de la rencontre! \u00a0\u00a0LE CLUB MERILLER-VAPEUR 24 EST OUVERT \u00e0 tous, moyennant le\u00a0respect des R\u00e8gles sanitaires en vigueur. &gt;&gt;&gt;&gt;&gt;&gt;&gt;&gt;&gt;&gt;&gt;&gt;&gt;&gt;&gt;\u2026 <span class=\"read-more\"><a href=\"https:\/\/meriller-vapeur.fr\/wp3\/?page_id=73\">Read More &raquo;<\/a><\/span><\/p>\n<div class=\"pvc_clear\"><\/div>\n<p id=\"pvc_stats_73\" class=\"pvc_stats all  \" data-element-id=\"73\" style=\"\"><i class=\"pvc-stats-icon medium\" aria-hidden=\"true\"><svg aria-hidden=\"true\" focusable=\"false\" data-prefix=\"far\" data-icon=\"chart-bar\" role=\"img\" xmlns=\"http:\/\/www.w3.org\/2000\/svg\" viewBox=\"0 0 512 512\" class=\"svg-inline--fa fa-chart-bar fa-w-16 fa-2x\"><path fill=\"currentColor\" d=\"M396.8 352h22.4c6.4 0 12.8-6.4 12.8-12.8V108.8c0-6.4-6.4-12.8-12.8-12.8h-22.4c-6.4 0-12.8 6.4-12.8 12.8v230.4c0 6.4 6.4 12.8 12.8 12.8zm-192 0h22.4c6.4 0 12.8-6.4 12.8-12.8V140.8c0-6.4-6.4-12.8-12.8-12.8h-22.4c-6.4 0-12.8 6.4-12.8 12.8v198.4c0 6.4 6.4 12.8 12.8 12.8zm96 0h22.4c6.4 0 12.8-6.4 12.8-12.8V204.8c0-6.4-6.4-12.8-12.8-12.8h-22.4c-6.4 0-12.8 6.4-12.8 12.8v134.4c0 6.4 6.4 12.8 12.8 12.8zM496 400H48V80c0-8.84-7.16-16-16-16H16C7.16 64 0 71.16 0 80v336c0 17.67 14.33 32 32 32h464c8.84 0 16-7.16 16-16v-16c0-8.84-7.16-16-16-16zm-387.2-48h22.4c6.4 0 12.8-6.4 12.8-12.8v-70.4c0-6.4-6.4-12.8-12.8-12.8h-22.4c-6.4 0-12.8 6.4-12.8 12.8v70.4c0 6.4 6.4 12.8 12.8 12.8z\" class=\"\"><\/path><\/svg><\/i> <img loading=\"lazy\" decoding=\"async\" width=\"16\" height=\"16\" alt=\"Loading\" src=\"https:\/\/meriller-vapeur.fr\/wp3\/wp-content\/plugins\/page-views-count\/ajax-loader-2x.gif\" border=0 \/><\/p>\n<div class=\"pvc_clear\"><\/div>\n","protected":false},"author":1,"featured_media":0,"parent":0,"menu_order":0,"comment_status":"open","ping_status":"open","template":"page-templates\/full-width.php","meta":{"footnotes":""},"class_list":["post-73","page","type-page","status-publish","hentry"],"a3_pvc":{"activated":true,"total_views":5161,"today_views":0},"_links":{"self":[{"href":"https:\/\/meriller-vapeur.fr\/wp3\/index.php?rest_route=\/wp\/v2\/pages\/73","targetHints":{"allow":["GET"]}}],"collection":[{"href":"https:\/\/meriller-vapeur.fr\/wp3\/index.php?rest_route=\/wp\/v2\/pages"}],"about":[{"href":"https:\/\/meriller-vapeur.fr\/wp3\/index.php?rest_route=\/wp\/v2\/types\/page"}],"author":[{"embeddable":true,"href":"https:\/\/meriller-vapeur.fr\/wp3\/index.php?rest_route=\/wp\/v2\/users\/1"}],"replies":[{"embeddable":true,"href":"https:\/\/meriller-vapeur.fr\/wp3\/index.php?rest_route=%2Fwp%2Fv2%2Fcomments&post=73"}],"version-history":[{"count":10,"href":"https:\/\/meriller-vapeur.fr\/wp3\/index.php?rest_route=\/wp\/v2\/pages\/73\/revisions"}],"predecessor-version":[{"id":15901,"href":"https:\/\/meriller-vapeur.fr\/wp3\/index.php?rest_route=\/wp\/v2\/pages\/73\/revisions\/15901"}],"wp:attachment":[{"href":"https:\/\/meriller-vapeur.fr\/wp3\/index.php?rest_route=%2Fwp%2Fv2%2Fmedia&parent=73"}],"curies":[{"name":"wp","href":"https:\/\/api.w.org\/{rel}","templated":true}]}}