{"id":6603,"date":"2016-11-27T11:39:12","date_gmt":"2016-11-27T10:39:12","guid":{"rendered":"http:\/\/meriller-vapeur.fr\/wp3\/?page_id=6603"},"modified":"2016-12-22T16:37:56","modified_gmt":"2016-12-22T15:37:56","slug":"creation-dun-parking-relais","status":"publish","type":"page","link":"https:\/\/meriller-vapeur.fr\/wp3\/?page_id=6603","title":{"rendered":"Cr\u00e9ation d\u2019un \u201cPARKING RELAIS\u201d covoiturage et d\u2019un arr\u00eat pour PERIBUS."},"content":{"rendered":"<div><a href=\"http:\/\/meriller-vapeur.fr\/wp3\/wp-content\/uploads\/2016\/11\/DSC09687.jpg\" target=\"_blank\"><img loading=\"lazy\" decoding=\"async\" class=\"alignleft wp-image-6632 size-medium\" src=\"http:\/\/meriller-vapeur.fr\/wp3\/wp-content\/uploads\/2016\/11\/DSC09687-300x225.jpg\" alt=\"dsc09687\" width=\"300\" height=\"225\" srcset=\"https:\/\/meriller-vapeur.fr\/wp3\/wp-content\/uploads\/2016\/11\/DSC09687-300x225.jpg 300w, https:\/\/meriller-vapeur.fr\/wp3\/wp-content\/uploads\/2016\/11\/DSC09687-768x576.jpg 768w, https:\/\/meriller-vapeur.fr\/wp3\/wp-content\/uploads\/2016\/11\/DSC09687-1024x768.jpg 1024w, https:\/\/meriller-vapeur.fr\/wp3\/wp-content\/uploads\/2016\/11\/DSC09687.jpg 2048w\" sizes=\"auto, (max-width: 300px) 100vw, 300px\" \/><\/a><\/div>\n<div><\/div>\n<div><\/div>\n<div>C\u2019est une grande op\u00e9ration qui a lieu devant la Locomotive du Rond-Point de M\u00e9riller !<\/div>\n<div><em><strong>Voici donc\u00a0un reportage complet de nos envoy\u00e9s sp\u00e9ciaux qui \u201ccouvrent\u201d cet\u00a0\u00e9v\u00e9nement\u2026<\/strong><\/em><\/div>\n<div><\/div>\n<pre>Ce qu\u2019il faut absolument retenir\u00a0:\r\n\r\n1- <span style=\"color: #ff0000;\">L\u2019utilisation de ce parking est uniquement r\u00e9serv\u00e9 \u00e0 l\u2019usage des PERIBUS et au covoiturage,<strong><em>\u00a0en aucun cas les cars dits \u00ab\u00a0MACRON\u00a0\u00bb n\u2019y auront\u00a0 acc\u00e8s.\r\n <\/em><\/strong><\/span>Au contraire, cette\u00a0\u201c gare \u201d P\u00e9ribus \u00a0compl\u00e8tera tr\u00e8s bien l\u2019arr\u00eat pr\u00e9vu\u00a0de la future navette ferroviaire et TER, et pourra apporter un plus au chemin de fer, avec\u00a0acc\u00e8s direct \u00e0 Chamiers pour les usagers du train.\r\n\r\n2- La mise en service est pr\u00e9vue vers le 15 d\u00e9cembre (sous r\u00e9serve d\u2019une m\u00e9t\u00e9o permettant l\u2019ach\u00e8vement des travaux\u2026)<\/pre>\n<p><strong>Voici le plan du futur parking, et une vue d\u2019architecte en perspective<\/strong> (<em>cliquer pour agrandir<\/em>):<\/p>\n<p><a href=\"http:\/\/meriller-vapeur.fr\/wp3\/wp-content\/uploads\/2016\/11\/Parking-relais.jpg\" target=\"_blank\"><img loading=\"lazy\" decoding=\"async\" class=\"aligncenter wp-image-6723 size-large\" src=\"http:\/\/meriller-vapeur.fr\/wp3\/wp-content\/uploads\/2016\/11\/Parking-relais-1024x344.jpg\" alt=\"parking-relais\" width=\"688\" height=\"231\" srcset=\"https:\/\/meriller-vapeur.fr\/wp3\/wp-content\/uploads\/2016\/11\/Parking-relais-1024x344.jpg 1024w, https:\/\/meriller-vapeur.fr\/wp3\/wp-content\/uploads\/2016\/11\/Parking-relais-300x101.jpg 300w, https:\/\/meriller-vapeur.fr\/wp3\/wp-content\/uploads\/2016\/11\/Parking-relais-768x258.jpg 768w, https:\/\/meriller-vapeur.fr\/wp3\/wp-content\/uploads\/2016\/11\/Parking-relais.jpg 1772w\" sizes=\"auto, (max-width: 688px) 100vw, 688px\" \/><\/a><br \/>\n<a href=\"http:\/\/meriller-vapeur.fr\/wp3\/wp-content\/uploads\/2016\/11\/photomontage-2.jpg\" target=\"_blank\"><img loading=\"lazy\" decoding=\"async\" class=\"aligncenter wp-image-6720 size-large\" src=\"http:\/\/meriller-vapeur.fr\/wp3\/wp-content\/uploads\/2016\/11\/photomontage-2-1024x768.jpg\" alt=\"photomontage-2\" width=\"688\" height=\"516\" srcset=\"https:\/\/meriller-vapeur.fr\/wp3\/wp-content\/uploads\/2016\/11\/photomontage-2-1024x768.jpg 1024w, https:\/\/meriller-vapeur.fr\/wp3\/wp-content\/uploads\/2016\/11\/photomontage-2-300x225.jpg 300w, https:\/\/meriller-vapeur.fr\/wp3\/wp-content\/uploads\/2016\/11\/photomontage-2-768x576.jpg 768w\" sizes=\"auto, (max-width: 688px) 100vw, 688px\" \/><\/a><\/p>\n<hr \/>\n<p><strong>&gt;&gt;&gt; Les photos du d\u00e9roulement du chantier<\/strong> sont class\u00e9es par ordre chronologique.<\/p>\n<ul>\n<li>L\u2019entreprise qui r\u00e9alise le terrassement et la\u00a0voirie est la COLAS.<\/li>\n<li>Les travaux d\u2019\u00c9CLAIRAGE PUBLIC sont r\u00e9alis\u00e9s par l\u2019Entreprise DARLAVOIX<\/li>\n<li>Les r\u00e9alisations environnementales seront ex\u00e9cut\u00e9es par l\u2019entreprise JAROUSSIE, nous vous les pr\u00e9senterons bient\u00f4t\u2026<\/li>\n<\/ul>\n<p>Pour voir ces photos, aller \u00e0 \u00a0&gt;&gt;&gt;&gt;&gt;&gt;&gt; <strong><a href=\"http:\/\/meriller-vapeur.fr\/wp3\/?page_id=6727\">PAGE SUIVANTE<\/a>.<\/strong><\/p>\n<div class=\"pvc_clear\"><\/div>\n<p id=\"pvc_stats_6603\" class=\"pvc_stats all  \" data-element-id=\"6603\" style=\"\"><i class=\"pvc-stats-icon medium\" aria-hidden=\"true\"><svg aria-hidden=\"true\" focusable=\"false\" data-prefix=\"far\" data-icon=\"chart-bar\" role=\"img\" xmlns=\"http:\/\/www.w3.org\/2000\/svg\" viewBox=\"0 0 512 512\" class=\"svg-inline--fa fa-chart-bar fa-w-16 fa-2x\"><path fill=\"currentColor\" d=\"M396.8 352h22.4c6.4 0 12.8-6.4 12.8-12.8V108.8c0-6.4-6.4-12.8-12.8-12.8h-22.4c-6.4 0-12.8 6.4-12.8 12.8v230.4c0 6.4 6.4 12.8 12.8 12.8zm-192 0h22.4c6.4 0 12.8-6.4 12.8-12.8V140.8c0-6.4-6.4-12.8-12.8-12.8h-22.4c-6.4 0-12.8 6.4-12.8 12.8v198.4c0 6.4 6.4 12.8 12.8 12.8zm96 0h22.4c6.4 0 12.8-6.4 12.8-12.8V204.8c0-6.4-6.4-12.8-12.8-12.8h-22.4c-6.4 0-12.8 6.4-12.8 12.8v134.4c0 6.4 6.4 12.8 12.8 12.8zM496 400H48V80c0-8.84-7.16-16-16-16H16C7.16 64 0 71.16 0 80v336c0 17.67 14.33 32 32 32h464c8.84 0 16-7.16 16-16v-16c0-8.84-7.16-16-16-16zm-387.2-48h22.4c6.4 0 12.8-6.4 12.8-12.8v-70.4c0-6.4-6.4-12.8-12.8-12.8h-22.4c-6.4 0-12.8 6.4-12.8 12.8v70.4c0 6.4 6.4 12.8 12.8 12.8z\" class=\"\"><\/path><\/svg><\/i> <img loading=\"lazy\" decoding=\"async\" width=\"16\" height=\"16\" alt=\"Loading\" src=\"https:\/\/meriller-vapeur.fr\/wp3\/wp-content\/plugins\/page-views-count\/ajax-loader-2x.gif\" border=0 \/><\/p>\n<div class=\"pvc_clear\"><\/div>\n","protected":false},"excerpt":{"rendered":"<p>C\u2019est une grande op\u00e9ration qui a lieu devant la Locomotive du Rond-Point de M\u00e9riller ! Voici donc\u00a0un reportage complet de nos envoy\u00e9s sp\u00e9ciaux qui \u201ccouvrent\u201d cet\u00a0\u00e9v\u00e9nement\u2026 Ce qu\u2019il faut absolument retenir\u00a0: 1- L\u2019utilisation de ce parking est uniquement r\u00e9serv\u00e9 \u00e0 l\u2019usage des PERIBUS et au covoiturage,\u00a0en aucun cas les cars dits \u00ab\u00a0MACRON\u00a0\u00bb n\u2019y auront\u00a0 acc\u00e8s.\u2026 <span class=\"read-more\"><a href=\"https:\/\/meriller-vapeur.fr\/wp3\/?page_id=6603\">Read More &raquo;<\/a><\/span><\/p>\n<div class=\"pvc_clear\"><\/div>\n<p id=\"pvc_stats_6603\" class=\"pvc_stats all  \" data-element-id=\"6603\" style=\"\"><i class=\"pvc-stats-icon medium\" aria-hidden=\"true\"><svg aria-hidden=\"true\" focusable=\"false\" data-prefix=\"far\" data-icon=\"chart-bar\" role=\"img\" xmlns=\"http:\/\/www.w3.org\/2000\/svg\" viewBox=\"0 0 512 512\" class=\"svg-inline--fa fa-chart-bar fa-w-16 fa-2x\"><path fill=\"currentColor\" d=\"M396.8 352h22.4c6.4 0 12.8-6.4 12.8-12.8V108.8c0-6.4-6.4-12.8-12.8-12.8h-22.4c-6.4 0-12.8 6.4-12.8 12.8v230.4c0 6.4 6.4 12.8 12.8 12.8zm-192 0h22.4c6.4 0 12.8-6.4 12.8-12.8V140.8c0-6.4-6.4-12.8-12.8-12.8h-22.4c-6.4 0-12.8 6.4-12.8 12.8v198.4c0 6.4 6.4 12.8 12.8 12.8zm96 0h22.4c6.4 0 12.8-6.4 12.8-12.8V204.8c0-6.4-6.4-12.8-12.8-12.8h-22.4c-6.4 0-12.8 6.4-12.8 12.8v134.4c0 6.4 6.4 12.8 12.8 12.8zM496 400H48V80c0-8.84-7.16-16-16-16H16C7.16 64 0 71.16 0 80v336c0 17.67 14.33 32 32 32h464c8.84 0 16-7.16 16-16v-16c0-8.84-7.16-16-16-16zm-387.2-48h22.4c6.4 0 12.8-6.4 12.8-12.8v-70.4c0-6.4-6.4-12.8-12.8-12.8h-22.4c-6.4 0-12.8 6.4-12.8 12.8v70.4c0 6.4 6.4 12.8 12.8 12.8z\" class=\"\"><\/path><\/svg><\/i> <img loading=\"lazy\" decoding=\"async\" width=\"16\" height=\"16\" alt=\"Loading\" src=\"https:\/\/meriller-vapeur.fr\/wp3\/wp-content\/plugins\/page-views-count\/ajax-loader-2x.gif\" border=0 \/><\/p>\n<div class=\"pvc_clear\"><\/div>\n","protected":false},"author":1,"featured_media":0,"parent":6182,"menu_order":0,"comment_status":"closed","ping_status":"closed","template":"","meta":{"footnotes":""},"class_list":["post-6603","page","type-page","status-publish","hentry"],"a3_pvc":{"activated":true,"total_views":578,"today_views":0},"_links":{"self":[{"href":"https:\/\/meriller-vapeur.fr\/wp3\/index.php?rest_route=\/wp\/v2\/pages\/6603","targetHints":{"allow":["GET"]}}],"collection":[{"href":"https:\/\/meriller-vapeur.fr\/wp3\/index.php?rest_route=\/wp\/v2\/pages"}],"about":[{"href":"https:\/\/meriller-vapeur.fr\/wp3\/index.php?rest_route=\/wp\/v2\/types\/page"}],"author":[{"embeddable":true,"href":"https:\/\/meriller-vapeur.fr\/wp3\/index.php?rest_route=\/wp\/v2\/users\/1"}],"replies":[{"embeddable":true,"href":"https:\/\/meriller-vapeur.fr\/wp3\/index.php?rest_route=%2Fwp%2Fv2%2Fcomments&post=6603"}],"version-history":[{"count":0,"href":"https:\/\/meriller-vapeur.fr\/wp3\/index.php?rest_route=\/wp\/v2\/pages\/6603\/revisions"}],"up":[{"embeddable":true,"href":"https:\/\/meriller-vapeur.fr\/wp3\/index.php?rest_route=\/wp\/v2\/pages\/6182"}],"wp:attachment":[{"href":"https:\/\/meriller-vapeur.fr\/wp3\/index.php?rest_route=%2Fwp%2Fv2%2Fmedia&parent=6603"}],"curies":[{"name":"wp","href":"https:\/\/api.w.org\/{rel}","templated":true}]}}

Création d’un “PARKING RELAIS” covoiturage et d’un arrêt pour PERIBUS.

<div><a href="http://meriller-vapeur.fr/wp3/wp-content/uploads/2016/11/DSC09687.jpg" target="_blank"><img loading="lazy" decoding="async" class="alignleft wp-image-6632 size-medium" src="http://meriller-vapeur.fr/wp3/wp-content/uploads/2016/11/DSC09687-300x225.jpg" alt="dsc09687" width="300" height="225" srcset="https://meriller-vapeur.fr/wp3/wp-content/uploads/2016/11/DSC09687-300x225.jpg 300w, https://meriller-vapeur.fr/wp3/wp-content/uploads/2016/11/DSC09687-768x576.jpg 768w, https://meriller-vapeur.fr/wp3/wp-content/uploads/2016/11/DSC09687-1024x768.jpg 1024w, https://meriller-vapeur.fr/wp3/wp-content/uploads/2016/11/DSC09687.jpg 2048w" sizes="auto, (max-width: 300px) 100vw, 300px" /></a></div>
<div></div>
<div></div>
<div>C’est une grande opération qui a lieu devant la Locomotive du Rond-Point de Mériller !</div>
<div><em><strong>Voici donc un reportage complet de nos envoyés spéciaux qui “couvrent” cet événement…</strong></em></div>
<div></div>
<pre>Ce qu’il faut absolument retenir :

1- <span style="color: #ff0000;">L’utilisation de ce parking est uniquement réservé à l’usage des PERIBUS et au covoiturage,<strong><em> en aucun cas les cars dits « MACRON » n’y auront  accès.
 </em></strong></span>Au contraire, cette “ gare ” Péribus  complètera très bien l’arrêt prévu de la future navette ferroviaire et TER, et pourra apporter un plus au chemin de fer, avec accès direct à Chamiers pour les usagers du train.

2- La mise en service est prévue vers le 15 décembre (sous réserve d’une météo permettant l’achèvement des travaux…)</pre>
<p><strong>Voici le plan du futur parking, et une vue d’architecte en perspective</strong> (<em>cliquer pour agrandir</em>):</p>
<p><a href="http://meriller-vapeur.fr/wp3/wp-content/uploads/2016/11/Parking-relais.jpg" target="_blank"><img loading="lazy" decoding="async" class="aligncenter wp-image-6723 size-large" src="http://meriller-vapeur.fr/wp3/wp-content/uploads/2016/11/Parking-relais-1024x344.jpg" alt="parking-relais" width="688" height="231" srcset="https://meriller-vapeur.fr/wp3/wp-content/uploads/2016/11/Parking-relais-1024x344.jpg 1024w, https://meriller-vapeur.fr/wp3/wp-content/uploads/2016/11/Parking-relais-300x101.jpg 300w, https://meriller-vapeur.fr/wp3/wp-content/uploads/2016/11/Parking-relais-768x258.jpg 768w, https://meriller-vapeur.fr/wp3/wp-content/uploads/2016/11/Parking-relais.jpg 1772w" sizes="auto, (max-width: 688px) 100vw, 688px" /></a><br />
<a href="http://meriller-vapeur.fr/wp3/wp-content/uploads/2016/11/photomontage-2.jpg" target="_blank"><img loading="lazy" decoding="async" class="aligncenter wp-image-6720 size-large" src="http://meriller-vapeur.fr/wp3/wp-content/uploads/2016/11/photomontage-2-1024x768.jpg" alt="photomontage-2" width="688" height="516" srcset="https://meriller-vapeur.fr/wp3/wp-content/uploads/2016/11/photomontage-2-1024x768.jpg 1024w, https://meriller-vapeur.fr/wp3/wp-content/uploads/2016/11/photomontage-2-300x225.jpg 300w, https://meriller-vapeur.fr/wp3/wp-content/uploads/2016/11/photomontage-2-768x576.jpg 768w" sizes="auto, (max-width: 688px) 100vw, 688px" /></a></p>
<hr />
<p><strong>&gt;&gt;&gt; Les photos du déroulement du chantier</strong> sont classées par ordre chronologique.</p>
<ul>
<li>L’entreprise qui réalise le terrassement et la voirie est la COLAS.</li>
<li>Les travaux d’ÉCLAIRAGE PUBLIC sont réalisés par l’Entreprise DARLAVOIX</li>
<li>Les réalisations environnementales seront exécutées par l’entreprise JAROUSSIE, nous vous les présenterons bientôt…</li>
</ul>
<p>Pour voir ces photos, aller à  &gt;&gt;&gt;&gt;&gt;&gt;&gt; <strong><a href="http://meriller-vapeur.fr/wp3/?page_id=6727">PAGE SUIVANTE</a>.</strong></p>
<div class="pvc_clear"></div>
<p id="pvc_stats_6603" class="pvc_stats all  " data-element-id="6603" style=""><i class="pvc-stats-icon medium" aria-hidden="true"><svg aria-hidden="true" focusable="false" data-prefix="far" data-icon="chart-bar" role="img" xmlns="http://www.w3.org/2000/svg" viewBox="0 0 512 512" class="svg-inline--fa fa-chart-bar fa-w-16 fa-2x"><path fill="currentColor" d="M396.8 352h22.4c6.4 0 12.8-6.4 12.8-12.8V108.8c0-6.4-6.4-12.8-12.8-12.8h-22.4c-6.4 0-12.8 6.4-12.8 12.8v230.4c0 6.4 6.4 12.8 12.8 12.8zm-192 0h22.4c6.4 0 12.8-6.4 12.8-12.8V140.8c0-6.4-6.4-12.8-12.8-12.8h-22.4c-6.4 0-12.8 6.4-12.8 12.8v198.4c0 6.4 6.4 12.8 12.8 12.8zm96 0h22.4c6.4 0 12.8-6.4 12.8-12.8V204.8c0-6.4-6.4-12.8-12.8-12.8h-22.4c-6.4 0-12.8 6.4-12.8 12.8v134.4c0 6.4 6.4 12.8 12.8 12.8zM496 400H48V80c0-8.84-7.16-16-16-16H16C7.16 64 0 71.16 0 80v336c0 17.67 14.33 32 32 32h464c8.84 0 16-7.16 16-16v-16c0-8.84-7.16-16-16-16zm-387.2-48h22.4c6.4 0 12.8-6.4 12.8-12.8v-70.4c0-6.4-6.4-12.8-12.8-12.8h-22.4c-6.4 0-12.8 6.4-12.8 12.8v70.4c0 6.4 6.4 12.8 12.8 12.8z" class=""></path></svg></i> <img loading="lazy" decoding="async" width="16" height="16" alt="Loading" src="https://meriller-vapeur.fr/wp3/wp-content/plugins/page-views-count/ajax-loader-2x.gif" border=0 /></p>
<div class="pvc_clear"></div>

<p>C’est une grande opération qui a lieu devant la Locomotive du Rond-Point de Mériller ! Voici donc un reportage complet de nos envoyés spéciaux qui “couvrent” cet événement… Ce qu’il faut absolument retenir : 1- L’utilisation de ce parking est uniquement réservé à l’usage des PERIBUS et au covoiturage, en aucun cas les cars dits « MACRON » n’y auront  accès.… <span class="read-more"><a href="https://meriller-vapeur.fr/wp3/?page_id=6603">Read More &raquo;</a></span></p>
<div class="pvc_clear"></div>
<p id="pvc_stats_6603" class="pvc_stats all  " data-element-id="6603" style=""><i class="pvc-stats-icon medium" aria-hidden="true"><svg aria-hidden="true" focusable="false" data-prefix="far" data-icon="chart-bar" role="img" xmlns="http://www.w3.org/2000/svg" viewBox="0 0 512 512" class="svg-inline--fa fa-chart-bar fa-w-16 fa-2x"><path fill="currentColor" d="M396.8 352h22.4c6.4 0 12.8-6.4 12.8-12.8V108.8c0-6.4-6.4-12.8-12.8-12.8h-22.4c-6.4 0-12.8 6.4-12.8 12.8v230.4c0 6.4 6.4 12.8 12.8 12.8zm-192 0h22.4c6.4 0 12.8-6.4 12.8-12.8V140.8c0-6.4-6.4-12.8-12.8-12.8h-22.4c-6.4 0-12.8 6.4-12.8 12.8v198.4c0 6.4 6.4 12.8 12.8 12.8zm96 0h22.4c6.4 0 12.8-6.4 12.8-12.8V204.8c0-6.4-6.4-12.8-12.8-12.8h-22.4c-6.4 0-12.8 6.4-12.8 12.8v134.4c0 6.4 6.4 12.8 12.8 12.8zM496 400H48V80c0-8.84-7.16-16-16-16H16C7.16 64 0 71.16 0 80v336c0 17.67 14.33 32 32 32h464c8.84 0 16-7.16 16-16v-16c0-8.84-7.16-16-16-16zm-387.2-48h22.4c6.4 0 12.8-6.4 12.8-12.8v-70.4c0-6.4-6.4-12.8-12.8-12.8h-22.4c-6.4 0-12.8 6.4-12.8 12.8v70.4c0 6.4 6.4 12.8 12.8 12.8z" class=""></path></svg></i> <img loading="lazy" decoding="async" width="16" height="16" alt="Loading" src="https://meriller-vapeur.fr/wp3/wp-content/plugins/page-views-count/ajax-loader-2x.gif" border=0 /></p>
<div class="pvc_clear"></div>
