{"id":3567,"date":"2015-02-11T09:30:25","date_gmt":"2015-02-11T08:30:25","guid":{"rendered":"http:\/\/meriller-vapeur.fr\/wp3\/?page_id=3567"},"modified":"2015-02-11T09:27:28","modified_gmt":"2015-02-11T08:27:28","slug":"sud-ouest-compte-rendu-de-notre-ag","status":"publish","type":"page","link":"https:\/\/meriller-vapeur.fr\/wp3\/?page_id=3567","title":{"rendered":"La Presse de Dordogne, compte-rendus de notre AG. 2015 (Mise \u00e0 jour)"},"content":{"rendered":"<h2 class=\"title\" style=\"text-align: justify;\">I. Dans le journal du 30\/01\/2015, La DORDOGNE LIBRE publie le compte rendu de notre AG.\u00a0:<\/h2>\n<div id=\"attachment_3584\" style=\"width: 274px\" class=\"wp-caption alignleft\"><a href=\"http:\/\/meriller-vapeur.fr\/wp3\/wp-content\/uploads\/2015\/02\/DL-30-janvier-2015-ag-MV.png\" target=\"_blank\"><img loading=\"lazy\" decoding=\"async\" aria-describedby=\"caption-attachment-3584\" class=\"wp-image-3584 size-medium\" src=\"http:\/\/meriller-vapeur.fr\/wp3\/wp-content\/uploads\/2015\/02\/DL-30-janvier-2015-ag-MV-264x300.png\" alt=\"DL 30 janvier 2015 ag MV\" width=\"264\" height=\"300\" srcset=\"https:\/\/meriller-vapeur.fr\/wp3\/wp-content\/uploads\/2015\/02\/DL-30-janvier-2015-ag-MV-264x300.png 264w, https:\/\/meriller-vapeur.fr\/wp3\/wp-content\/uploads\/2015\/02\/DL-30-janvier-2015-ag-MV-903x1024.png 903w, https:\/\/meriller-vapeur.fr\/wp3\/wp-content\/uploads\/2015\/02\/DL-30-janvier-2015-ag-MV.png 908w\" sizes=\"auto, (max-width: 264px) 100vw, 264px\" \/><\/a><p id=\"caption-attachment-3584\" class=\"wp-caption-text\">Cliquer pour agrandir.<\/p><\/div>\n<h2 class=\"title\" style=\"text-align: justify;\">II. Dans le journal du 03\/02\/2015, l&rsquo;ECHO DE LA DORDOGNE publie le compte rendu de notre AG.\u00a0:<\/h2>\n<p><a href=\"http:\/\/meriller-vapeur.fr\/wp3\/wp-content\/uploads\/2015\/02\/img031.jpg\" target=\"_blank\"><img loading=\"lazy\" decoding=\"async\" class=\"alignleft wp-image-3590 size-medium\" src=\"http:\/\/meriller-vapeur.fr\/wp3\/wp-content\/uploads\/2015\/02\/img031-243x300.jpg\" alt=\"img031\" width=\"243\" height=\"300\" srcset=\"https:\/\/meriller-vapeur.fr\/wp3\/wp-content\/uploads\/2015\/02\/img031-243x300.jpg 243w, https:\/\/meriller-vapeur.fr\/wp3\/wp-content\/uploads\/2015\/02\/img031-831x1024.jpg 831w, https:\/\/meriller-vapeur.fr\/wp3\/wp-content\/uploads\/2015\/02\/img031.jpg 1921w\" sizes=\"auto, (max-width: 243px) 100vw, 243px\" \/><\/a><\/p>\n<h2 class=\"title\" style=\"text-align: justify;\">III. Dans le journal du\u00a009\/02\/2015, Sud-Ouest publie le compte rendu de notre AG.\u00a0:<\/h2>\n<blockquote>\n<h1 class=\"title\" style=\"text-align: justify;\">Les regrets de M\u00e9riller Vapeur 24<\/h1>\n<div class=\"leading-image\" style=\"text-align: justify;\"><img decoding=\"async\" src=\"http:\/\/images.sudouest.fr\/images\/2015\/02\/09\/1824655_8443684_800x400.jpg?v=1\" alt=\"Les regrets de M\u00e9riller Vapeur 24\" \/><\/div>\n<p style=\"text-align: justify;\">M\u00e9riller Vapeur 24 (1) a tenu son assembl\u00e9e g\u00e9n\u00e9rale, samedi 24 janvier, en pr\u00e9sence d&rsquo;environ 35 adh\u00e9rents. Le pr\u00e9sident Marouby a pr\u00e9sent\u00e9 son rapport d&rsquo;activit\u00e9s. L&rsquo;association compte 61 adh\u00e9rents \u00e0 jour de leur cotisation, dont 19 cheminots ; 18 adh\u00e9rents r\u00e9sident sur la commune ; 42 sont retrait\u00e9s et 19 actifs.<\/p>\n<p style=\"text-align: justify;\">Suite \u00e0 l&rsquo;installation du tender fin novembre 2013 derri\u00e8re la locomotive, la loco et le tender ont b\u00e9n\u00e9fici\u00e9 d&rsquo;un nettoyage et d&rsquo;une nouvelle couche de peinture au cours du premier semestre 2014. La partie basse de la cabine et les roues n&rsquo;ont pas \u00e9t\u00e9 repeintes \u00e0 ce moment-l\u00e0, car il n&rsquo;y avait plus de peinture !<\/p>\n<p style=\"text-align: justify;\">L&rsquo;\u00e9quipe a fait part de plusieurs regrets. La signal\u00e9tique n&rsquo;est toujours pas r\u00e9alis\u00e9e par la commune. La modification de l&rsquo;acc\u00e8s au parking de M\u00e9riller n&rsquo;a pas non plus \u00e9t\u00e9 faite. La nouvelle \u00e9dition du timbre de la locomotive avec le tender n&rsquo;a pu \u00eatre r\u00e9alis\u00e9e\u2026 Quant \u00e0 l&rsquo;illumination du rond-point de M\u00e9riller pour No\u00ebl, ce fut loin d&rsquo;\u00eatre une r\u00e9ussite, estime l&rsquo;association : \u00ab On est loin des r\u00e9alisations des ann\u00e9es pr\u00e9c\u00e9dentes \u00bb, a d\u00e9plor\u00e9 le pr\u00e9sident. En revanche, les campagnes de collecte de ferraille et batteries ont bien march\u00e9.<\/p>\n<p style=\"text-align: justify;\">Le mod\u00e9lisme a connu une activit\u00e9 soutenue. Le r\u00e9seau fixe a b\u00e9n\u00e9fici\u00e9 d&rsquo;un travail important avec la construction du village cheminot avec ses jardins ouvriers. Il y a eu un atelier soudure anim\u00e9 par Patrice Tillard et un atelier patine anim\u00e9 par Christophe Detout.<\/p>\n<p style=\"text-align: justify;\">La r\u00e9union a \u00e9galement permis de lister les activit\u00e9s ext\u00e9rieures de l&rsquo;ann\u00e9e (bilan tr\u00e8s satisfaisant, malgr\u00e9 une petite baisse de fr\u00e9quentation aux clubs du soir r\u00e9serv\u00e9s aux scolaires). Le bilan financier affiche un b\u00e9n\u00e9fice de 442,72 \u20ac.<\/p>\n<p style=\"text-align: justify;\"><strong>\u00c9lection au bureau. Pierre Perrier, vice-pr\u00e9sident, ne se repr\u00e9sentant pas, Jean-Marie Quidet a fait son entr\u00e9e au conseil d&rsquo;administration.\u00a0<\/strong><\/p>\n<p style=\"text-align: justify;\">Claude Roumagous<\/p>\n<p style=\"text-align: justify;\">(1) M\u00e9riller a pour objets l&rsquo;entretien et l&#8217;embellissement du rond-point de M\u00e9riller sur la route de Bordeaux, o\u00f9 est expos\u00e9e une locomotive \u00e0 vapeur ; la r\u00e9cup\u00e9ration et le classement d&rsquo;archives sur l&rsquo;activit\u00e9 ferroviaire de la r\u00e9gion. Sa section mod\u00e9lisme s&rsquo;occupe de la construction d&rsquo;un r\u00e9seau fixe dans les locaux, de plusieurs r\u00e9seaux d\u00e9montables pr\u00e9sent\u00e9s aux expositions et de quelques dioramas.<\/p>\n<\/blockquote>\n<p style=\"text-align: justify;\">L&rsquo;ORIGINAL de l&rsquo;article est \u00e0 voir <a title=\"SUD OUEST, &quot;Les regrets de M\u00e9riller Vapeur 24&quot;\" href=\"http:\/\/www.sudouest.fr\/2015\/02\/09\/les-regrets-de-meriller-vapeur-24-1824655-1809.php\" target=\"_blank\">\u00a0&gt;&gt;&gt;&gt;&gt;&gt;&gt;\u00a0ICI<\/a>.<\/p>\n<div class=\"pvc_clear\"><\/div>\n<p id=\"pvc_stats_3567\" class=\"pvc_stats all  \" data-element-id=\"3567\" style=\"\"><i class=\"pvc-stats-icon medium\" aria-hidden=\"true\"><svg aria-hidden=\"true\" focusable=\"false\" data-prefix=\"far\" data-icon=\"chart-bar\" role=\"img\" xmlns=\"http:\/\/www.w3.org\/2000\/svg\" viewBox=\"0 0 512 512\" class=\"svg-inline--fa fa-chart-bar fa-w-16 fa-2x\"><path fill=\"currentColor\" d=\"M396.8 352h22.4c6.4 0 12.8-6.4 12.8-12.8V108.8c0-6.4-6.4-12.8-12.8-12.8h-22.4c-6.4 0-12.8 6.4-12.8 12.8v230.4c0 6.4 6.4 12.8 12.8 12.8zm-192 0h22.4c6.4 0 12.8-6.4 12.8-12.8V140.8c0-6.4-6.4-12.8-12.8-12.8h-22.4c-6.4 0-12.8 6.4-12.8 12.8v198.4c0 6.4 6.4 12.8 12.8 12.8zm96 0h22.4c6.4 0 12.8-6.4 12.8-12.8V204.8c0-6.4-6.4-12.8-12.8-12.8h-22.4c-6.4 0-12.8 6.4-12.8 12.8v134.4c0 6.4 6.4 12.8 12.8 12.8zM496 400H48V80c0-8.84-7.16-16-16-16H16C7.16 64 0 71.16 0 80v336c0 17.67 14.33 32 32 32h464c8.84 0 16-7.16 16-16v-16c0-8.84-7.16-16-16-16zm-387.2-48h22.4c6.4 0 12.8-6.4 12.8-12.8v-70.4c0-6.4-6.4-12.8-12.8-12.8h-22.4c-6.4 0-12.8 6.4-12.8 12.8v70.4c0 6.4 6.4 12.8 12.8 12.8z\" class=\"\"><\/path><\/svg><\/i> <img loading=\"lazy\" decoding=\"async\" width=\"16\" height=\"16\" alt=\"Loading\" src=\"https:\/\/meriller-vapeur.fr\/wp3\/wp-content\/plugins\/page-views-count\/ajax-loader-2x.gif\" border=0 \/><\/p>\n<div class=\"pvc_clear\"><\/div>\n","protected":false},"excerpt":{"rendered":"<p>I. Dans le journal du 30\/01\/2015, La DORDOGNE LIBRE publie le compte rendu de notre AG.\u00a0: II. Dans le journal du 03\/02\/2015, l&rsquo;ECHO DE LA DORDOGNE publie le compte rendu de notre AG.\u00a0: III. Dans le journal du\u00a009\/02\/2015, Sud-Ouest publie le compte rendu de notre AG.\u00a0: Les regrets de M\u00e9riller Vapeur 24 M\u00e9riller Vapeur 24\u2026 <span class=\"read-more\"><a href=\"https:\/\/meriller-vapeur.fr\/wp3\/?page_id=3567\">Read More &raquo;<\/a><\/span><\/p>\n<div class=\"pvc_clear\"><\/div>\n<p id=\"pvc_stats_3567\" class=\"pvc_stats all  \" data-element-id=\"3567\" style=\"\"><i class=\"pvc-stats-icon medium\" aria-hidden=\"true\"><svg aria-hidden=\"true\" focusable=\"false\" data-prefix=\"far\" data-icon=\"chart-bar\" role=\"img\" xmlns=\"http:\/\/www.w3.org\/2000\/svg\" viewBox=\"0 0 512 512\" class=\"svg-inline--fa fa-chart-bar fa-w-16 fa-2x\"><path fill=\"currentColor\" d=\"M396.8 352h22.4c6.4 0 12.8-6.4 12.8-12.8V108.8c0-6.4-6.4-12.8-12.8-12.8h-22.4c-6.4 0-12.8 6.4-12.8 12.8v230.4c0 6.4 6.4 12.8 12.8 12.8zm-192 0h22.4c6.4 0 12.8-6.4 12.8-12.8V140.8c0-6.4-6.4-12.8-12.8-12.8h-22.4c-6.4 0-12.8 6.4-12.8 12.8v198.4c0 6.4 6.4 12.8 12.8 12.8zm96 0h22.4c6.4 0 12.8-6.4 12.8-12.8V204.8c0-6.4-6.4-12.8-12.8-12.8h-22.4c-6.4 0-12.8 6.4-12.8 12.8v134.4c0 6.4 6.4 12.8 12.8 12.8zM496 400H48V80c0-8.84-7.16-16-16-16H16C7.16 64 0 71.16 0 80v336c0 17.67 14.33 32 32 32h464c8.84 0 16-7.16 16-16v-16c0-8.84-7.16-16-16-16zm-387.2-48h22.4c6.4 0 12.8-6.4 12.8-12.8v-70.4c0-6.4-6.4-12.8-12.8-12.8h-22.4c-6.4 0-12.8 6.4-12.8 12.8v70.4c0 6.4 6.4 12.8 12.8 12.8z\" class=\"\"><\/path><\/svg><\/i> <img loading=\"lazy\" decoding=\"async\" width=\"16\" height=\"16\" alt=\"Loading\" src=\"https:\/\/meriller-vapeur.fr\/wp3\/wp-content\/plugins\/page-views-count\/ajax-loader-2x.gif\" border=0 \/><\/p>\n<div class=\"pvc_clear\"><\/div>\n","protected":false},"author":1,"featured_media":0,"parent":0,"menu_order":0,"comment_status":"open","ping_status":"open","template":"","meta":{"footnotes":""},"class_list":["post-3567","page","type-page","status-publish","hentry"],"a3_pvc":{"activated":true,"total_views":199,"today_views":0},"_links":{"self":[{"href":"https:\/\/meriller-vapeur.fr\/wp3\/index.php?rest_route=\/wp\/v2\/pages\/3567","targetHints":{"allow":["GET"]}}],"collection":[{"href":"https:\/\/meriller-vapeur.fr\/wp3\/index.php?rest_route=\/wp\/v2\/pages"}],"about":[{"href":"https:\/\/meriller-vapeur.fr\/wp3\/index.php?rest_route=\/wp\/v2\/types\/page"}],"author":[{"embeddable":true,"href":"https:\/\/meriller-vapeur.fr\/wp3\/index.php?rest_route=\/wp\/v2\/users\/1"}],"replies":[{"embeddable":true,"href":"https:\/\/meriller-vapeur.fr\/wp3\/index.php?rest_route=%2Fwp%2Fv2%2Fcomments&post=3567"}],"version-history":[{"count":0,"href":"https:\/\/meriller-vapeur.fr\/wp3\/index.php?rest_route=\/wp\/v2\/pages\/3567\/revisions"}],"wp:attachment":[{"href":"https:\/\/meriller-vapeur.fr\/wp3\/index.php?rest_route=%2Fwp%2Fv2%2Fmedia&parent=3567"}],"curies":[{"name":"wp","href":"https:\/\/api.w.org\/{rel}","templated":true}]}}

La Presse de Dordogne, compte-rendus de notre AG. 2015 (Mise à jour)

<h2 class="title" style="text-align: justify;">I. Dans le journal du 30/01/2015, La DORDOGNE LIBRE publie le compte rendu de notre AG. :</h2>
<div id="attachment_3584" style="width: 274px" class="wp-caption alignleft"><a href="http://meriller-vapeur.fr/wp3/wp-content/uploads/2015/02/DL-30-janvier-2015-ag-MV.png" target="_blank"><img loading="lazy" decoding="async" aria-describedby="caption-attachment-3584" class="wp-image-3584 size-medium" src="http://meriller-vapeur.fr/wp3/wp-content/uploads/2015/02/DL-30-janvier-2015-ag-MV-264x300.png" alt="DL 30 janvier 2015 ag MV" width="264" height="300" srcset="https://meriller-vapeur.fr/wp3/wp-content/uploads/2015/02/DL-30-janvier-2015-ag-MV-264x300.png 264w, https://meriller-vapeur.fr/wp3/wp-content/uploads/2015/02/DL-30-janvier-2015-ag-MV-903x1024.png 903w, https://meriller-vapeur.fr/wp3/wp-content/uploads/2015/02/DL-30-janvier-2015-ag-MV.png 908w" sizes="auto, (max-width: 264px) 100vw, 264px" /></a><p id="caption-attachment-3584" class="wp-caption-text">Cliquer pour agrandir.</p></div>
<h2 class="title" style="text-align: justify;">II. Dans le journal du 03/02/2015, l&rsquo;ECHO DE LA DORDOGNE publie le compte rendu de notre AG. :</h2>
<p><a href="http://meriller-vapeur.fr/wp3/wp-content/uploads/2015/02/img031.jpg" target="_blank"><img loading="lazy" decoding="async" class="alignleft wp-image-3590 size-medium" src="http://meriller-vapeur.fr/wp3/wp-content/uploads/2015/02/img031-243x300.jpg" alt="img031" width="243" height="300" srcset="https://meriller-vapeur.fr/wp3/wp-content/uploads/2015/02/img031-243x300.jpg 243w, https://meriller-vapeur.fr/wp3/wp-content/uploads/2015/02/img031-831x1024.jpg 831w, https://meriller-vapeur.fr/wp3/wp-content/uploads/2015/02/img031.jpg 1921w" sizes="auto, (max-width: 243px) 100vw, 243px" /></a></p>
<h2 class="title" style="text-align: justify;">III. Dans le journal du 09/02/2015, Sud-Ouest publie le compte rendu de notre AG. :</h2>
<blockquote>
<h1 class="title" style="text-align: justify;">Les regrets de Mériller Vapeur 24</h1>
<div class="leading-image" style="text-align: justify;"><img decoding="async" src="http://images.sudouest.fr/images/2015/02/09/1824655_8443684_800x400.jpg?v=1" alt="Les regrets de Mériller Vapeur 24" /></div>
<p style="text-align: justify;">Mériller Vapeur 24 (1) a tenu son assemblée générale, samedi 24 janvier, en présence d&rsquo;environ 35 adhérents. Le président Marouby a présenté son rapport d&rsquo;activités. L&rsquo;association compte 61 adhérents à jour de leur cotisation, dont 19 cheminots ; 18 adhérents résident sur la commune ; 42 sont retraités et 19 actifs.</p>
<p style="text-align: justify;">Suite à l&rsquo;installation du tender fin novembre 2013 derrière la locomotive, la loco et le tender ont bénéficié d&rsquo;un nettoyage et d&rsquo;une nouvelle couche de peinture au cours du premier semestre 2014. La partie basse de la cabine et les roues n&rsquo;ont pas été repeintes à ce moment-là, car il n&rsquo;y avait plus de peinture !</p>
<p style="text-align: justify;">L&rsquo;équipe a fait part de plusieurs regrets. La signalétique n&rsquo;est toujours pas réalisée par la commune. La modification de l&rsquo;accès au parking de Mériller n&rsquo;a pas non plus été faite. La nouvelle édition du timbre de la locomotive avec le tender n&rsquo;a pu être réalisée… Quant à l&rsquo;illumination du rond-point de Mériller pour Noël, ce fut loin d&rsquo;être une réussite, estime l&rsquo;association : « On est loin des réalisations des années précédentes », a déploré le président. En revanche, les campagnes de collecte de ferraille et batteries ont bien marché.</p>
<p style="text-align: justify;">Le modélisme a connu une activité soutenue. Le réseau fixe a bénéficié d&rsquo;un travail important avec la construction du village cheminot avec ses jardins ouvriers. Il y a eu un atelier soudure animé par Patrice Tillard et un atelier patine animé par Christophe Detout.</p>
<p style="text-align: justify;">La réunion a également permis de lister les activités extérieures de l&rsquo;année (bilan très satisfaisant, malgré une petite baisse de fréquentation aux clubs du soir réservés aux scolaires). Le bilan financier affiche un bénéfice de 442,72 €.</p>
<p style="text-align: justify;"><strong>Élection au bureau. Pierre Perrier, vice-président, ne se représentant pas, Jean-Marie Quidet a fait son entrée au conseil d&rsquo;administration. </strong></p>
<p style="text-align: justify;">Claude Roumagous</p>
<p style="text-align: justify;">(1) Mériller a pour objets l&rsquo;entretien et l&#8217;embellissement du rond-point de Mériller sur la route de Bordeaux, où est exposée une locomotive à vapeur ; la récupération et le classement d&rsquo;archives sur l&rsquo;activité ferroviaire de la région. Sa section modélisme s&rsquo;occupe de la construction d&rsquo;un réseau fixe dans les locaux, de plusieurs réseaux démontables présentés aux expositions et de quelques dioramas.</p>
</blockquote>
<p style="text-align: justify;">L&rsquo;ORIGINAL de l&rsquo;article est à voir <a title="SUD OUEST, &quot;Les regrets de Mériller Vapeur 24&quot;" href="http://www.sudouest.fr/2015/02/09/les-regrets-de-meriller-vapeur-24-1824655-1809.php" target="_blank"> &gt;&gt;&gt;&gt;&gt;&gt;&gt; ICI</a>.</p>
<div class="pvc_clear"></div>
<p id="pvc_stats_3567" class="pvc_stats all  " data-element-id="3567" style=""><i class="pvc-stats-icon medium" aria-hidden="true"><svg aria-hidden="true" focusable="false" data-prefix="far" data-icon="chart-bar" role="img" xmlns="http://www.w3.org/2000/svg" viewBox="0 0 512 512" class="svg-inline--fa fa-chart-bar fa-w-16 fa-2x"><path fill="currentColor" d="M396.8 352h22.4c6.4 0 12.8-6.4 12.8-12.8V108.8c0-6.4-6.4-12.8-12.8-12.8h-22.4c-6.4 0-12.8 6.4-12.8 12.8v230.4c0 6.4 6.4 12.8 12.8 12.8zm-192 0h22.4c6.4 0 12.8-6.4 12.8-12.8V140.8c0-6.4-6.4-12.8-12.8-12.8h-22.4c-6.4 0-12.8 6.4-12.8 12.8v198.4c0 6.4 6.4 12.8 12.8 12.8zm96 0h22.4c6.4 0 12.8-6.4 12.8-12.8V204.8c0-6.4-6.4-12.8-12.8-12.8h-22.4c-6.4 0-12.8 6.4-12.8 12.8v134.4c0 6.4 6.4 12.8 12.8 12.8zM496 400H48V80c0-8.84-7.16-16-16-16H16C7.16 64 0 71.16 0 80v336c0 17.67 14.33 32 32 32h464c8.84 0 16-7.16 16-16v-16c0-8.84-7.16-16-16-16zm-387.2-48h22.4c6.4 0 12.8-6.4 12.8-12.8v-70.4c0-6.4-6.4-12.8-12.8-12.8h-22.4c-6.4 0-12.8 6.4-12.8 12.8v70.4c0 6.4 6.4 12.8 12.8 12.8z" class=""></path></svg></i> <img loading="lazy" decoding="async" width="16" height="16" alt="Loading" src="https://meriller-vapeur.fr/wp3/wp-content/plugins/page-views-count/ajax-loader-2x.gif" border=0 /></p>
<div class="pvc_clear"></div>

<p>I. Dans le journal du 30/01/2015, La DORDOGNE LIBRE publie le compte rendu de notre AG. : II. Dans le journal du 03/02/2015, l&rsquo;ECHO DE LA DORDOGNE publie le compte rendu de notre AG. : III. Dans le journal du 09/02/2015, Sud-Ouest publie le compte rendu de notre AG. : Les regrets de Mériller Vapeur 24 Mériller Vapeur 24… <span class="read-more"><a href="https://meriller-vapeur.fr/wp3/?page_id=3567">Read More &raquo;</a></span></p>
<div class="pvc_clear"></div>
<p id="pvc_stats_3567" class="pvc_stats all  " data-element-id="3567" style=""><i class="pvc-stats-icon medium" aria-hidden="true"><svg aria-hidden="true" focusable="false" data-prefix="far" data-icon="chart-bar" role="img" xmlns="http://www.w3.org/2000/svg" viewBox="0 0 512 512" class="svg-inline--fa fa-chart-bar fa-w-16 fa-2x"><path fill="currentColor" d="M396.8 352h22.4c6.4 0 12.8-6.4 12.8-12.8V108.8c0-6.4-6.4-12.8-12.8-12.8h-22.4c-6.4 0-12.8 6.4-12.8 12.8v230.4c0 6.4 6.4 12.8 12.8 12.8zm-192 0h22.4c6.4 0 12.8-6.4 12.8-12.8V140.8c0-6.4-6.4-12.8-12.8-12.8h-22.4c-6.4 0-12.8 6.4-12.8 12.8v198.4c0 6.4 6.4 12.8 12.8 12.8zm96 0h22.4c6.4 0 12.8-6.4 12.8-12.8V204.8c0-6.4-6.4-12.8-12.8-12.8h-22.4c-6.4 0-12.8 6.4-12.8 12.8v134.4c0 6.4 6.4 12.8 12.8 12.8zM496 400H48V80c0-8.84-7.16-16-16-16H16C7.16 64 0 71.16 0 80v336c0 17.67 14.33 32 32 32h464c8.84 0 16-7.16 16-16v-16c0-8.84-7.16-16-16-16zm-387.2-48h22.4c6.4 0 12.8-6.4 12.8-12.8v-70.4c0-6.4-6.4-12.8-12.8-12.8h-22.4c-6.4 0-12.8 6.4-12.8 12.8v70.4c0 6.4 6.4 12.8 12.8 12.8z" class=""></path></svg></i> <img loading="lazy" decoding="async" width="16" height="16" alt="Loading" src="https://meriller-vapeur.fr/wp3/wp-content/plugins/page-views-count/ajax-loader-2x.gif" border=0 /></p>
<div class="pvc_clear"></div>
