{"id":179,"date":"2013-06-26T10:20:20","date_gmt":"2013-06-26T08:20:20","guid":{"rendered":"http:\/\/meriller-vapeur.fr\/wp3\/?page_id=179"},"modified":"2020-10-25T12:00:04","modified_gmt":"2020-10-25T11:00:04","slug":"tender","status":"publish","type":"page","link":"https:\/\/meriller-vapeur.fr\/wp3\/?page_id=179","title":{"rendered":"TENDER reconstruction."},"content":{"rendered":"<p><strong>NOTRE GRAND CHANTIER 2012-2013\u00a0:<\/strong> La construction du TENDER destin\u00e9 \u00e0 compl\u00e9ter la machine PO du Rond-Point Meriller\u00a0a d\u00e9but\u00e9 en avril 2012.<\/p>\n<h2>Voici le d\u00e9roulement des op\u00e9rations qui ont eu lieu dans cette p\u00e9riode de plus de deux\u00a0:<\/h2>\n<p>&#8211; 2011\u00a0: <strong>En septembre 2011, une <a title=\"SOUSCRIPTION pour la construction d\u2019un TENDER.\" href=\"https:\/\/meriller-vapeur.fr\/wp3\/?page_id=207\">Souscription a \u00e9t\u00e9 lanc\u00e9e<\/a><\/strong> pour soutenir l\u2019ACHAT d\u2019une CUVE et d&rsquo;un CHASSIS qui vont nous permettre de reconstruire le tender. Elle regroupe les dons des b\u00e9n\u00e9voles et des sympathisants, particuliers, commer\u00e7ants, artisans et entreprises.<\/p>\n<p>Nous les remercions pour leur participation \u00e0 la r\u00e9fection et au futur montage du Tender pour le Rond-Point.<\/p>\n<p align=\"center\">NB. Il n&rsquo;est pas trop tard pour rejoindre le groupe des g\u00e9n\u00e9reux donateurs!&#8230;<\/p>\n<p>&#8211; 30 mars 2012\u00a0: <a href=\"https:\/\/www.meriller-vapeur.fr\/activites\/tender\/cuve\/transport_cuve\/transport_cuve.html\" target=\"_blank\" rel=\"noopener noreferrer\">Acheminement de la CUVE<\/a> du tender <strong>vers le local du Club<\/strong>, o\u00f9 elle sera remise en \u00e9tat et assembl\u00e9e avec le chassis.<\/p>\n<p>&#8211; 17 avril 2012\u00a0: Arriv\u00e9e du wagon destin\u00e9 \u00e0 recevoir la cuve du tender. En attendant le reportage complet, voici une <a href=\"http:\/\/www.meriller-vapeur.fr\/activites\/tender\/plateau\/annonce\/wagon_arrive.html\" target=\"_blank\" rel=\"noopener noreferrer\">photo de l&rsquo;objet<\/a>!<\/p>\n<p>&#8211; 20 avril 2012\u00a0: voici enfin <a href=\"http:\/\/www.meriller-vapeur.fr\/activites\/tender\/plateau\/arrivee\/arrivee_wagon.html\" target=\"_blank\" rel=\"noopener noreferrer\">les PHOTOS du d\u00e9chargement de ce fameux Wagon<\/a>\u00a0: r\u00e9galez vous!!!<\/p>\n<p>&#8211; 20 avril 2012\u00a0: La <a href=\"http:\/\/www.meriller-vapeur.fr\/activites\/tender\/plateau\/decoupe\/decoupe_wagon.html\" target=\"_blank\" rel=\"noopener noreferrer\">D\u00c9COUPE du wagon<\/a> a commenc\u00e9&#8230;<\/p>\n<p>&#8211; Avril 2012\u00a0: comment fait-on<a href=\"http:\/\/www.meriller-vapeur.fr\/activites\/tender\/cuve\/decoupe_cuve\/rivets.html\" target=\"_blank\" rel=\"noopener noreferrer\"> sauter les rivets de la Cuve<\/a> du tender?&#8230;<\/p>\n<p>&#8211; 24 &amp; 25 mai 2012\u00a0: les<a href=\"http:\/\/www.meriller-vapeur.fr\/activites\/tender\/suite01-mai2012\/suite01-mai2012.html\" target=\"_blank\" rel=\"noopener noreferrer\"> travaux se poursuivent activement<\/a> au Local du Club.<\/p>\n<p>&#8211; 6 au 9 juin 2012\u00a0: <a href=\"http:\/\/www.meriller-vapeur.fr\/activites\/tender\/suite02-juin2012\/suite02-juin2012.html\" target=\"_blank\" rel=\"noopener noreferrer\">Suite de la construction du Tender<\/a>, les \u00ab\u00a0sp\u00e9cialistes\u00a0\u00bb sont \u00e0 l&rsquo;\u0153uvre!<\/p>\n<p>&#8211; 23 juin 2012\u00a0: les sp\u00e9cialistes de haut niveau ont <a href=\"http:\/\/www.meriller-vapeur.fr\/activites\/tender\/suite03-juin2012\/suite03-juin2012.html\" target=\"_blank\" rel=\"noopener noreferrer\">d\u00e9velopp\u00e9 un SYSTEME PORTE \u00ab\u00a0DISQUEUSE\u00a0\u00bb<\/a>, digne du concours L\u00e9pine \u00e9tudi\u00e9 et r\u00e9alis\u00e9 par Serge Reix.<\/p>\n<p>&#8211; 23 juillet 2012\u00a0: Travaux sur le tender,<a href=\"http:\/\/www.meriller-vapeur.fr\/activites\/tender\/suite04-juillet2012\/tender_23juillet2012.html\" target=\"_blank\" rel=\"noopener noreferrer\"> pose du trottoir droit<\/a>.<\/p>\n<p>&#8211; 27 juillet 2012\u00a0: <a href=\"http:\/\/www.meriller-vapeur.fr\/activites\/tender\/suite05-juillet2012\/ferraille2012.html\" target=\"_blank\" rel=\"noopener noreferrer\">3\u00e8me op\u00e9ration \u00a0\u00bb ferrailles \u00ab\u00a0<\/a> au profit du financement de la restauration du Tender.<\/p>\n<p>&#8211; 1er ao\u00fbt 2012\u00a0: <a href=\"http:\/\/www.meriller-vapeur.fr\/activites\/tender\/suite06-aout2012\/tender_1aout2012.html\" target=\"_blank\" rel=\"noopener noreferrer\">abaissement de l&rsquo;ouverture charbon du tender<\/a> pour qu&rsquo;elle soit \u00e0 hauteur du plancher de la loco.<\/p>\n<p>&#8211; 23 ao\u00fbt 2012\u00a0: Le tender, <a href=\"http:\/\/www.meriller-vapeur.fr\/activites\/tender\/suite07-aout2012\/tender_23aout2012.html\" target=\"_blank\" rel=\"noopener noreferrer\">\u00e7a progresse toujours<\/a>&#8230;<\/p>\n<p>&#8211; lundi 03 septembre 2012\u00a0:<a href=\"http:\/\/www.meriller-vapeur.fr\/activites\/tender\/suite08-sept2012\/tender_3sept2012.html\" target=\"_blank\" rel=\"noopener noreferrer\"> travaux de peinture sur ch\u00e2ssis<\/a>, etc&#8230;<\/p>\n<p>&#8211; vendredi 14 septembre 2012\u00a0:<a href=\"http:\/\/www.meriller-vapeur.fr\/activites\/tender\/suite09-sept2012\/tender_14sept2012.html\" target=\"_blank\" rel=\"noopener noreferrer\"> pose de la rehausse arri\u00e8re et de la 1\u00e8re t\u00f4le de la soute \u00e0 eau<\/a>.<\/p>\n<p>&#8211; lundi 1er octobre 2012\u00a0:<a href=\"http:\/\/www.meriller-vapeur.fr\/activites\/tender\/suite10-oct2012\/tender_01oct2012.html\" target=\"_blank\" rel=\"noopener noreferrer\"> d\u00e9coupe des 2 longerons arri\u00e8res pour \u00a0placer le coffre du tender.<\/a><\/p>\n<p>&#8211; dimanche 7 octobre 2012\u00a0: <a href=\"http:\/\/www.meriller-vapeur.fr\/activites\/tender\/suite11-oct2012\/tender_09oct2012.html\" target=\"_blank\" rel=\"noopener noreferrer\">MERILLER VAPEUR 24 AU MARCHE DU BOURG de Coulounieix- Chamiers<\/a><\/p>\n<p>&#8211; jeudi 26 octobre 2012\u00a0: <a href=\"http:\/\/www.meriller-vapeur.fr\/activites\/tender\/suite12-oct2012\/tender26oct2012.html\" target=\"_blank\" rel=\"noopener noreferrer\">MERILLER VAPEUR 24 OBLIG\u00c9 de STOPPER les travaux du TENDER&#8230;<\/a><\/p>\n<p>&#8211; mardi 20 novembre 2012\u00a0: <a href=\"http:\/\/www.meriller-vapeur.fr\/activites\/tender\/suite14-nov2012\/tender20nov2012.html\" target=\"_blank\" rel=\"noopener noreferrer\">nous avons r\u00e9alis\u00e9 la 4\u00e8 OPERATION FERRAILLE.<\/a><\/p>\n<p>&#8211; lundi 25 mars 2013\u00a0:<a href=\"http:\/\/www.meriller-vapeur.fr\/activites\/tender\/suite15-mar2013\/tender25mar2013.html\" target=\"_blank\" rel=\"noopener noreferrer\"> Au printemps, les travaux du tender reprennent!<\/a><\/p>\n<p><a id=\"3_4_2013\" name=\"3_4_2013\"><\/a>&#8211; mercredi 3 avril 2013\u00a0: <a href=\"http:\/\/www.meriller-vapeur.fr\/activites\/tender\/suite16-avr2013\/tender3avr2013.html\" target=\"_blank\" rel=\"noopener noreferrer\">Travaux de construction des bouches de prise d&rsquo;eau pour les soutes du tender.<\/a><\/p>\n<p>&#8211; 25 &amp; 26 avril 2013\u00a0: <a href=\"http:\/\/www.meriller-vapeur.fr\/activites\/tender\/suite17-avr2013\/tender26avr2013.html\" target=\"_blank\" rel=\"noopener noreferrer\">On r\u00e9cup\u00e8re des ferrailles , la Loco-Meccano du COPO!<\/a><\/p>\n<p>&#8211; fin avril 2013\u00a0: <a href=\"http:\/\/www.meriller-vapeur.fr\/activites\/tender\/suite18-mai2013\/tender2mai2013.html\" target=\"_blank\" rel=\"noopener noreferrer\">Le coffre arri\u00e8re est en voie de finition et les deux bouches d&rsquo;eau pratiquement finies<\/a>.<\/p>\n<p>&#8211; lundi 13 mai 2013\u00a0: <a href=\"http:\/\/www.meriller-vapeur.fr\/activites\/tender\/suite19-mai2013\/tender13mai2013.html\" target=\"_blank\" rel=\"noopener noreferrer\">On proc\u00e8de \u00e0 la pose d&rsquo;une rang\u00e9e de rivets, etc&#8230;<\/a><\/p>\n<p>&#8211; mardi 18 juin 2013\u00a0\u00a0:\u00a0<a title=\"Tender, suite juin 2013.\" href=\"http:\/\/meriller-vapeur.fr\/wp3\/tender\/tender-20\/\">Les coffres avant sont en place, les travaux de t\u00f4lerie sont finis.<\/a><\/p>\n<p>&#8211; jeudi 18 juillet 2013\u00a0:\u00a0<a href=\"http:\/\/www.meriller-vapeur.fr\/activites\/tender\/suite20-juil2013\/tender11juil2013.html\" target=\"_blank\" rel=\"noopener noreferrer\">Pose de la jupe du ch\u00e2ssis du tender par une \u00e9quipe de choc!<\/a><\/p>\n<p>&#8211; les 17 &amp; 19 ao\u00fbt\u00a02013 : <a title=\"Tender, suite ao\u00fbt 2013.\" href=\"http:\/\/meriller-vapeur.fr\/wp3\/?page_id=612\">Derni\u00e8re intervention des peintres sur le ch\u00e2ssis et la caisse du tender le samedi 17 ao\u00fbt 2013\u00a0<\/a><\/p>\n<p>&#8211; le 19\u00a0ao\u00fbt 2013\u00a0: <a title=\"Le Tender\u00a0: pose de la cuve sur le chassis.\" href=\"http:\/\/meriller-vapeur.fr\/wp3\/?page_id=677\">MISE en PLACE de la CUVE sur le CHASSIS, des photos, un FILM!<\/a><\/p>\n<p>&#8211; le\u00a002 septembre 2013\u00a0: <a title=\"Pose du premier marchepied\" href=\"http:\/\/meriller-vapeur.fr\/wp3\/?page_id=844\">Pose du premier marchepied<\/a>.<\/p>\n<p>&#8211; le 18 octobre 2013\u00a0: <a title=\"Etat des derniers travaux en cours\" href=\"http:\/\/meriller-vapeur.fr\/wp3\/?page_id=929\">Etat des derniers travaux en cours<\/a>.<\/p>\n<p>&#8211; le 23 novembre 2013\u00a0:\u00a0<a title=\"D\u00e9part du Tender\u00a0: chargement.\" href=\"https:\/\/meriller-vapeur.fr\/wp3\/?p=1004\" rel=\"bookmark\">D\u00e9part du Tender\u00a0: chargement.<\/a><\/p>\n<p>&#8211; le 27 novembre 2013\u00a0:\u00a0<a title=\"D\u00e9part du Tender : derni\u00e8res finition.\" href=\"https:\/\/meriller-vapeur.fr\/wp3\/?p=1057\" rel=\"bookmark\">D\u00e9part du Tender : derni\u00e8res finition.<\/a><\/p>\n<p>&#8211; le 27 novembre 2013\u00a0:\u00a0<a title=\"Pose du Tender sur les rails derri\u00e8re la Loco\u00a0: les films.\" href=\"https:\/\/meriller-vapeur.fr\/wp3\/?p=1084\" rel=\"bookmark\">Pose du Tender sur les rails, derri\u00e8re la Loco.<\/a><\/p>\n<p>&#8211; <strong>le 30 novembre 2013\u00a0: FIN DE L&rsquo;AVENTURE!<a href=\"https:\/\/meriller-vapeur.fr\/wp3\/?page_id=1299\"> R\u00e9capitulatif FINAL des op\u00e9rations \u00ab\u00a0TENDER\u00a0\u00bb.<\/a><\/strong><\/p>\n<p>_______________________<\/p>\n<p>&nbsp;<\/p>\n<div class=\"pvc_clear\"><\/div>\n<p id=\"pvc_stats_179\" class=\"pvc_stats all  \" data-element-id=\"179\" style=\"\"><i class=\"pvc-stats-icon medium\" aria-hidden=\"true\"><svg aria-hidden=\"true\" focusable=\"false\" data-prefix=\"far\" data-icon=\"chart-bar\" role=\"img\" xmlns=\"http:\/\/www.w3.org\/2000\/svg\" viewBox=\"0 0 512 512\" class=\"svg-inline--fa fa-chart-bar fa-w-16 fa-2x\"><path fill=\"currentColor\" d=\"M396.8 352h22.4c6.4 0 12.8-6.4 12.8-12.8V108.8c0-6.4-6.4-12.8-12.8-12.8h-22.4c-6.4 0-12.8 6.4-12.8 12.8v230.4c0 6.4 6.4 12.8 12.8 12.8zm-192 0h22.4c6.4 0 12.8-6.4 12.8-12.8V140.8c0-6.4-6.4-12.8-12.8-12.8h-22.4c-6.4 0-12.8 6.4-12.8 12.8v198.4c0 6.4 6.4 12.8 12.8 12.8zm96 0h22.4c6.4 0 12.8-6.4 12.8-12.8V204.8c0-6.4-6.4-12.8-12.8-12.8h-22.4c-6.4 0-12.8 6.4-12.8 12.8v134.4c0 6.4 6.4 12.8 12.8 12.8zM496 400H48V80c0-8.84-7.16-16-16-16H16C7.16 64 0 71.16 0 80v336c0 17.67 14.33 32 32 32h464c8.84 0 16-7.16 16-16v-16c0-8.84-7.16-16-16-16zm-387.2-48h22.4c6.4 0 12.8-6.4 12.8-12.8v-70.4c0-6.4-6.4-12.8-12.8-12.8h-22.4c-6.4 0-12.8 6.4-12.8 12.8v70.4c0 6.4 6.4 12.8 12.8 12.8z\" class=\"\"><\/path><\/svg><\/i> <img loading=\"lazy\" decoding=\"async\" width=\"16\" height=\"16\" alt=\"Loading\" src=\"https:\/\/meriller-vapeur.fr\/wp3\/wp-content\/plugins\/page-views-count\/ajax-loader-2x.gif\" border=0 \/><\/p>\n<div class=\"pvc_clear\"><\/div>\n","protected":false},"excerpt":{"rendered":"<p>NOTRE GRAND CHANTIER 2012-2013\u00a0: La construction du TENDER destin\u00e9 \u00e0 compl\u00e9ter la machine PO du Rond-Point Meriller\u00a0a d\u00e9but\u00e9 en avril 2012. Voici le d\u00e9roulement des op\u00e9rations qui ont eu lieu dans cette p\u00e9riode de plus de deux\u00a0: &#8211; 2011\u00a0: En septembre 2011, une Souscription a \u00e9t\u00e9 lanc\u00e9e pour soutenir l\u2019ACHAT d\u2019une CUVE et d&rsquo;un CHASSIS\u2026 <span class=\"read-more\"><a href=\"https:\/\/meriller-vapeur.fr\/wp3\/?page_id=179\">Read More &raquo;<\/a><\/span><\/p>\n<div class=\"pvc_clear\"><\/div>\n<p id=\"pvc_stats_179\" class=\"pvc_stats all  \" data-element-id=\"179\" style=\"\"><i class=\"pvc-stats-icon medium\" aria-hidden=\"true\"><svg aria-hidden=\"true\" focusable=\"false\" data-prefix=\"far\" data-icon=\"chart-bar\" role=\"img\" xmlns=\"http:\/\/www.w3.org\/2000\/svg\" viewBox=\"0 0 512 512\" class=\"svg-inline--fa fa-chart-bar fa-w-16 fa-2x\"><path fill=\"currentColor\" d=\"M396.8 352h22.4c6.4 0 12.8-6.4 12.8-12.8V108.8c0-6.4-6.4-12.8-12.8-12.8h-22.4c-6.4 0-12.8 6.4-12.8 12.8v230.4c0 6.4 6.4 12.8 12.8 12.8zm-192 0h22.4c6.4 0 12.8-6.4 12.8-12.8V140.8c0-6.4-6.4-12.8-12.8-12.8h-22.4c-6.4 0-12.8 6.4-12.8 12.8v198.4c0 6.4 6.4 12.8 12.8 12.8zm96 0h22.4c6.4 0 12.8-6.4 12.8-12.8V204.8c0-6.4-6.4-12.8-12.8-12.8h-22.4c-6.4 0-12.8 6.4-12.8 12.8v134.4c0 6.4 6.4 12.8 12.8 12.8zM496 400H48V80c0-8.84-7.16-16-16-16H16C7.16 64 0 71.16 0 80v336c0 17.67 14.33 32 32 32h464c8.84 0 16-7.16 16-16v-16c0-8.84-7.16-16-16-16zm-387.2-48h22.4c6.4 0 12.8-6.4 12.8-12.8v-70.4c0-6.4-6.4-12.8-12.8-12.8h-22.4c-6.4 0-12.8 6.4-12.8 12.8v70.4c0 6.4 6.4 12.8 12.8 12.8z\" class=\"\"><\/path><\/svg><\/i> <img loading=\"lazy\" decoding=\"async\" width=\"16\" height=\"16\" alt=\"Loading\" src=\"https:\/\/meriller-vapeur.fr\/wp3\/wp-content\/plugins\/page-views-count\/ajax-loader-2x.gif\" border=0 \/><\/p>\n<div class=\"pvc_clear\"><\/div>\n","protected":false},"author":1,"featured_media":0,"parent":0,"menu_order":0,"comment_status":"open","ping_status":"open","template":"","meta":{"footnotes":""},"class_list":["post-179","page","type-page","status-publish","hentry"],"a3_pvc":{"activated":true,"total_views":1075,"today_views":0},"_links":{"self":[{"href":"https:\/\/meriller-vapeur.fr\/wp3\/index.php?rest_route=\/wp\/v2\/pages\/179","targetHints":{"allow":["GET"]}}],"collection":[{"href":"https:\/\/meriller-vapeur.fr\/wp3\/index.php?rest_route=\/wp\/v2\/pages"}],"about":[{"href":"https:\/\/meriller-vapeur.fr\/wp3\/index.php?rest_route=\/wp\/v2\/types\/page"}],"author":[{"embeddable":true,"href":"https:\/\/meriller-vapeur.fr\/wp3\/index.php?rest_route=\/wp\/v2\/users\/1"}],"replies":[{"embeddable":true,"href":"https:\/\/meriller-vapeur.fr\/wp3\/index.php?rest_route=%2Fwp%2Fv2%2Fcomments&post=179"}],"version-history":[{"count":0,"href":"https:\/\/meriller-vapeur.fr\/wp3\/index.php?rest_route=\/wp\/v2\/pages\/179\/revisions"}],"wp:attachment":[{"href":"https:\/\/meriller-vapeur.fr\/wp3\/index.php?rest_route=%2Fwp%2Fv2%2Fmedia&parent=179"}],"curies":[{"name":"wp","href":"https:\/\/api.w.org\/{rel}","templated":true}]}}