{"id":144,"date":"2014-07-29T16:56:47","date_gmt":"2014-07-29T14:56:47","guid":{"rendered":"http:\/\/meriller-vapeur.fr\/wp3\/?page_id=144"},"modified":"2021-07-28T12:16:55","modified_gmt":"2021-07-28T10:16:55","slug":"membres","status":"publish","type":"page","link":"https:\/\/meriller-vapeur.fr\/wp3\/?page_id=144","title":{"rendered":"Membres"},"content":{"rendered":"<p style=\"text-align: left;\" align=\"center\"><strong>Voici un \u00ab\u00a0trombinoscope\u00a0\u00bb des MEMBRES de MERILLER-VAPEUR 24\u00a0<span style=\"color: #000000;\">en action dans leur hobby favori!<\/span><\/strong><\/p>\n<p><strong>Saurez vous les reconna\u00eetre?<\/strong><br \/>\n<strong> Envoyez nous vos photos, elles pourront figurer parmi celles-ci!<\/strong><\/p>\n<div id=\"attachment_4376\" style=\"width: 698px\" class=\"wp-caption alignleft\"><a href=\"http:\/\/meriller-vapeur.fr\/wp3\/wp-content\/uploads\/2014\/07\/20150828-JPT-cepes.jpg\" target=\"_blank\" rel=\"noopener noreferrer\"><img loading=\"lazy\" decoding=\"async\" aria-describedby=\"caption-attachment-4376\" class=\"wp-image-4376 size-large\" src=\"http:\/\/meriller-vapeur.fr\/wp3\/wp-content\/uploads\/2014\/07\/20150828-JPT-cepes-1024x768.jpg\" alt=\"VLUU L310W L313 M310W \/ Samsung L310W L313 M310W\" width=\"688\" height=\"516\" srcset=\"https:\/\/meriller-vapeur.fr\/wp3\/wp-content\/uploads\/2014\/07\/20150828-JPT-cepes-1024x768.jpg 1024w, https:\/\/meriller-vapeur.fr\/wp3\/wp-content\/uploads\/2014\/07\/20150828-JPT-cepes-300x225.jpg 300w\" sizes=\"auto, (max-width: 688px) 100vw, 688px\" \/><\/a><p id=\"caption-attachment-4376\" class=\"wp-caption-text\">Quel est le plus beau des trois?\u2026 Bon&#8230; aucun train en vue pendant la cueillette &#8230;<\/p><\/div>\n<div id=\"attachment_2770\" style=\"width: 698px\" class=\"wp-caption alignleft\"><a href=\"http:\/\/meriller-vapeur.fr\/wp3\/wp-content\/uploads\/2014\/07\/IMG_1967a.jpg\" target=\"_blank\" rel=\"noopener noreferrer\"><img loading=\"lazy\" decoding=\"async\" aria-describedby=\"caption-attachment-2770\" class=\"wp-image-2770 size-large\" src=\"http:\/\/meriller-vapeur.fr\/wp3\/wp-content\/uploads\/2014\/07\/IMG_1967a-1024x787.jpg\" alt=\"IMG_1967a\" width=\"688\" height=\"528\" srcset=\"https:\/\/meriller-vapeur.fr\/wp3\/wp-content\/uploads\/2014\/07\/IMG_1967a-1024x787.jpg 1024w, https:\/\/meriller-vapeur.fr\/wp3\/wp-content\/uploads\/2014\/07\/IMG_1967a-300x230.jpg 300w\" sizes=\"auto, (max-width: 688px) 100vw, 688px\" \/><\/a><p id=\"caption-attachment-2770\" class=\"wp-caption-text\">\u00ab\u00a0Toujours au travail \u00a0\u00bb pour son Club avec calme et comp\u00e9tence. vous le reconnaissez ? un Pr\u00e9sident \u00e0 l&rsquo;\u00e9coute puis qui analyse&#8230;<\/p><\/div>\n<div id=\"attachment_2776\" style=\"width: 698px\" class=\"wp-caption alignleft\"><a href=\"http:\/\/meriller-vapeur.fr\/wp3\/wp-content\/uploads\/2014\/07\/img_8426.jpg\" target=\"_blank\" rel=\"noopener noreferrer\"><img loading=\"lazy\" decoding=\"async\" aria-describedby=\"caption-attachment-2776\" class=\"wp-image-2776 size-large\" src=\"http:\/\/meriller-vapeur.fr\/wp3\/wp-content\/uploads\/2014\/07\/img_8426-1024x682.jpg\" alt=\"img_8426\" width=\"688\" height=\"458\" srcset=\"https:\/\/meriller-vapeur.fr\/wp3\/wp-content\/uploads\/2014\/07\/img_8426-1024x682.jpg 1024w, https:\/\/meriller-vapeur.fr\/wp3\/wp-content\/uploads\/2014\/07\/img_8426-300x200.jpg 300w\" sizes=\"auto, (max-width: 688px) 100vw, 688px\" \/><\/a><p id=\"caption-attachment-2776\" class=\"wp-caption-text\">Les Arp\u00e8tes\u00a0* :\u00a0 un premier \u00a0\u00bb Arp\u00e8te\u00a0\u00bb Robert, un deuxi\u00e8me \u00ab\u00a0Arp\u00e8te\u00a0\u00bb Simon, en admiration devant le chef d\u2019\u0153uvre du troisi\u00e8me \u00ab\u00a0Arp\u00e8te\u00a0\u00bb, Serge!\u00a0A nous, les jeunes, d&rsquo;en prendre de la &lsquo;graine&rsquo;!!! (* Arp\u00e8te\u00a0: jeune apprenti&#8230;)<\/p><\/div>\n<p>&nbsp;<\/p>\n<div id=\"attachment_2777\" style=\"width: 698px\" class=\"wp-caption alignleft\"><a href=\"http:\/\/meriller-vapeur.fr\/wp3\/wp-content\/uploads\/2014\/07\/img_9846.jpg\" target=\"_blank\" rel=\"noopener noreferrer\"><img loading=\"lazy\" decoding=\"async\" aria-describedby=\"caption-attachment-2777\" class=\"wp-image-2777 size-large\" src=\"http:\/\/meriller-vapeur.fr\/wp3\/wp-content\/uploads\/2014\/07\/img_9846-1024x675.jpg\" alt=\"img_9846\" width=\"688\" height=\"453\" srcset=\"https:\/\/meriller-vapeur.fr\/wp3\/wp-content\/uploads\/2014\/07\/img_9846-1024x675.jpg 1024w, https:\/\/meriller-vapeur.fr\/wp3\/wp-content\/uploads\/2014\/07\/img_9846-300x197.jpg 300w\" sizes=\"auto, (max-width: 688px) 100vw, 688px\" \/><\/a><p id=\"caption-attachment-2777\" class=\"wp-caption-text\">Un \u00ab\u00a0type\u00a0\u00bb en plein boulot sur le digital pour AGONAC ! Vous le reconnaitrez s\u00fbrement malgr\u00e9 ses lunettes&#8230;(f\u00e9vrier 2012)<\/p><\/div>\n<div id=\"attachment_448\" style=\"width: 490px\" class=\"wp-caption alignleft\"><img loading=\"lazy\" decoding=\"async\" aria-describedby=\"caption-attachment-448\" class=\"wp-image-448 size-full\" src=\"http:\/\/meriller-vapeur.fr\/wp3\/wp-content\/uploads\/2013\/06\/IMG_20130624_174132_0.jpg\" alt=\"IMG_20130624_174132_0\" width=\"480\" height=\"640\" srcset=\"https:\/\/meriller-vapeur.fr\/wp3\/wp-content\/uploads\/2013\/06\/IMG_20130624_174132_0.jpg 480w, https:\/\/meriller-vapeur.fr\/wp3\/wp-content\/uploads\/2013\/06\/IMG_20130624_174132_0-225x300.jpg 225w\" sizes=\"auto, (max-width: 480px) 100vw, 480px\" \/><p id=\"caption-attachment-448\" class=\"wp-caption-text\">Son passe-temps favori\u00a0: restaurer de vieilles 2cv&#8230; Le reconnaitrez vous?<\/p><\/div>\n<div id=\"attachment_2788\" style=\"width: 750px\" class=\"wp-caption alignleft\"><a href=\"http:\/\/quidet.fr\" target=\"_blank\" rel=\"noopener noreferrer\"><img loading=\"lazy\" decoding=\"async\" aria-describedby=\"caption-attachment-2788\" class=\"wp-image-2788 size-full\" src=\"http:\/\/meriller-vapeur.fr\/wp3\/wp-content\/uploads\/2014\/07\/2012-05-05-16.49.08.jpg\" alt=\"2012-05-05 16.49.08\" width=\"740\" height=\"538\" srcset=\"https:\/\/meriller-vapeur.fr\/wp3\/wp-content\/uploads\/2014\/07\/2012-05-05-16.49.08.jpg 740w, https:\/\/meriller-vapeur.fr\/wp3\/wp-content\/uploads\/2014\/07\/2012-05-05-16.49.08-300x218.jpg 300w\" sizes=\"auto, (max-width: 740px) 100vw, 740px\" \/><\/a><p id=\"caption-attachment-2788\" class=\"wp-caption-text\">Toujours accro \u00e0 son Mac, il ne pense qu&rsquo;\u00e0 \u00e7a&#8230;<\/p><\/div>\n<p>&nbsp;<\/p>\n<div class=\"pvc_clear\"><\/div>\n<p id=\"pvc_stats_144\" class=\"pvc_stats all  \" data-element-id=\"144\" style=\"\"><i class=\"pvc-stats-icon medium\" aria-hidden=\"true\"><svg aria-hidden=\"true\" focusable=\"false\" data-prefix=\"far\" data-icon=\"chart-bar\" role=\"img\" xmlns=\"http:\/\/www.w3.org\/2000\/svg\" viewBox=\"0 0 512 512\" class=\"svg-inline--fa fa-chart-bar fa-w-16 fa-2x\"><path fill=\"currentColor\" d=\"M396.8 352h22.4c6.4 0 12.8-6.4 12.8-12.8V108.8c0-6.4-6.4-12.8-12.8-12.8h-22.4c-6.4 0-12.8 6.4-12.8 12.8v230.4c0 6.4 6.4 12.8 12.8 12.8zm-192 0h22.4c6.4 0 12.8-6.4 12.8-12.8V140.8c0-6.4-6.4-12.8-12.8-12.8h-22.4c-6.4 0-12.8 6.4-12.8 12.8v198.4c0 6.4 6.4 12.8 12.8 12.8zm96 0h22.4c6.4 0 12.8-6.4 12.8-12.8V204.8c0-6.4-6.4-12.8-12.8-12.8h-22.4c-6.4 0-12.8 6.4-12.8 12.8v134.4c0 6.4 6.4 12.8 12.8 12.8zM496 400H48V80c0-8.84-7.16-16-16-16H16C7.16 64 0 71.16 0 80v336c0 17.67 14.33 32 32 32h464c8.84 0 16-7.16 16-16v-16c0-8.84-7.16-16-16-16zm-387.2-48h22.4c6.4 0 12.8-6.4 12.8-12.8v-70.4c0-6.4-6.4-12.8-12.8-12.8h-22.4c-6.4 0-12.8 6.4-12.8 12.8v70.4c0 6.4 6.4 12.8 12.8 12.8z\" class=\"\"><\/path><\/svg><\/i> <img loading=\"lazy\" decoding=\"async\" width=\"16\" height=\"16\" alt=\"Loading\" src=\"https:\/\/meriller-vapeur.fr\/wp3\/wp-content\/plugins\/page-views-count\/ajax-loader-2x.gif\" border=0 \/><\/p>\n<div class=\"pvc_clear\"><\/div>\n","protected":false},"excerpt":{"rendered":"<p>Voici un \u00ab\u00a0trombinoscope\u00a0\u00bb des MEMBRES de MERILLER-VAPEUR 24\u00a0en action dans leur hobby favori! Saurez vous les reconna\u00eetre? Envoyez nous vos photos, elles pourront figurer parmi celles-ci! &nbsp; &nbsp;<\/p>\n<div class=\"pvc_clear\"><\/div>\n<p id=\"pvc_stats_144\" class=\"pvc_stats all  \" data-element-id=\"144\" style=\"\"><i class=\"pvc-stats-icon medium\" aria-hidden=\"true\"><svg aria-hidden=\"true\" focusable=\"false\" data-prefix=\"far\" data-icon=\"chart-bar\" role=\"img\" xmlns=\"http:\/\/www.w3.org\/2000\/svg\" viewBox=\"0 0 512 512\" class=\"svg-inline--fa fa-chart-bar fa-w-16 fa-2x\"><path fill=\"currentColor\" d=\"M396.8 352h22.4c6.4 0 12.8-6.4 12.8-12.8V108.8c0-6.4-6.4-12.8-12.8-12.8h-22.4c-6.4 0-12.8 6.4-12.8 12.8v230.4c0 6.4 6.4 12.8 12.8 12.8zm-192 0h22.4c6.4 0 12.8-6.4 12.8-12.8V140.8c0-6.4-6.4-12.8-12.8-12.8h-22.4c-6.4 0-12.8 6.4-12.8 12.8v198.4c0 6.4 6.4 12.8 12.8 12.8zm96 0h22.4c6.4 0 12.8-6.4 12.8-12.8V204.8c0-6.4-6.4-12.8-12.8-12.8h-22.4c-6.4 0-12.8 6.4-12.8 12.8v134.4c0 6.4 6.4 12.8 12.8 12.8zM496 400H48V80c0-8.84-7.16-16-16-16H16C7.16 64 0 71.16 0 80v336c0 17.67 14.33 32 32 32h464c8.84 0 16-7.16 16-16v-16c0-8.84-7.16-16-16-16zm-387.2-48h22.4c6.4 0 12.8-6.4 12.8-12.8v-70.4c0-6.4-6.4-12.8-12.8-12.8h-22.4c-6.4 0-12.8 6.4-12.8 12.8v70.4c0 6.4 6.4 12.8 12.8 12.8z\" class=\"\"><\/path><\/svg><\/i> <img loading=\"lazy\" decoding=\"async\" width=\"16\" height=\"16\" alt=\"Loading\" src=\"https:\/\/meriller-vapeur.fr\/wp3\/wp-content\/plugins\/page-views-count\/ajax-loader-2x.gif\" border=0 \/><\/p>\n<div class=\"pvc_clear\"><\/div>\n","protected":false},"author":1,"featured_media":0,"parent":139,"menu_order":0,"comment_status":"open","ping_status":"open","template":"page-templates\/full-width.php","meta":{"footnotes":""},"class_list":["post-144","page","type-page","status-publish","hentry"],"a3_pvc":{"activated":true,"total_views":2094,"today_views":0},"_links":{"self":[{"href":"https:\/\/meriller-vapeur.fr\/wp3\/index.php?rest_route=\/wp\/v2\/pages\/144","targetHints":{"allow":["GET"]}}],"collection":[{"href":"https:\/\/meriller-vapeur.fr\/wp3\/index.php?rest_route=\/wp\/v2\/pages"}],"about":[{"href":"https:\/\/meriller-vapeur.fr\/wp3\/index.php?rest_route=\/wp\/v2\/types\/page"}],"author":[{"embeddable":true,"href":"https:\/\/meriller-vapeur.fr\/wp3\/index.php?rest_route=\/wp\/v2\/users\/1"}],"replies":[{"embeddable":true,"href":"https:\/\/meriller-vapeur.fr\/wp3\/index.php?rest_route=%2Fwp%2Fv2%2Fcomments&post=144"}],"version-history":[{"count":0,"href":"https:\/\/meriller-vapeur.fr\/wp3\/index.php?rest_route=\/wp\/v2\/pages\/144\/revisions"}],"up":[{"embeddable":true,"href":"https:\/\/meriller-vapeur.fr\/wp3\/index.php?rest_route=\/wp\/v2\/pages\/139"}],"wp:attachment":[{"href":"https:\/\/meriller-vapeur.fr\/wp3\/index.php?rest_route=%2Fwp%2Fv2%2Fmedia&parent=144"}],"curies":[{"name":"wp","href":"https:\/\/api.w.org\/{rel}","templated":true}]}}