{"id":124,"date":"2013-06-25T16:40:36","date_gmt":"2013-06-25T14:40:36","guid":{"rendered":"http:\/\/meriller-vapeur.fr\/wp3\/?page_id=124"},"modified":"2017-12-18T09:00:19","modified_gmt":"2017-12-18T08:00:19","slug":"notoriete","status":"publish","type":"page","link":"https:\/\/meriller-vapeur.fr\/wp3\/?page_id=124","title":{"rendered":"Notori\u00e9t\u00e9"},"content":{"rendered":"<h1 align=\"center\"><strong>NOTORI\u00c9T\u00c9<\/strong><\/h1>\n<blockquote>\n<blockquote>\n<p align=\"justify\">Depuis sa cr\u00e9ation le 6 novembre 2003, l&rsquo;Association a vu sa fr\u00e9quentation augmenter de mani\u00e8re consid\u00e9rable!<\/p>\n<p align=\"justify\"><strong>Le passage sur le rond-point de M\u00e9riller\u00a0<\/strong>sur la route de Bordeaux o\u00f9 est expos\u00e9e une locomotive \u00e0 vapeur de type D\u00e9capod la 150 A 65 assure une grande notori\u00e9t\u00e9 \u00e0 l&rsquo;Association, constituant une \u00ab\u00a0enseigne\u00a0\u00bb extr\u00eamement visible.<\/p>\n<p align=\"justify\"><strong>Plus\u00a0de 50 membres actifs <\/strong>et \u00e0 jour de leur cotisation \u00a0sont d\u00e9nombr\u00e9s.<\/p>\n<p align=\"justify\"><strong>Les r\u00e9unions de travail du samedi et du mercredi<\/strong> r\u00e9unissent en moyenne une quinzaine de participants occup\u00e9s sur les diff\u00e9rents r\u00e9seaux du Club, ou \u00e0 d&rsquo;autres t\u00e2ches indispensables comme l&rsquo;am\u00e9lioration du Rond-Point de Meriller, le traitement et classement d&rsquo;archives, la pr\u00e9paration active des diff\u00e9rentes expositions que nous organisons ou aux quelles nous participons.<\/p>\n<blockquote>\n<p align=\"justify\"><strong>Au cours de chaque ann\u00e9e depuis sa cr\u00e9ation en 2003\u00a0ce sont en moyenne\u00a0pas moins de dix\u00a0manifestations qui ont vu notre participation active&#8230;<\/strong><\/p>\n<p align=\"justify\">\n<\/blockquote>\n<\/blockquote>\n<\/blockquote>\n<h1 style=\"text-align: center;\" align=\"justify\"><strong>Pour voir le d\u00e9tail de toutes ces manifestations, il suffit de vous reporter \u00e0 la page suivante\u00a0:<\/strong><\/h1>\n<p style=\"text-align: center;\" align=\"justify\"><strong><a title=\"EXPOSITIONS\u00a0: calendrier\" href=\"http:\/\/meriller-vapeur.fr\/wp3\/?page_id=182\">Les EXPOSITIONS et MANIFESTATIONS de\u00a0Meriller-Vapeur 24\u00a0<\/a><\/strong><\/p>\n<blockquote>\n<blockquote>\n<p align=\"center\">Sans oublier ce qui fut notre\u00a0<strong><a title=\"TENDER reconstruction.\" href=\"http:\/\/meriller-vapeur.fr\/wp3\/?page_id=179\"><br \/>\nGRAND CHANTIER pour 2012\/2013\u00a0:<\/a><br \/>\nla reconstruction d&rsquo;un TENDER pour la Locomotive PO6065 du Rond-Point de M\u00e9riller, termin\u00e9 fin 2013.<\/strong><\/p>\n<p align=\"center\">_________________________<\/p>\n<\/blockquote>\n<p style=\"text-align: justify;\">La pr\u00e9sence de l&rsquo;association est souvent assur\u00e9e \u00e0 d&rsquo;autres occasions comme le march\u00e9 des Producteurs \u00e0 Coulounieix-Chamiers etc&#8230;<\/p>\n<p style=\"text-align: justify;\">Les PHOTOS prises lors de nos <strong>nombreuses\u00a0participations aux expositions\u00a0<\/strong>sont une illustration de l&rsquo;int\u00e9r\u00eat port\u00e9 par le public \u00e0 nos activit\u00e9s.<\/p>\n<p style=\"text-align: justify;\">Les <a title=\"Grand r\u00e9seau du Club Meriller-Vapeur 24\" href=\"http:\/\/meriller-vapeur.fr\/wp3\/?page_id=1848\"><strong>grands R\u00e9seaux du CLUB<\/strong><\/a> permettent aux amateurs de faire rouler leur propre mat\u00e9riel, y compris les machines \u00e9quip\u00e9es de D\u00e9codeurs num\u00e9riques.<\/p>\n<p style=\"text-align: justify;\">Ajoutons \u00e0 cela l&rsquo;organisation <a title=\"Club du Soir\" href=\"http:\/\/meriller-vapeur.fr\/wp3\/?page_id=156\"><strong>des Clubs du soir<\/strong><\/a> pour les enfants qui peuvent ainsi d\u00e9couvrir l&rsquo;activit\u00e9 du Mod\u00e9lisme ferroviaire, de plus en plus appr\u00e9ci\u00e9e du grand-public.<\/p>\n<p style=\"text-align: justify;\" align=\"center\"><strong>Le SITE INTERNET<\/strong>, cr\u00e9\u00e9 en Juin 2011, contribue \u00e9galement \u00e0 nous faire conna\u00eetre.<\/p>\n<p style=\"text-align: justify;\" align=\"center\">Ce sont, au jour o\u00f9 vous consultez cette page<\/p>\n<p style=\"text-align: center;\" align=\"center\"><em>Plus\u00a0de 20.000\u00a0VISITEURS individuels<\/em><\/p>\n<p style=\"text-align: justify;\" align=\"center\">qui se sont connect\u00e9s et ont vu nos pages! On y trouve\u00a0<strong>plusieurs centaines de documents photographiques<\/strong>, qui illustrent la vie de l&rsquo;association.<\/p>\n<p style=\"text-align: justify;\" align=\"center\">Le site est bien r\u00e9f\u00e9renc\u00e9 sur les annuaires de l&rsquo;activit\u00e9 ferroviaire,<br \/>\ntouchant des milliers de mod\u00e9listes et amateurs de Chemins de Fer.<\/p>\n<h2 style=\"text-align: justify;\" align=\"center\"><\/h2>\n<h2 style=\"text-align: justify; padding-left: 90px;\" align=\"center\"><em><strong>Un grand merci \u00e0 la Ville de Coulounieix-Chamiers,<\/strong><\/em><br \/>\n<em><strong> au Conseil D\u00e9partemental\u00a0de la Dordogne<\/strong><\/em><br \/>\n<em><strong>\u00e0 la\u00a0Communaut\u00e9 d\u2019Agglom\u00e9ration\u00a0Le Grand\u00a0P\u00e9rigueux\u00a0<\/strong><\/em><br \/>\n<em><strong> au\u00a0TECHNICENTRE SNCF CHARENTES P\u00c9RIGORD<\/strong><\/em><br \/>\n<em><strong>au Lyc\u00e9e Claveille de\u00a0P\u00e9rigueux\u00a0<\/strong><\/em><\/h2>\n<p>et \u00e0 tous nos sponsors,\u00a0dont la g\u00e9n\u00e9rosit\u00e9 assure l&rsquo;existence de l&rsquo;Association.<\/p><\/blockquote>\n<hr \/>\n<p>&nbsp;<\/p>\n<div class=\"pvc_clear\"><\/div>\n<p id=\"pvc_stats_124\" class=\"pvc_stats all  \" data-element-id=\"124\" style=\"\"><i class=\"pvc-stats-icon medium\" aria-hidden=\"true\"><svg aria-hidden=\"true\" focusable=\"false\" data-prefix=\"far\" data-icon=\"chart-bar\" role=\"img\" xmlns=\"http:\/\/www.w3.org\/2000\/svg\" viewBox=\"0 0 512 512\" class=\"svg-inline--fa fa-chart-bar fa-w-16 fa-2x\"><path fill=\"currentColor\" d=\"M396.8 352h22.4c6.4 0 12.8-6.4 12.8-12.8V108.8c0-6.4-6.4-12.8-12.8-12.8h-22.4c-6.4 0-12.8 6.4-12.8 12.8v230.4c0 6.4 6.4 12.8 12.8 12.8zm-192 0h22.4c6.4 0 12.8-6.4 12.8-12.8V140.8c0-6.4-6.4-12.8-12.8-12.8h-22.4c-6.4 0-12.8 6.4-12.8 12.8v198.4c0 6.4 6.4 12.8 12.8 12.8zm96 0h22.4c6.4 0 12.8-6.4 12.8-12.8V204.8c0-6.4-6.4-12.8-12.8-12.8h-22.4c-6.4 0-12.8 6.4-12.8 12.8v134.4c0 6.4 6.4 12.8 12.8 12.8zM496 400H48V80c0-8.84-7.16-16-16-16H16C7.16 64 0 71.16 0 80v336c0 17.67 14.33 32 32 32h464c8.84 0 16-7.16 16-16v-16c0-8.84-7.16-16-16-16zm-387.2-48h22.4c6.4 0 12.8-6.4 12.8-12.8v-70.4c0-6.4-6.4-12.8-12.8-12.8h-22.4c-6.4 0-12.8 6.4-12.8 12.8v70.4c0 6.4 6.4 12.8 12.8 12.8z\" class=\"\"><\/path><\/svg><\/i> <img loading=\"lazy\" decoding=\"async\" width=\"16\" height=\"16\" alt=\"Loading\" src=\"https:\/\/meriller-vapeur.fr\/wp3\/wp-content\/plugins\/page-views-count\/ajax-loader-2x.gif\" border=0 \/><\/p>\n<div class=\"pvc_clear\"><\/div>\n","protected":false},"excerpt":{"rendered":"<p>NOTORI\u00c9T\u00c9 Depuis sa cr\u00e9ation le 6 novembre 2003, l&rsquo;Association a vu sa fr\u00e9quentation augmenter de mani\u00e8re consid\u00e9rable! Le passage sur le rond-point de M\u00e9riller\u00a0sur la route de Bordeaux o\u00f9 est expos\u00e9e une locomotive \u00e0 vapeur de type D\u00e9capod la 150 A 65 assure une grande notori\u00e9t\u00e9 \u00e0 l&rsquo;Association, constituant une \u00ab\u00a0enseigne\u00a0\u00bb extr\u00eamement visible. Plus\u00a0de 50\u2026 <span class=\"read-more\"><a href=\"https:\/\/meriller-vapeur.fr\/wp3\/?page_id=124\">Read More &raquo;<\/a><\/span><\/p>\n<div class=\"pvc_clear\"><\/div>\n<p id=\"pvc_stats_124\" class=\"pvc_stats all  \" data-element-id=\"124\" style=\"\"><i class=\"pvc-stats-icon medium\" aria-hidden=\"true\"><svg aria-hidden=\"true\" focusable=\"false\" data-prefix=\"far\" data-icon=\"chart-bar\" role=\"img\" xmlns=\"http:\/\/www.w3.org\/2000\/svg\" viewBox=\"0 0 512 512\" class=\"svg-inline--fa fa-chart-bar fa-w-16 fa-2x\"><path fill=\"currentColor\" d=\"M396.8 352h22.4c6.4 0 12.8-6.4 12.8-12.8V108.8c0-6.4-6.4-12.8-12.8-12.8h-22.4c-6.4 0-12.8 6.4-12.8 12.8v230.4c0 6.4 6.4 12.8 12.8 12.8zm-192 0h22.4c6.4 0 12.8-6.4 12.8-12.8V140.8c0-6.4-6.4-12.8-12.8-12.8h-22.4c-6.4 0-12.8 6.4-12.8 12.8v198.4c0 6.4 6.4 12.8 12.8 12.8zm96 0h22.4c6.4 0 12.8-6.4 12.8-12.8V204.8c0-6.4-6.4-12.8-12.8-12.8h-22.4c-6.4 0-12.8 6.4-12.8 12.8v134.4c0 6.4 6.4 12.8 12.8 12.8zM496 400H48V80c0-8.84-7.16-16-16-16H16C7.16 64 0 71.16 0 80v336c0 17.67 14.33 32 32 32h464c8.84 0 16-7.16 16-16v-16c0-8.84-7.16-16-16-16zm-387.2-48h22.4c6.4 0 12.8-6.4 12.8-12.8v-70.4c0-6.4-6.4-12.8-12.8-12.8h-22.4c-6.4 0-12.8 6.4-12.8 12.8v70.4c0 6.4 6.4 12.8 12.8 12.8z\" class=\"\"><\/path><\/svg><\/i> <img loading=\"lazy\" decoding=\"async\" width=\"16\" height=\"16\" alt=\"Loading\" src=\"https:\/\/meriller-vapeur.fr\/wp3\/wp-content\/plugins\/page-views-count\/ajax-loader-2x.gif\" border=0 \/><\/p>\n<div class=\"pvc_clear\"><\/div>\n","protected":false},"author":1,"featured_media":0,"parent":0,"menu_order":0,"comment_status":"open","ping_status":"open","template":"tmp-onecolumn.php","meta":{"footnotes":""},"class_list":["post-124","page","type-page","status-publish","hentry"],"a3_pvc":{"activated":true,"total_views":1127,"today_views":0},"_links":{"self":[{"href":"https:\/\/meriller-vapeur.fr\/wp3\/index.php?rest_route=\/wp\/v2\/pages\/124","targetHints":{"allow":["GET"]}}],"collection":[{"href":"https:\/\/meriller-vapeur.fr\/wp3\/index.php?rest_route=\/wp\/v2\/pages"}],"about":[{"href":"https:\/\/meriller-vapeur.fr\/wp3\/index.php?rest_route=\/wp\/v2\/types\/page"}],"author":[{"embeddable":true,"href":"https:\/\/meriller-vapeur.fr\/wp3\/index.php?rest_route=\/wp\/v2\/users\/1"}],"replies":[{"embeddable":true,"href":"https:\/\/meriller-vapeur.fr\/wp3\/index.php?rest_route=%2Fwp%2Fv2%2Fcomments&post=124"}],"version-history":[{"count":0,"href":"https:\/\/meriller-vapeur.fr\/wp3\/index.php?rest_route=\/wp\/v2\/pages\/124\/revisions"}],"wp:attachment":[{"href":"https:\/\/meriller-vapeur.fr\/wp3\/index.php?rest_route=%2Fwp%2Fv2%2Fmedia&parent=124"}],"curies":[{"name":"wp","href":"https:\/\/api.w.org\/{rel}","templated":true}]}}