{"id":11349,"date":"2020-01-28T17:08:57","date_gmt":"2020-01-28T16:08:57","guid":{"rendered":"https:\/\/meriller-vapeur.fr\/wp3\/?page_id=11349"},"modified":"2020-01-28T23:02:50","modified_gmt":"2020-01-28T22:02:50","slug":"tenue-de-lassemblee-generale-2020-suite","status":"publish","type":"page","link":"https:\/\/meriller-vapeur.fr\/wp3\/?page_id=11349","title":{"rendered":"Tenue de l\u2019Assembl\u00e9e G\u00e9n\u00e9rale 2020 (suite)."},"content":{"rendered":"<pre><a href=\"https:\/\/meriller-vapeur.fr\/wp3\/?page_id=11320\">&lt;&lt;&lt;&lt;&lt; Retour<\/a> Page pr\u00e9c\u00e9dente.<\/pre>\n<p>La Presse \u00e9tait pr\u00e9sente lors de notre derni\u00e8re A.G. du 18 janvier 2020.<\/p>\n<p>Voici l\u2019article paru dans le Journal Sud-Ouest :<\/p>\n<div id=\"attachment_11396\" style=\"width: 698px\" class=\"wp-caption alignleft\"><a href=\"https:\/\/meriller-vapeur.fr\/wp3\/wp-content\/uploads\/2020\/01\/nouveau-president-mv24-1.jpg\" target=\"_blank\" rel=\"noopener noreferrer\"><img loading=\"lazy\" decoding=\"async\" aria-describedby=\"caption-attachment-11396\" class=\"wp-image-11396 size-large\" src=\"https:\/\/meriller-vapeur.fr\/wp3\/wp-content\/uploads\/2020\/01\/nouveau-president-mv24-1-945x1024.jpg\" alt=\"\" width=\"688\" height=\"746\" srcset=\"https:\/\/meriller-vapeur.fr\/wp3\/wp-content\/uploads\/2020\/01\/nouveau-president-mv24-1-945x1024.jpg 945w, https:\/\/meriller-vapeur.fr\/wp3\/wp-content\/uploads\/2020\/01\/nouveau-president-mv24-1-277x300.jpg 277w, https:\/\/meriller-vapeur.fr\/wp3\/wp-content\/uploads\/2020\/01\/nouveau-president-mv24-1-768x832.jpg 768w, https:\/\/meriller-vapeur.fr\/wp3\/wp-content\/uploads\/2020\/01\/nouveau-president-mv24-1.jpg 1294w\" sizes=\"auto, (max-width: 688px) 100vw, 688px\" \/><\/a><p id=\"caption-attachment-11396\" class=\"wp-caption-text\">Reportage de Sud-Ouest.<\/p><\/div>\n<p><em>Nota : il s\u2019agit bien de <strong>Pierre<\/strong> PERRIER, et non pas Serge\u2026&#x1f61c;<\/em><\/p>\n<pre>Page mise en ligne le 28-01-2020<\/pre>\n<div class=\"pvc_clear\"><\/div>\n<p id=\"pvc_stats_11349\" class=\"pvc_stats all  \" data-element-id=\"11349\" style=\"\"><i class=\"pvc-stats-icon medium\" aria-hidden=\"true\"><svg aria-hidden=\"true\" focusable=\"false\" data-prefix=\"far\" data-icon=\"chart-bar\" role=\"img\" xmlns=\"http:\/\/www.w3.org\/2000\/svg\" viewBox=\"0 0 512 512\" class=\"svg-inline--fa fa-chart-bar fa-w-16 fa-2x\"><path fill=\"currentColor\" d=\"M396.8 352h22.4c6.4 0 12.8-6.4 12.8-12.8V108.8c0-6.4-6.4-12.8-12.8-12.8h-22.4c-6.4 0-12.8 6.4-12.8 12.8v230.4c0 6.4 6.4 12.8 12.8 12.8zm-192 0h22.4c6.4 0 12.8-6.4 12.8-12.8V140.8c0-6.4-6.4-12.8-12.8-12.8h-22.4c-6.4 0-12.8 6.4-12.8 12.8v198.4c0 6.4 6.4 12.8 12.8 12.8zm96 0h22.4c6.4 0 12.8-6.4 12.8-12.8V204.8c0-6.4-6.4-12.8-12.8-12.8h-22.4c-6.4 0-12.8 6.4-12.8 12.8v134.4c0 6.4 6.4 12.8 12.8 12.8zM496 400H48V80c0-8.84-7.16-16-16-16H16C7.16 64 0 71.16 0 80v336c0 17.67 14.33 32 32 32h464c8.84 0 16-7.16 16-16v-16c0-8.84-7.16-16-16-16zm-387.2-48h22.4c6.4 0 12.8-6.4 12.8-12.8v-70.4c0-6.4-6.4-12.8-12.8-12.8h-22.4c-6.4 0-12.8 6.4-12.8 12.8v70.4c0 6.4 6.4 12.8 12.8 12.8z\" class=\"\"><\/path><\/svg><\/i> <img loading=\"lazy\" decoding=\"async\" width=\"16\" height=\"16\" alt=\"Loading\" src=\"https:\/\/meriller-vapeur.fr\/wp3\/wp-content\/plugins\/page-views-count\/ajax-loader-2x.gif\" border=0 \/><\/p>\n<div class=\"pvc_clear\"><\/div>\n","protected":false},"excerpt":{"rendered":"<p>&lt;&lt;&lt;&lt;&lt; Retour Page pr\u00e9c\u00e9dente. La Presse \u00e9tait pr\u00e9sente lors de notre derni\u00e8re A.G. du 18 janvier 2020. Voici l\u2019article paru dans le Journal Sud-Ouest : Nota : il s\u2019agit bien de Pierre PERRIER, et non pas Serge\u2026&#x1f61c; Page mise en ligne le 28-01-2020<\/p>\n<div class=\"pvc_clear\"><\/div>\n<p id=\"pvc_stats_11349\" class=\"pvc_stats all  \" data-element-id=\"11349\" style=\"\"><i class=\"pvc-stats-icon medium\" aria-hidden=\"true\"><svg aria-hidden=\"true\" focusable=\"false\" data-prefix=\"far\" data-icon=\"chart-bar\" role=\"img\" xmlns=\"http:\/\/www.w3.org\/2000\/svg\" viewBox=\"0 0 512 512\" class=\"svg-inline--fa fa-chart-bar fa-w-16 fa-2x\"><path fill=\"currentColor\" d=\"M396.8 352h22.4c6.4 0 12.8-6.4 12.8-12.8V108.8c0-6.4-6.4-12.8-12.8-12.8h-22.4c-6.4 0-12.8 6.4-12.8 12.8v230.4c0 6.4 6.4 12.8 12.8 12.8zm-192 0h22.4c6.4 0 12.8-6.4 12.8-12.8V140.8c0-6.4-6.4-12.8-12.8-12.8h-22.4c-6.4 0-12.8 6.4-12.8 12.8v198.4c0 6.4 6.4 12.8 12.8 12.8zm96 0h22.4c6.4 0 12.8-6.4 12.8-12.8V204.8c0-6.4-6.4-12.8-12.8-12.8h-22.4c-6.4 0-12.8 6.4-12.8 12.8v134.4c0 6.4 6.4 12.8 12.8 12.8zM496 400H48V80c0-8.84-7.16-16-16-16H16C7.16 64 0 71.16 0 80v336c0 17.67 14.33 32 32 32h464c8.84 0 16-7.16 16-16v-16c0-8.84-7.16-16-16-16zm-387.2-48h22.4c6.4 0 12.8-6.4 12.8-12.8v-70.4c0-6.4-6.4-12.8-12.8-12.8h-22.4c-6.4 0-12.8 6.4-12.8 12.8v70.4c0 6.4 6.4 12.8 12.8 12.8z\" class=\"\"><\/path><\/svg><\/i> <img loading=\"lazy\" decoding=\"async\" width=\"16\" height=\"16\" alt=\"Loading\" src=\"https:\/\/meriller-vapeur.fr\/wp3\/wp-content\/plugins\/page-views-count\/ajax-loader-2x.gif\" border=0 \/><\/p>\n<div class=\"pvc_clear\"><\/div>\n","protected":false},"author":1,"featured_media":0,"parent":0,"menu_order":0,"comment_status":"closed","ping_status":"closed","template":"","meta":{"footnotes":""},"class_list":["post-11349","page","type-page","status-publish","hentry"],"a3_pvc":{"activated":true,"total_views":56,"today_views":0},"_links":{"self":[{"href":"https:\/\/meriller-vapeur.fr\/wp3\/index.php?rest_route=\/wp\/v2\/pages\/11349","targetHints":{"allow":["GET"]}}],"collection":[{"href":"https:\/\/meriller-vapeur.fr\/wp3\/index.php?rest_route=\/wp\/v2\/pages"}],"about":[{"href":"https:\/\/meriller-vapeur.fr\/wp3\/index.php?rest_route=\/wp\/v2\/types\/page"}],"author":[{"embeddable":true,"href":"https:\/\/meriller-vapeur.fr\/wp3\/index.php?rest_route=\/wp\/v2\/users\/1"}],"replies":[{"embeddable":true,"href":"https:\/\/meriller-vapeur.fr\/wp3\/index.php?rest_route=%2Fwp%2Fv2%2Fcomments&post=11349"}],"version-history":[{"count":0,"href":"https:\/\/meriller-vapeur.fr\/wp3\/index.php?rest_route=\/wp\/v2\/pages\/11349\/revisions"}],"wp:attachment":[{"href":"https:\/\/meriller-vapeur.fr\/wp3\/index.php?rest_route=%2Fwp%2Fv2%2Fmedia&parent=11349"}],"curies":[{"name":"wp","href":"https:\/\/api.w.org\/{rel}","templated":true}]}}

Tenue de l’Assemblée Générale 2020 (suite).

<pre><a href="https://meriller-vapeur.fr/wp3/?page_id=11320">&lt;&lt;&lt;&lt;&lt; Retour</a> Page précédente.</pre>
<p>La Presse était présente lors de notre dernière A.G. du 18 janvier 2020.</p>
<p>Voici l’article paru dans le Journal Sud-Ouest :</p>
<div id="attachment_11396" style="width: 698px" class="wp-caption alignleft"><a href="https://meriller-vapeur.fr/wp3/wp-content/uploads/2020/01/nouveau-president-mv24-1.jpg" target="_blank" rel="noopener noreferrer"><img loading="lazy" decoding="async" aria-describedby="caption-attachment-11396" class="wp-image-11396 size-large" src="https://meriller-vapeur.fr/wp3/wp-content/uploads/2020/01/nouveau-president-mv24-1-945x1024.jpg" alt="" width="688" height="746" srcset="https://meriller-vapeur.fr/wp3/wp-content/uploads/2020/01/nouveau-president-mv24-1-945x1024.jpg 945w, https://meriller-vapeur.fr/wp3/wp-content/uploads/2020/01/nouveau-president-mv24-1-277x300.jpg 277w, https://meriller-vapeur.fr/wp3/wp-content/uploads/2020/01/nouveau-president-mv24-1-768x832.jpg 768w, https://meriller-vapeur.fr/wp3/wp-content/uploads/2020/01/nouveau-president-mv24-1.jpg 1294w" sizes="auto, (max-width: 688px) 100vw, 688px" /></a><p id="caption-attachment-11396" class="wp-caption-text">Reportage de Sud-Ouest.</p></div>
<p><em>Nota : il s’agit bien de <strong>Pierre</strong> PERRIER, et non pas Serge…&#x1f61c;</em></p>
<pre>Page mise en ligne le 28-01-2020</pre>
<div class="pvc_clear"></div>
<p id="pvc_stats_11349" class="pvc_stats all  " data-element-id="11349" style=""><i class="pvc-stats-icon medium" aria-hidden="true"><svg aria-hidden="true" focusable="false" data-prefix="far" data-icon="chart-bar" role="img" xmlns="http://www.w3.org/2000/svg" viewBox="0 0 512 512" class="svg-inline--fa fa-chart-bar fa-w-16 fa-2x"><path fill="currentColor" d="M396.8 352h22.4c6.4 0 12.8-6.4 12.8-12.8V108.8c0-6.4-6.4-12.8-12.8-12.8h-22.4c-6.4 0-12.8 6.4-12.8 12.8v230.4c0 6.4 6.4 12.8 12.8 12.8zm-192 0h22.4c6.4 0 12.8-6.4 12.8-12.8V140.8c0-6.4-6.4-12.8-12.8-12.8h-22.4c-6.4 0-12.8 6.4-12.8 12.8v198.4c0 6.4 6.4 12.8 12.8 12.8zm96 0h22.4c6.4 0 12.8-6.4 12.8-12.8V204.8c0-6.4-6.4-12.8-12.8-12.8h-22.4c-6.4 0-12.8 6.4-12.8 12.8v134.4c0 6.4 6.4 12.8 12.8 12.8zM496 400H48V80c0-8.84-7.16-16-16-16H16C7.16 64 0 71.16 0 80v336c0 17.67 14.33 32 32 32h464c8.84 0 16-7.16 16-16v-16c0-8.84-7.16-16-16-16zm-387.2-48h22.4c6.4 0 12.8-6.4 12.8-12.8v-70.4c0-6.4-6.4-12.8-12.8-12.8h-22.4c-6.4 0-12.8 6.4-12.8 12.8v70.4c0 6.4 6.4 12.8 12.8 12.8z" class=""></path></svg></i> <img loading="lazy" decoding="async" width="16" height="16" alt="Loading" src="https://meriller-vapeur.fr/wp3/wp-content/plugins/page-views-count/ajax-loader-2x.gif" border=0 /></p>
<div class="pvc_clear"></div>

<p>&lt;&lt;&lt;&lt;&lt; Retour Page précédente. La Presse était présente lors de notre dernière A.G. du 18 janvier 2020. Voici l’article paru dans le Journal Sud-Ouest : Nota : il s’agit bien de Pierre PERRIER, et non pas Serge…&#x1f61c; Page mise en ligne le 28-01-2020</p>
<div class="pvc_clear"></div>
<p id="pvc_stats_11349" class="pvc_stats all  " data-element-id="11349" style=""><i class="pvc-stats-icon medium" aria-hidden="true"><svg aria-hidden="true" focusable="false" data-prefix="far" data-icon="chart-bar" role="img" xmlns="http://www.w3.org/2000/svg" viewBox="0 0 512 512" class="svg-inline--fa fa-chart-bar fa-w-16 fa-2x"><path fill="currentColor" d="M396.8 352h22.4c6.4 0 12.8-6.4 12.8-12.8V108.8c0-6.4-6.4-12.8-12.8-12.8h-22.4c-6.4 0-12.8 6.4-12.8 12.8v230.4c0 6.4 6.4 12.8 12.8 12.8zm-192 0h22.4c6.4 0 12.8-6.4 12.8-12.8V140.8c0-6.4-6.4-12.8-12.8-12.8h-22.4c-6.4 0-12.8 6.4-12.8 12.8v198.4c0 6.4 6.4 12.8 12.8 12.8zm96 0h22.4c6.4 0 12.8-6.4 12.8-12.8V204.8c0-6.4-6.4-12.8-12.8-12.8h-22.4c-6.4 0-12.8 6.4-12.8 12.8v134.4c0 6.4 6.4 12.8 12.8 12.8zM496 400H48V80c0-8.84-7.16-16-16-16H16C7.16 64 0 71.16 0 80v336c0 17.67 14.33 32 32 32h464c8.84 0 16-7.16 16-16v-16c0-8.84-7.16-16-16-16zm-387.2-48h22.4c6.4 0 12.8-6.4 12.8-12.8v-70.4c0-6.4-6.4-12.8-12.8-12.8h-22.4c-6.4 0-12.8 6.4-12.8 12.8v70.4c0 6.4 6.4 12.8 12.8 12.8z" class=""></path></svg></i> <img loading="lazy" decoding="async" width="16" height="16" alt="Loading" src="https://meriller-vapeur.fr/wp3/wp-content/plugins/page-views-count/ajax-loader-2x.gif" border=0 /></p>
<div class="pvc_clear"></div>
