{"id":10214,"date":"2019-10-03T15:44:36","date_gmt":"2019-10-03T13:44:36","guid":{"rendered":"https:\/\/meriller-vapeur.fr\/wp3\/?page_id=10214"},"modified":"2022-06-19T15:48:04","modified_gmt":"2022-06-19T13:48:04","slug":"restauration-dune-grue-ferroviaire-la-presse-regionale","status":"publish","type":"page","link":"https:\/\/meriller-vapeur.fr\/wp3\/?page_id=10214","title":{"rendered":"Restauration d\u2019une grue ferroviaire, la Presse r\u00e9gionale&#8230;"},"content":{"rendered":"<p><strong>\u00a0<a href=\"https:\/\/meriller-vapeur.fr\/wp3\/?page_id=10141\">&lt;&lt;&lt;&lt;&lt;&lt;&lt; \u00a0 RETOUR \u00a0Page sommaire<\/a><\/strong><\/p>\n<p>La Presse r\u00e9gionale couvre les op\u00e9rations de transport et de restauration de la Grue de 26 T. provenant d\u2019Excideuil et destin\u00e9e \u00e0 la Gare de Niversac.<\/p>\n<hr \/>\n<h2 style=\"text-align: justify; padding-left: 80px;\"><strong>&gt;&gt;&gt; En compl\u00e9ment, nous rappelons que :<\/strong><\/h2>\n<h1 style=\"text-align: justify; padding-left: 80px;\"><strong>\u2022 c\u2019est la Ville de\u00a0Boulazac Isle Manoir qui a achet\u00e9 le wagon grue \u00e0 l&rsquo;association V\u00e9lo Rail P\u00e9rigord Vert.<br \/>\n\u2022 les associations \u00ab\u00a0Meriller Vapeur 24\u00a0\u00bb et \u00ab\u00a0P\u00e9rigord Rail Plus\u00a0\u00bb sont les initiateurs de ce projet.<\/strong><\/h1>\n<hr \/>\n<p style=\"text-align: center;\"><em><strong>.\u2014<\/strong><\/em><em><strong>: LA REVUE DE PRESSE :\u2014.<\/strong><\/em><\/p>\n<p style=\"padding-left: 40px;\">\u2022 1er octobre 2019 : <a href=\"https:\/\/meriller-vapeur.fr\/wp3\/wp-content\/uploads\/2019\/10\/PRESSE-DL-1-10-2019-1.pdf\" target=\"_blank\" rel=\"noopener noreferrer\">PRESSE DL 1-10-2019<\/a><\/p>\n<p style=\"padding-left: 40px;\">\u2022 02 octobre 2019 : <a href=\"https:\/\/meriller-vapeur.fr\/wp3\/wp-content\/uploads\/2019\/10\/PRESSE-ECHO-DORDOGNE-2-10-209.pdf\" target=\"_blank\" rel=\"noopener noreferrer\">PRESSE ECHO DORDOGNE 2-10-20&amp;9<\/a><\/p>\n<p style=\"padding-left: 40px;\">\u2022 03 octobre 2019 : <a href=\"https:\/\/meriller-vapeur.fr\/wp3\/wp-content\/uploads\/2019\/10\/PRESSE_SO_3-10-2019.pdf\" target=\"_blank\" rel=\"noopener noreferrer\">PRESSE_Sud-Ouest_3-10-2019<\/a><\/p>\n<p style=\"padding-left: 40px;\">\u2022 04 octobre 2019 : <a href=\"https:\/\/meriller-vapeur.fr\/wp3\/wp-content\/uploads\/2019\/10\/WAGON-GRUE-BOULAZAC-Sud-Ouest-4-10-2019.pdf\" target=\"_blank\" rel=\"noopener noreferrer\">PRESSE_Sud Ouest 4-10-201 WAGON-GRUE BOULAZAC<\/a><\/p>\n<p style=\"padding-left: 40px;\">\u2022 07 octobre 2019 : <a href=\"https:\/\/meriller-vapeur.fr\/wp3\/wp-content\/uploads\/2019\/10\/2019-10-07-Niversac-24-les-cheminots-pr\u00e9parent-l\u2019arriv\u00e9e-d\u2019un-wagon-grue-de-1924-Sud-Ouest.fr_.pdf\" target=\"_blank\" rel=\"noopener noreferrer\">PRESSE Sud-Ouest 019-10-07-Niversac (24)\u00a0&#8211; les cheminots pr\u00e9parent l\u2019arriv\u00e9e d\u2019un wagon-grue de 1924 .<\/a><\/p>\n<p style=\"padding-left: 40px;\">\u2022 08 octobre 2019 :\u00a0<a href=\"https:\/\/meriller-vapeur.fr\/wp3\/wp-content\/uploads\/2019\/10\/WAGON-GRUE-BOULAZAC-D-L-8-10-19-IMG_20191008_0001.pdf\" target=\"_blank\" rel=\"noopener noreferrer\">PRESSE DL _<\/a><a href=\"https:\/\/meriller-vapeur.fr\/wp3\/wp-content\/uploads\/2019\/10\/WAGON-GRUE-BOULAZAC-D-L-8-10-19-IMG_20191008_0001.pdf\" target=\"_blank\" rel=\"noopener noreferrer\">08-10-2019<\/a><a href=\"https:\/\/meriller-vapeur.fr\/wp3\/wp-content\/uploads\/2019\/10\/WAGON-GRUE-BOULAZAC-D-L-8-10-19-IMG_20191008_0001.pdf\" target=\"_blank\" rel=\"noopener noreferrer\"> WAGON GRUE BOULAZAC.<\/a><\/p>\n<p style=\"padding-left: 40px;\">\u2022 24 d\u00e9cembre 2019 : <a href=\"https:\/\/meriller-vapeur.fr\/wp3\/wp-content\/uploads\/2019\/12\/DL-WAGON-GRUE-NIVERSAC-24-12-19-IMG_20191224_0001.pdf\" target=\"_blank\" rel=\"noopener noreferrer\">PRESSE DL_24-12-2019 WAGON GRUE NIVERSAC.<\/a><\/p>\n<p>&nbsp;<\/p>\n<hr \/>\n<p><strong>\u00a0<a href=\"https:\/\/meriller-vapeur.fr\/wp3\/?page_id=10141\">&lt;&lt;&lt;&lt;&lt;&lt;&lt; \u00a0 RETOUR \u00a0Page sommaire <\/a><\/strong><\/p>\n<pre>Page mise \u00e0 jour le 26-12-2019.<\/pre>\n<div class=\"pvc_clear\"><\/div>\n<p id=\"pvc_stats_10214\" class=\"pvc_stats all  \" data-element-id=\"10214\" style=\"\"><i class=\"pvc-stats-icon medium\" aria-hidden=\"true\"><svg aria-hidden=\"true\" focusable=\"false\" data-prefix=\"far\" data-icon=\"chart-bar\" role=\"img\" xmlns=\"http:\/\/www.w3.org\/2000\/svg\" viewBox=\"0 0 512 512\" class=\"svg-inline--fa fa-chart-bar fa-w-16 fa-2x\"><path fill=\"currentColor\" d=\"M396.8 352h22.4c6.4 0 12.8-6.4 12.8-12.8V108.8c0-6.4-6.4-12.8-12.8-12.8h-22.4c-6.4 0-12.8 6.4-12.8 12.8v230.4c0 6.4 6.4 12.8 12.8 12.8zm-192 0h22.4c6.4 0 12.8-6.4 12.8-12.8V140.8c0-6.4-6.4-12.8-12.8-12.8h-22.4c-6.4 0-12.8 6.4-12.8 12.8v198.4c0 6.4 6.4 12.8 12.8 12.8zm96 0h22.4c6.4 0 12.8-6.4 12.8-12.8V204.8c0-6.4-6.4-12.8-12.8-12.8h-22.4c-6.4 0-12.8 6.4-12.8 12.8v134.4c0 6.4 6.4 12.8 12.8 12.8zM496 400H48V80c0-8.84-7.16-16-16-16H16C7.16 64 0 71.16 0 80v336c0 17.67 14.33 32 32 32h464c8.84 0 16-7.16 16-16v-16c0-8.84-7.16-16-16-16zm-387.2-48h22.4c6.4 0 12.8-6.4 12.8-12.8v-70.4c0-6.4-6.4-12.8-12.8-12.8h-22.4c-6.4 0-12.8 6.4-12.8 12.8v70.4c0 6.4 6.4 12.8 12.8 12.8z\" class=\"\"><\/path><\/svg><\/i> <img loading=\"lazy\" decoding=\"async\" width=\"16\" height=\"16\" alt=\"Loading\" src=\"https:\/\/meriller-vapeur.fr\/wp3\/wp-content\/plugins\/page-views-count\/ajax-loader-2x.gif\" border=0 \/><\/p>\n<div class=\"pvc_clear\"><\/div>\n","protected":false},"excerpt":{"rendered":"<p>\u00a0&lt;&lt;&lt;&lt;&lt;&lt;&lt; \u00a0 RETOUR \u00a0Page sommaire La Presse r\u00e9gionale couvre les op\u00e9rations de transport et de restauration de la Grue de 26 T. provenant d\u2019Excideuil et destin\u00e9e \u00e0 la Gare de Niversac. &gt;&gt;&gt; En compl\u00e9ment, nous rappelons que : \u2022 c\u2019est la Ville de\u00a0Boulazac Isle Manoir qui a achet\u00e9 le wagon grue \u00e0 l&rsquo;association V\u00e9lo Rail\u2026 <span class=\"read-more\"><a href=\"https:\/\/meriller-vapeur.fr\/wp3\/?page_id=10214\">Read More &raquo;<\/a><\/span><\/p>\n<div class=\"pvc_clear\"><\/div>\n<p id=\"pvc_stats_10214\" class=\"pvc_stats all  \" data-element-id=\"10214\" style=\"\"><i class=\"pvc-stats-icon medium\" aria-hidden=\"true\"><svg aria-hidden=\"true\" focusable=\"false\" data-prefix=\"far\" data-icon=\"chart-bar\" role=\"img\" xmlns=\"http:\/\/www.w3.org\/2000\/svg\" viewBox=\"0 0 512 512\" class=\"svg-inline--fa fa-chart-bar fa-w-16 fa-2x\"><path fill=\"currentColor\" d=\"M396.8 352h22.4c6.4 0 12.8-6.4 12.8-12.8V108.8c0-6.4-6.4-12.8-12.8-12.8h-22.4c-6.4 0-12.8 6.4-12.8 12.8v230.4c0 6.4 6.4 12.8 12.8 12.8zm-192 0h22.4c6.4 0 12.8-6.4 12.8-12.8V140.8c0-6.4-6.4-12.8-12.8-12.8h-22.4c-6.4 0-12.8 6.4-12.8 12.8v198.4c0 6.4 6.4 12.8 12.8 12.8zm96 0h22.4c6.4 0 12.8-6.4 12.8-12.8V204.8c0-6.4-6.4-12.8-12.8-12.8h-22.4c-6.4 0-12.8 6.4-12.8 12.8v134.4c0 6.4 6.4 12.8 12.8 12.8zM496 400H48V80c0-8.84-7.16-16-16-16H16C7.16 64 0 71.16 0 80v336c0 17.67 14.33 32 32 32h464c8.84 0 16-7.16 16-16v-16c0-8.84-7.16-16-16-16zm-387.2-48h22.4c6.4 0 12.8-6.4 12.8-12.8v-70.4c0-6.4-6.4-12.8-12.8-12.8h-22.4c-6.4 0-12.8 6.4-12.8 12.8v70.4c0 6.4 6.4 12.8 12.8 12.8z\" class=\"\"><\/path><\/svg><\/i> <img loading=\"lazy\" decoding=\"async\" width=\"16\" height=\"16\" alt=\"Loading\" src=\"https:\/\/meriller-vapeur.fr\/wp3\/wp-content\/plugins\/page-views-count\/ajax-loader-2x.gif\" border=0 \/><\/p>\n<div class=\"pvc_clear\"><\/div>\n","protected":false},"author":1,"featured_media":0,"parent":10141,"menu_order":0,"comment_status":"closed","ping_status":"closed","template":"page-templates\/full-width.php","meta":{"footnotes":""},"class_list":["post-10214","page","type-page","status-publish","hentry"],"a3_pvc":{"activated":true,"total_views":180,"today_views":0},"_links":{"self":[{"href":"https:\/\/meriller-vapeur.fr\/wp3\/index.php?rest_route=\/wp\/v2\/pages\/10214","targetHints":{"allow":["GET"]}}],"collection":[{"href":"https:\/\/meriller-vapeur.fr\/wp3\/index.php?rest_route=\/wp\/v2\/pages"}],"about":[{"href":"https:\/\/meriller-vapeur.fr\/wp3\/index.php?rest_route=\/wp\/v2\/types\/page"}],"author":[{"embeddable":true,"href":"https:\/\/meriller-vapeur.fr\/wp3\/index.php?rest_route=\/wp\/v2\/users\/1"}],"replies":[{"embeddable":true,"href":"https:\/\/meriller-vapeur.fr\/wp3\/index.php?rest_route=%2Fwp%2Fv2%2Fcomments&post=10214"}],"version-history":[{"count":0,"href":"https:\/\/meriller-vapeur.fr\/wp3\/index.php?rest_route=\/wp\/v2\/pages\/10214\/revisions"}],"up":[{"embeddable":true,"href":"https:\/\/meriller-vapeur.fr\/wp3\/index.php?rest_route=\/wp\/v2\/pages\/10141"}],"wp:attachment":[{"href":"https:\/\/meriller-vapeur.fr\/wp3\/index.php?rest_route=%2Fwp%2Fv2%2Fmedia&parent=10214"}],"curies":[{"name":"wp","href":"https:\/\/api.w.org\/{rel}","templated":true}]}}

Restauration d’une grue ferroviaire, la Presse régionale&#8230;

<p><strong> <a href="https://meriller-vapeur.fr/wp3/?page_id=10141">&lt;&lt;&lt;&lt;&lt;&lt;&lt;   RETOUR  Page sommaire</a></strong></p>
<p>La Presse régionale couvre les opérations de transport et de restauration de la Grue de 26 T. provenant d’Excideuil et destinée à la Gare de Niversac.</p>
<hr />
<h2 style="text-align: justify; padding-left: 80px;"><strong>&gt;&gt;&gt; En complément, nous rappelons que :</strong></h2>
<h1 style="text-align: justify; padding-left: 80px;"><strong>• c’est la Ville de Boulazac Isle Manoir qui a acheté le wagon grue à l&rsquo;association Vélo Rail Périgord Vert.<br />
• les associations « Meriller Vapeur 24 » et « Périgord Rail Plus » sont les initiateurs de ce projet.</strong></h1>
<hr />
<p style="text-align: center;"><em><strong>.—</strong></em><em><strong>: LA REVUE DE PRESSE :—.</strong></em></p>
<p style="padding-left: 40px;">• 1er octobre 2019 : <a href="https://meriller-vapeur.fr/wp3/wp-content/uploads/2019/10/PRESSE-DL-1-10-2019-1.pdf" target="_blank" rel="noopener noreferrer">PRESSE DL 1-10-2019</a></p>
<p style="padding-left: 40px;">• 02 octobre 2019 : <a href="https://meriller-vapeur.fr/wp3/wp-content/uploads/2019/10/PRESSE-ECHO-DORDOGNE-2-10-209.pdf" target="_blank" rel="noopener noreferrer">PRESSE ECHO DORDOGNE 2-10-20&amp;9</a></p>
<p style="padding-left: 40px;">• 03 octobre 2019 : <a href="https://meriller-vapeur.fr/wp3/wp-content/uploads/2019/10/PRESSE_SO_3-10-2019.pdf" target="_blank" rel="noopener noreferrer">PRESSE_Sud-Ouest_3-10-2019</a></p>
<p style="padding-left: 40px;">• 04 octobre 2019 : <a href="https://meriller-vapeur.fr/wp3/wp-content/uploads/2019/10/WAGON-GRUE-BOULAZAC-Sud-Ouest-4-10-2019.pdf" target="_blank" rel="noopener noreferrer">PRESSE_Sud Ouest 4-10-201 WAGON-GRUE BOULAZAC</a></p>
<p style="padding-left: 40px;">• 07 octobre 2019 : <a href="https://meriller-vapeur.fr/wp3/wp-content/uploads/2019/10/2019-10-07-Niversac-24-les-cheminots-préparent-l’arrivée-d’un-wagon-grue-de-1924-Sud-Ouest.fr_.pdf" target="_blank" rel="noopener noreferrer">PRESSE Sud-Ouest 019-10-07-Niversac (24) &#8211; les cheminots préparent l’arrivée d’un wagon-grue de 1924 .</a></p>
<p style="padding-left: 40px;">• 08 octobre 2019 : <a href="https://meriller-vapeur.fr/wp3/wp-content/uploads/2019/10/WAGON-GRUE-BOULAZAC-D-L-8-10-19-IMG_20191008_0001.pdf" target="_blank" rel="noopener noreferrer">PRESSE DL _</a><a href="https://meriller-vapeur.fr/wp3/wp-content/uploads/2019/10/WAGON-GRUE-BOULAZAC-D-L-8-10-19-IMG_20191008_0001.pdf" target="_blank" rel="noopener noreferrer">08-10-2019</a><a href="https://meriller-vapeur.fr/wp3/wp-content/uploads/2019/10/WAGON-GRUE-BOULAZAC-D-L-8-10-19-IMG_20191008_0001.pdf" target="_blank" rel="noopener noreferrer"> WAGON GRUE BOULAZAC.</a></p>
<p style="padding-left: 40px;">• 24 décembre 2019 : <a href="https://meriller-vapeur.fr/wp3/wp-content/uploads/2019/12/DL-WAGON-GRUE-NIVERSAC-24-12-19-IMG_20191224_0001.pdf" target="_blank" rel="noopener noreferrer">PRESSE DL_24-12-2019 WAGON GRUE NIVERSAC.</a></p>
<p>&nbsp;</p>
<hr />
<p><strong> <a href="https://meriller-vapeur.fr/wp3/?page_id=10141">&lt;&lt;&lt;&lt;&lt;&lt;&lt;   RETOUR  Page sommaire </a></strong></p>
<pre>Page mise à jour le 26-12-2019.</pre>
<div class="pvc_clear"></div>
<p id="pvc_stats_10214" class="pvc_stats all  " data-element-id="10214" style=""><i class="pvc-stats-icon medium" aria-hidden="true"><svg aria-hidden="true" focusable="false" data-prefix="far" data-icon="chart-bar" role="img" xmlns="http://www.w3.org/2000/svg" viewBox="0 0 512 512" class="svg-inline--fa fa-chart-bar fa-w-16 fa-2x"><path fill="currentColor" d="M396.8 352h22.4c6.4 0 12.8-6.4 12.8-12.8V108.8c0-6.4-6.4-12.8-12.8-12.8h-22.4c-6.4 0-12.8 6.4-12.8 12.8v230.4c0 6.4 6.4 12.8 12.8 12.8zm-192 0h22.4c6.4 0 12.8-6.4 12.8-12.8V140.8c0-6.4-6.4-12.8-12.8-12.8h-22.4c-6.4 0-12.8 6.4-12.8 12.8v198.4c0 6.4 6.4 12.8 12.8 12.8zm96 0h22.4c6.4 0 12.8-6.4 12.8-12.8V204.8c0-6.4-6.4-12.8-12.8-12.8h-22.4c-6.4 0-12.8 6.4-12.8 12.8v134.4c0 6.4 6.4 12.8 12.8 12.8zM496 400H48V80c0-8.84-7.16-16-16-16H16C7.16 64 0 71.16 0 80v336c0 17.67 14.33 32 32 32h464c8.84 0 16-7.16 16-16v-16c0-8.84-7.16-16-16-16zm-387.2-48h22.4c6.4 0 12.8-6.4 12.8-12.8v-70.4c0-6.4-6.4-12.8-12.8-12.8h-22.4c-6.4 0-12.8 6.4-12.8 12.8v70.4c0 6.4 6.4 12.8 12.8 12.8z" class=""></path></svg></i> <img loading="lazy" decoding="async" width="16" height="16" alt="Loading" src="https://meriller-vapeur.fr/wp3/wp-content/plugins/page-views-count/ajax-loader-2x.gif" border=0 /></p>
<div class="pvc_clear"></div>

<p> &lt;&lt;&lt;&lt;&lt;&lt;&lt;   RETOUR  Page sommaire La Presse régionale couvre les opérations de transport et de restauration de la Grue de 26 T. provenant d’Excideuil et destinée à la Gare de Niversac. &gt;&gt;&gt; En complément, nous rappelons que : • c’est la Ville de Boulazac Isle Manoir qui a acheté le wagon grue à l&rsquo;association Vélo Rail… <span class="read-more"><a href="https://meriller-vapeur.fr/wp3/?page_id=10214">Read More &raquo;</a></span></p>
<div class="pvc_clear"></div>
<p id="pvc_stats_10214" class="pvc_stats all  " data-element-id="10214" style=""><i class="pvc-stats-icon medium" aria-hidden="true"><svg aria-hidden="true" focusable="false" data-prefix="far" data-icon="chart-bar" role="img" xmlns="http://www.w3.org/2000/svg" viewBox="0 0 512 512" class="svg-inline--fa fa-chart-bar fa-w-16 fa-2x"><path fill="currentColor" d="M396.8 352h22.4c6.4 0 12.8-6.4 12.8-12.8V108.8c0-6.4-6.4-12.8-12.8-12.8h-22.4c-6.4 0-12.8 6.4-12.8 12.8v230.4c0 6.4 6.4 12.8 12.8 12.8zm-192 0h22.4c6.4 0 12.8-6.4 12.8-12.8V140.8c0-6.4-6.4-12.8-12.8-12.8h-22.4c-6.4 0-12.8 6.4-12.8 12.8v198.4c0 6.4 6.4 12.8 12.8 12.8zm96 0h22.4c6.4 0 12.8-6.4 12.8-12.8V204.8c0-6.4-6.4-12.8-12.8-12.8h-22.4c-6.4 0-12.8 6.4-12.8 12.8v134.4c0 6.4 6.4 12.8 12.8 12.8zM496 400H48V80c0-8.84-7.16-16-16-16H16C7.16 64 0 71.16 0 80v336c0 17.67 14.33 32 32 32h464c8.84 0 16-7.16 16-16v-16c0-8.84-7.16-16-16-16zm-387.2-48h22.4c6.4 0 12.8-6.4 12.8-12.8v-70.4c0-6.4-6.4-12.8-12.8-12.8h-22.4c-6.4 0-12.8 6.4-12.8 12.8v70.4c0 6.4 6.4 12.8 12.8 12.8z" class=""></path></svg></i> <img loading="lazy" decoding="async" width="16" height="16" alt="Loading" src="https://meriller-vapeur.fr/wp3/wp-content/plugins/page-views-count/ajax-loader-2x.gif" border=0 /></p>
<div class="pvc_clear"></div>
