{"id":938,"date":"2013-10-22T17:34:41","date_gmt":"2013-10-22T15:34:41","guid":{"rendered":"http:\/\/meriller-vapeur.fr\/wp3\/wp-content\/uploads\/2013\/10\/Gilbert-URSO-nouvel-adh\u00e9rent-vient-de-r\u00e9aliser-les-plaques-du-tender.jpg"},"modified":"2013-10-22T17:34:41","modified_gmt":"2013-10-22T15:34:41","slug":"gilbert-urso-nouvel-adherent-vient-de-realiser-les-plaques-du-tender","status":"inherit","type":"attachment","link":"https:\/\/meriller-vapeur.fr\/wp3\/?attachment_id=938","title":{"rendered":"004"},"author":1,"featured_media":0,"comment_status":"open","ping_status":"open","template":"","meta":[],"class_list":["post-938","attachment","type-attachment","status-inherit","hentry"],"a3_pvc":{"activated":false,"total_views":0,"today_views":0},"description":{"rendered":"<p class=\"attachment\"><a href='https:\/\/meriller-vapeur.fr\/wp3\/wp-content\/uploads\/2013\/10\/Gilbert-URSO-nouvel-adh\u00e9rent-vient-de-r\u00e9aliser-les-plaques-du-tender.jpg'><img loading=\"lazy\" decoding=\"async\" width=\"300\" height=\"225\" src=\"https:\/\/meriller-vapeur.fr\/wp3\/wp-content\/uploads\/2013\/10\/Gilbert-URSO-nouvel-adh\u00e9rent-vient-de-r\u00e9aliser-les-plaques-du-tender-300x225.jpg\" class=\"attachment-medium size-medium\" alt=\"\" srcset=\"https:\/\/meriller-vapeur.fr\/wp3\/wp-content\/uploads\/2013\/10\/Gilbert-URSO-nouvel-adh\u00e9rent-vient-de-r\u00e9aliser-les-plaques-du-tender-300x225.jpg 300w, https:\/\/meriller-vapeur.fr\/wp3\/wp-content\/uploads\/2013\/10\/Gilbert-URSO-nouvel-adh\u00e9rent-vient-de-r\u00e9aliser-les-plaques-du-tender-1024x768.jpg 1024w, https:\/\/meriller-vapeur.fr\/wp3\/wp-content\/uploads\/2013\/10\/Gilbert-URSO-nouvel-adh\u00e9rent-vient-de-r\u00e9aliser-les-plaques-du-tender.jpg 1200w\" sizes=\"auto, (max-width: 300px) 100vw, 300px\" \/><\/a><\/p>\n"},"caption":{"rendered":"<p>Gilbert URSO nouvel adh\u00e9rent vient de r\u00e9aliser les plaques du tender.<\/p>\n"},"alt_text":"","media_type":"image","mime_type":"image\/jpeg","media_details":{"width":1200,"height":900,"file":"2013\/10\/Gilbert-URSO-nouvel-adh\u00e9rent-vient-de-r\u00e9aliser-les-plaques-du-tender.jpg","sizes":{"thumbnail":{"file":"Gilbert-URSO-nouvel-adh\u00e9rent-vient-de-r\u00e9aliser-les-plaques-du-tender-150x150.jpg","width":150,"height":150,"mime_type":"image\/jpeg","source_url":"https:\/\/meriller-vapeur.fr\/wp3\/wp-content\/uploads\/2013\/10\/Gilbert-URSO-nouvel-adh\u00e9rent-vient-de-r\u00e9aliser-les-plaques-du-tender-150x150.jpg"},"medium":{"file":"Gilbert-URSO-nouvel-adh\u00e9rent-vient-de-r\u00e9aliser-les-plaques-du-tender-300x225.jpg","width":300,"height":225,"mime_type":"image\/jpeg","source_url":"https:\/\/meriller-vapeur.fr\/wp3\/wp-content\/uploads\/2013\/10\/Gilbert-URSO-nouvel-adh\u00e9rent-vient-de-r\u00e9aliser-les-plaques-du-tender-300x225.jpg"},"large":{"file":"Gilbert-URSO-nouvel-adh\u00e9rent-vient-de-r\u00e9aliser-les-plaques-du-tender-1024x768.jpg","width":1024,"height":768,"mime_type":"image\/jpeg","source_url":"https:\/\/meriller-vapeur.fr\/wp3\/wp-content\/uploads\/2013\/10\/Gilbert-URSO-nouvel-adh\u00e9rent-vient-de-r\u00e9aliser-les-plaques-du-tender-1024x768.jpg"},"full":{"file":"Gilbert-URSO-nouvel-adh\u00e9rent-vient-de-r\u00e9aliser-les-plaques-du-tender.jpg","width":1200,"height":900,"mime_type":"image\/jpeg","source_url":"https:\/\/meriller-vapeur.fr\/wp3\/wp-content\/uploads\/2013\/10\/Gilbert-URSO-nouvel-adh\u00e9rent-vient-de-r\u00e9aliser-les-plaques-du-tender.jpg"}},"image_meta":{"aperture":0,"credit":"","camera":"","caption":"","created_timestamp":0,"copyright":"","focal_length":0,"iso":0,"shutter_speed":0,"title":""}},"post":929,"source_url":"https:\/\/meriller-vapeur.fr\/wp3\/wp-content\/uploads\/2013\/10\/Gilbert-URSO-nouvel-adh\u00e9rent-vient-de-r\u00e9aliser-les-plaques-du-tender.jpg","_links":{"self":[{"href":"https:\/\/meriller-vapeur.fr\/wp3\/index.php?rest_route=\/wp\/v2\/media\/938","targetHints":{"allow":["GET"]}}],"collection":[{"href":"https:\/\/meriller-vapeur.fr\/wp3\/index.php?rest_route=\/wp\/v2\/media"}],"about":[{"href":"https:\/\/meriller-vapeur.fr\/wp3\/index.php?rest_route=\/wp\/v2\/types\/attachment"}],"author":[{"embeddable":true,"href":"https:\/\/meriller-vapeur.fr\/wp3\/index.php?rest_route=\/wp\/v2\/users\/1"}],"replies":[{"embeddable":true,"href":"https:\/\/meriller-vapeur.fr\/wp3\/index.php?rest_route=%2Fwp%2Fv2%2Fcomments&post=938"}],"wp:attached-to":[{"embeddable":true,"post_type":"page","id":929,"href":"https:\/\/meriller-vapeur.fr\/wp3\/index.php?rest_route=\/wp\/v2\/pages\/929"}],"curies":[{"name":"wp","href":"https:\/\/api.w.org\/{rel}","templated":true}]}}

http://meriller-vapeur.fr/wp3/wp-content/uploads/2013/10/Gilbert-URSO-nouvel-adhérent-vient-de-réaliser-les-plaques-du-tender.jpg

<p class="attachment"><a href='https://meriller-vapeur.fr/wp3/wp-content/uploads/2013/10/Gilbert-URSO-nouvel-adhérent-vient-de-réaliser-les-plaques-du-tender.jpg'><img loading="lazy" decoding="async" width="300" height="225" src="https://meriller-vapeur.fr/wp3/wp-content/uploads/2013/10/Gilbert-URSO-nouvel-adhérent-vient-de-réaliser-les-plaques-du-tender-300x225.jpg" class="attachment-medium size-medium" alt="" srcset="https://meriller-vapeur.fr/wp3/wp-content/uploads/2013/10/Gilbert-URSO-nouvel-adhérent-vient-de-réaliser-les-plaques-du-tender-300x225.jpg 300w, https://meriller-vapeur.fr/wp3/wp-content/uploads/2013/10/Gilbert-URSO-nouvel-adhérent-vient-de-réaliser-les-plaques-du-tender-1024x768.jpg 1024w, https://meriller-vapeur.fr/wp3/wp-content/uploads/2013/10/Gilbert-URSO-nouvel-adhérent-vient-de-réaliser-les-plaques-du-tender.jpg 1200w" sizes="auto, (max-width: 300px) 100vw, 300px" /></a></p>

<p>Gilbert URSO nouvel adhérent vient de réaliser les plaques du tender.</p>

2013/10/Gilbert-URSO-nouvel-adhérent-vient-de-réaliser-les-plaques-du-tender.jpg

Gilbert-URSO-nouvel-adhérent-vient-de-réaliser-les-plaques-du-tender-150x150.jpg

https://meriller-vapeur.fr/wp3/wp-content/uploads/2013/10/Gilbert-URSO-nouvel-adhérent-vient-de-réaliser-les-plaques-du-tender-150x150.jpg

Gilbert-URSO-nouvel-adhérent-vient-de-réaliser-les-plaques-du-tender-300x225.jpg

https://meriller-vapeur.fr/wp3/wp-content/uploads/2013/10/Gilbert-URSO-nouvel-adhérent-vient-de-réaliser-les-plaques-du-tender-300x225.jpg

Gilbert-URSO-nouvel-adhérent-vient-de-réaliser-les-plaques-du-tender-1024x768.jpg

https://meriller-vapeur.fr/wp3/wp-content/uploads/2013/10/Gilbert-URSO-nouvel-adhérent-vient-de-réaliser-les-plaques-du-tender-1024x768.jpg

Gilbert-URSO-nouvel-adhérent-vient-de-réaliser-les-plaques-du-tender.jpg

https://meriller-vapeur.fr/wp3/wp-content/uploads/2013/10/Gilbert-URSO-nouvel-adhérent-vient-de-réaliser-les-plaques-du-tender.jpg
