{"id":5200,"date":"2015-12-08T14:57:30","date_gmt":"2015-12-08T13:57:30","guid":{"rendered":"http:\/\/meriller-vapeur.fr\/wp3\/wp-content\/uploads\/2015\/12\/Pr\u00e9sident-secr\u00e9taire.jpg"},"modified":"2015-12-08T15:11:12","modified_gmt":"2015-12-08T14:11:12","slug":"president-secretaire","status":"inherit","type":"attachment","link":"https:\/\/meriller-vapeur.fr\/wp3\/?attachment_id=5200","title":{"rendered":"Pr\u00e9sident secr\u00e9taire"},"author":1,"featured_media":0,"comment_status":"open","ping_status":"closed","template":"","meta":[],"class_list":["post-5200","attachment","type-attachment","status-inherit","hentry"],"a3_pvc":{"activated":false,"total_views":0,"today_views":0},"description":{"rendered":"<p class=\"attachment\"><a href='https:\/\/meriller-vapeur.fr\/wp3\/wp-content\/uploads\/2015\/12\/Pr\u00e9sident-secr\u00e9taire.jpg'><img loading=\"lazy\" decoding=\"async\" width=\"300\" height=\"199\" src=\"https:\/\/meriller-vapeur.fr\/wp3\/wp-content\/uploads\/2015\/12\/Pr\u00e9sident-secr\u00e9taire-300x199.jpg\" class=\"attachment-medium size-medium\" alt=\"\" srcset=\"https:\/\/meriller-vapeur.fr\/wp3\/wp-content\/uploads\/2015\/12\/Pr\u00e9sident-secr\u00e9taire-300x199.jpg 300w, https:\/\/meriller-vapeur.fr\/wp3\/wp-content\/uploads\/2015\/12\/Pr\u00e9sident-secr\u00e9taire-1024x678.jpg 1024w, https:\/\/meriller-vapeur.fr\/wp3\/wp-content\/uploads\/2015\/12\/Pr\u00e9sident-secr\u00e9taire.jpg 1200w\" sizes=\"auto, (max-width: 300px) 100vw, 300px\" \/><\/a><\/p>\n"},"caption":{"rendered":"<p>Pr\u00e9sident &#038; Secr\u00e9taire.<\/p>\n"},"alt_text":"","media_type":"image","mime_type":"image\/jpeg","media_details":{"width":1200,"height":795,"file":"2015\/12\/Pr\u00e9sident-secr\u00e9taire.jpg","sizes":{"thumbnail":{"file":"Pr\u00e9sident-secr\u00e9taire-150x150.jpg","width":150,"height":150,"mime_type":"image\/jpeg","source_url":"https:\/\/meriller-vapeur.fr\/wp3\/wp-content\/uploads\/2015\/12\/Pr\u00e9sident-secr\u00e9taire-150x150.jpg"},"medium":{"file":"Pr\u00e9sident-secr\u00e9taire-300x199.jpg","width":300,"height":199,"mime_type":"image\/jpeg","source_url":"https:\/\/meriller-vapeur.fr\/wp3\/wp-content\/uploads\/2015\/12\/Pr\u00e9sident-secr\u00e9taire-300x199.jpg"},"large":{"file":"Pr\u00e9sident-secr\u00e9taire-1024x678.jpg","width":1024,"height":678,"mime_type":"image\/jpeg","source_url":"https:\/\/meriller-vapeur.fr\/wp3\/wp-content\/uploads\/2015\/12\/Pr\u00e9sident-secr\u00e9taire-1024x678.jpg"},"full":{"file":"Pr\u00e9sident-secr\u00e9taire.jpg","width":1200,"height":795,"mime_type":"image\/jpeg","source_url":"https:\/\/meriller-vapeur.fr\/wp3\/wp-content\/uploads\/2015\/12\/Pr\u00e9sident-secr\u00e9taire.jpg"}},"image_meta":{"aperture":0,"credit":"","camera":"","caption":"","created_timestamp":0,"copyright":"","focal_length":0,"iso":0,"shutter_speed":0,"title":"","orientation":0}},"post":5184,"source_url":"https:\/\/meriller-vapeur.fr\/wp3\/wp-content\/uploads\/2015\/12\/Pr\u00e9sident-secr\u00e9taire.jpg","_links":{"self":[{"href":"https:\/\/meriller-vapeur.fr\/wp3\/index.php?rest_route=\/wp\/v2\/media\/5200","targetHints":{"allow":["GET"]}}],"collection":[{"href":"https:\/\/meriller-vapeur.fr\/wp3\/index.php?rest_route=\/wp\/v2\/media"}],"about":[{"href":"https:\/\/meriller-vapeur.fr\/wp3\/index.php?rest_route=\/wp\/v2\/types\/attachment"}],"author":[{"embeddable":true,"href":"https:\/\/meriller-vapeur.fr\/wp3\/index.php?rest_route=\/wp\/v2\/users\/1"}],"replies":[{"embeddable":true,"href":"https:\/\/meriller-vapeur.fr\/wp3\/index.php?rest_route=%2Fwp%2Fv2%2Fcomments&post=5200"}],"wp:attached-to":[{"embeddable":true,"post_type":"page","id":5184,"href":"https:\/\/meriller-vapeur.fr\/wp3\/index.php?rest_route=\/wp\/v2\/pages\/5184"}],"curies":[{"name":"wp","href":"https:\/\/api.w.org\/{rel}","templated":true}]}}

http://meriller-vapeur.fr/wp3/wp-content/uploads/2015/12/Président-secrétaire.jpg

Président secrétaire

<p class="attachment"><a href='https://meriller-vapeur.fr/wp3/wp-content/uploads/2015/12/Président-secrétaire.jpg'><img loading="lazy" decoding="async" width="300" height="199" src="https://meriller-vapeur.fr/wp3/wp-content/uploads/2015/12/Président-secrétaire-300x199.jpg" class="attachment-medium size-medium" alt="" srcset="https://meriller-vapeur.fr/wp3/wp-content/uploads/2015/12/Président-secrétaire-300x199.jpg 300w, https://meriller-vapeur.fr/wp3/wp-content/uploads/2015/12/Président-secrétaire-1024x678.jpg 1024w, https://meriller-vapeur.fr/wp3/wp-content/uploads/2015/12/Président-secrétaire.jpg 1200w" sizes="auto, (max-width: 300px) 100vw, 300px" /></a></p>

<p>Président &#038; Secrétaire.</p>

2015/12/Président-secrétaire.jpg

Président-secrétaire-150x150.jpg

https://meriller-vapeur.fr/wp3/wp-content/uploads/2015/12/Président-secrétaire-150x150.jpg

Président-secrétaire-300x199.jpg

https://meriller-vapeur.fr/wp3/wp-content/uploads/2015/12/Président-secrétaire-300x199.jpg

Président-secrétaire-1024x678.jpg

https://meriller-vapeur.fr/wp3/wp-content/uploads/2015/12/Président-secrétaire-1024x678.jpg

Président-secrétaire.jpg

https://meriller-vapeur.fr/wp3/wp-content/uploads/2015/12/Président-secrétaire.jpg
