{"id":14896,"date":"2022-12-10T17:55:14","date_gmt":"2022-12-10T16:55:14","guid":{"rendered":"https:\/\/meriller-vapeur.fr\/wp3\/wp-content\/uploads\/2022\/12\/TRAIN-DES-ALPES-MARCHE-DE-NOEL-4-12-2022-IMG_1603.jpg"},"modified":"2022-12-10T18:12:15","modified_gmt":"2022-12-10T17:12:15","slug":"train-des-alpes-marche-de-noel-4-12-2022-img_1603","status":"inherit","type":"attachment","link":"https:\/\/meriller-vapeur.fr\/wp3\/?attachment_id=14896","title":{"rendered":"TRAIN DES ALPES MARCHE DE NOEL 4 12 2022 IMG_1603"},"author":1,"featured_media":0,"comment_status":"open","ping_status":"closed","template":"","meta":[],"class_list":["post-14896","attachment","type-attachment","status-inherit","hentry"],"a3_pvc":{"activated":false,"total_views":0,"today_views":0},"description":{"rendered":"<p class=\"attachment\"><a href='https:\/\/meriller-vapeur.fr\/wp3\/wp-content\/uploads\/2022\/12\/TRAIN-DES-ALPES-MARCHE-DE-NOEL-4-12-2022-IMG_1603.jpg'><img loading=\"lazy\" decoding=\"async\" width=\"300\" height=\"200\" src=\"https:\/\/meriller-vapeur.fr\/wp3\/wp-content\/uploads\/2022\/12\/TRAIN-DES-ALPES-MARCHE-DE-NOEL-4-12-2022-IMG_1603-300x200.jpg\" class=\"attachment-medium size-medium\" alt=\"\" srcset=\"https:\/\/meriller-vapeur.fr\/wp3\/wp-content\/uploads\/2022\/12\/TRAIN-DES-ALPES-MARCHE-DE-NOEL-4-12-2022-IMG_1603-300x200.jpg 300w, https:\/\/meriller-vapeur.fr\/wp3\/wp-content\/uploads\/2022\/12\/TRAIN-DES-ALPES-MARCHE-DE-NOEL-4-12-2022-IMG_1603-1024x684.jpg 1024w, https:\/\/meriller-vapeur.fr\/wp3\/wp-content\/uploads\/2022\/12\/TRAIN-DES-ALPES-MARCHE-DE-NOEL-4-12-2022-IMG_1603-768x513.jpg 768w, https:\/\/meriller-vapeur.fr\/wp3\/wp-content\/uploads\/2022\/12\/TRAIN-DES-ALPES-MARCHE-DE-NOEL-4-12-2022-IMG_1603-1536x1026.jpg 1536w, https:\/\/meriller-vapeur.fr\/wp3\/wp-content\/uploads\/2022\/12\/TRAIN-DES-ALPES-MARCHE-DE-NOEL-4-12-2022-IMG_1603-660x441.jpg 660w, https:\/\/meriller-vapeur.fr\/wp3\/wp-content\/uploads\/2022\/12\/TRAIN-DES-ALPES-MARCHE-DE-NOEL-4-12-2022-IMG_1603.jpg 1600w\" sizes=\"auto, (max-width: 300px) 100vw, 300px\" \/><\/a><\/p>\n"},"caption":{"rendered":"<p>R\u00e9seau TRAIN des ALPES march\u00e9 de No\u00ebl.<\/p>\n"},"alt_text":"","media_type":"image","mime_type":"image\/jpeg","media_details":{"width":1600,"height":1069,"file":"2022\/12\/TRAIN-DES-ALPES-MARCHE-DE-NOEL-4-12-2022-IMG_1603.jpg","filesize":330342,"sizes":{"medium":{"file":"TRAIN-DES-ALPES-MARCHE-DE-NOEL-4-12-2022-IMG_1603-300x200.jpg","width":300,"height":200,"filesize":38788,"mime_type":"image\/jpeg","source_url":"https:\/\/meriller-vapeur.fr\/wp3\/wp-content\/uploads\/2022\/12\/TRAIN-DES-ALPES-MARCHE-DE-NOEL-4-12-2022-IMG_1603-300x200.jpg"},"large":{"file":"TRAIN-DES-ALPES-MARCHE-DE-NOEL-4-12-2022-IMG_1603-1024x684.jpg","width":1024,"height":684,"filesize":182062,"mime_type":"image\/jpeg","source_url":"https:\/\/meriller-vapeur.fr\/wp3\/wp-content\/uploads\/2022\/12\/TRAIN-DES-ALPES-MARCHE-DE-NOEL-4-12-2022-IMG_1603-1024x684.jpg"},"thumbnail":{"file":"TRAIN-DES-ALPES-MARCHE-DE-NOEL-4-12-2022-IMG_1603-150x150.jpg","width":150,"height":150,"filesize":29107,"mime_type":"image\/jpeg","source_url":"https:\/\/meriller-vapeur.fr\/wp3\/wp-content\/uploads\/2022\/12\/TRAIN-DES-ALPES-MARCHE-DE-NOEL-4-12-2022-IMG_1603-150x150.jpg"},"medium_large":{"file":"TRAIN-DES-ALPES-MARCHE-DE-NOEL-4-12-2022-IMG_1603-768x513.jpg","width":768,"height":513,"filesize":117759,"mime_type":"image\/jpeg","source_url":"https:\/\/meriller-vapeur.fr\/wp3\/wp-content\/uploads\/2022\/12\/TRAIN-DES-ALPES-MARCHE-DE-NOEL-4-12-2022-IMG_1603-768x513.jpg"},"1536x1536":{"file":"TRAIN-DES-ALPES-MARCHE-DE-NOEL-4-12-2022-IMG_1603-1536x1026.jpg","width":1536,"height":1026,"filesize":340965,"mime_type":"image\/jpeg","source_url":"https:\/\/meriller-vapeur.fr\/wp3\/wp-content\/uploads\/2022\/12\/TRAIN-DES-ALPES-MARCHE-DE-NOEL-4-12-2022-IMG_1603-1536x1026.jpg"},"post-thumbnail":{"file":"TRAIN-DES-ALPES-MARCHE-DE-NOEL-4-12-2022-IMG_1603-660x441.jpg","width":660,"height":441,"filesize":94949,"mime_type":"image\/jpeg","source_url":"https:\/\/meriller-vapeur.fr\/wp3\/wp-content\/uploads\/2022\/12\/TRAIN-DES-ALPES-MARCHE-DE-NOEL-4-12-2022-IMG_1603-660x441.jpg"},"excerpt-thumbnail":{"file":"TRAIN-DES-ALPES-MARCHE-DE-NOEL-4-12-2022-IMG_1603-200x140.jpg","width":200,"height":140,"filesize":30293,"mime_type":"image\/jpeg","source_url":"https:\/\/meriller-vapeur.fr\/wp3\/wp-content\/uploads\/2022\/12\/TRAIN-DES-ALPES-MARCHE-DE-NOEL-4-12-2022-IMG_1603-200x140.jpg"},"excerpt-thumbnail-mobile":{"file":"TRAIN-DES-ALPES-MARCHE-DE-NOEL-4-12-2022-IMG_1603-380x200.jpg","width":380,"height":200,"filesize":43843,"mime_type":"image\/jpeg","source_url":"https:\/\/meriller-vapeur.fr\/wp3\/wp-content\/uploads\/2022\/12\/TRAIN-DES-ALPES-MARCHE-DE-NOEL-4-12-2022-IMG_1603-380x200.jpg"},"full":{"file":"TRAIN-DES-ALPES-MARCHE-DE-NOEL-4-12-2022-IMG_1603.jpg","width":1600,"height":1069,"mime_type":"image\/jpeg","source_url":"https:\/\/meriller-vapeur.fr\/wp3\/wp-content\/uploads\/2022\/12\/TRAIN-DES-ALPES-MARCHE-DE-NOEL-4-12-2022-IMG_1603.jpg"}},"image_meta":{"aperture":"3.2","credit":"","camera":"Canon PowerShot SX620 HS","caption":"","created_timestamp":"1670063654","copyright":"","focal_length":"4.5","iso":"400","shutter_speed":"0.05","title":"","orientation":"1","keywords":[]}},"post":14863,"source_url":"https:\/\/meriller-vapeur.fr\/wp3\/wp-content\/uploads\/2022\/12\/TRAIN-DES-ALPES-MARCHE-DE-NOEL-4-12-2022-IMG_1603.jpg","_links":{"self":[{"href":"https:\/\/meriller-vapeur.fr\/wp3\/index.php?rest_route=\/wp\/v2\/media\/14896","targetHints":{"allow":["GET"]}}],"collection":[{"href":"https:\/\/meriller-vapeur.fr\/wp3\/index.php?rest_route=\/wp\/v2\/media"}],"about":[{"href":"https:\/\/meriller-vapeur.fr\/wp3\/index.php?rest_route=\/wp\/v2\/types\/attachment"}],"author":[{"embeddable":true,"href":"https:\/\/meriller-vapeur.fr\/wp3\/index.php?rest_route=\/wp\/v2\/users\/1"}],"replies":[{"embeddable":true,"href":"https:\/\/meriller-vapeur.fr\/wp3\/index.php?rest_route=%2Fwp%2Fv2%2Fcomments&post=14896"}],"wp:attached-to":[{"embeddable":true,"post_type":"page","id":14863,"href":"https:\/\/meriller-vapeur.fr\/wp3\/index.php?rest_route=\/wp\/v2\/pages\/14863"}],"curies":[{"name":"wp","href":"https:\/\/api.w.org\/{rel}","templated":true}]}}

<p>Réseau TRAIN des ALPES marché de Noël.</p>
