{"id":14303,"date":"2022-07-13T18:13:01","date_gmt":"2022-07-13T16:13:01","guid":{"rendered":"https:\/\/meriller-vapeur.fr\/wp3\/wp-content\/uploads\/2022\/07\/27-10.06.2022-Un-apero-bien-merite-enfin-les-toles-des-cylindres-sont-posees-IMG_1270.jpg"},"modified":"2022-07-13T18:13:01","modified_gmt":"2022-07-13T16:13:01","slug":"27-10-06-2022-un-apero-bien-merite-enfin-les-toles-des-cylindres-sont-posees-img_1270","status":"inherit","type":"attachment","link":"https:\/\/meriller-vapeur.fr\/wp3\/?attachment_id=14303","title":{"rendered":"27 10.06.2022 Un ap\u00e9ro bien m\u00e9rit\u00e9, enfin les t\u00f4les des cylindres sont pos\u00e9es IMG_1270"},"author":1,"featured_media":0,"comment_status":"open","ping_status":"closed","template":"","meta":[],"class_list":["post-14303","attachment","type-attachment","status-inherit","hentry"],"a3_pvc":{"activated":false,"total_views":0,"today_views":0},"description":{"rendered":"<p class=\"attachment\"><a href='https:\/\/meriller-vapeur.fr\/wp3\/wp-content\/uploads\/2022\/07\/27-10.06.2022-Un-apero-bien-merite-enfin-les-toles-des-cylindres-sont-posees-IMG_1270.jpg'><img loading=\"lazy\" decoding=\"async\" width=\"300\" height=\"200\" src=\"https:\/\/meriller-vapeur.fr\/wp3\/wp-content\/uploads\/2022\/07\/27-10.06.2022-Un-apero-bien-merite-enfin-les-toles-des-cylindres-sont-posees-IMG_1270-300x200.jpg\" class=\"attachment-medium size-medium\" alt=\"\" srcset=\"https:\/\/meriller-vapeur.fr\/wp3\/wp-content\/uploads\/2022\/07\/27-10.06.2022-Un-apero-bien-merite-enfin-les-toles-des-cylindres-sont-posees-IMG_1270-300x200.jpg 300w, https:\/\/meriller-vapeur.fr\/wp3\/wp-content\/uploads\/2022\/07\/27-10.06.2022-Un-apero-bien-merite-enfin-les-toles-des-cylindres-sont-posees-IMG_1270-1024x684.jpg 1024w, https:\/\/meriller-vapeur.fr\/wp3\/wp-content\/uploads\/2022\/07\/27-10.06.2022-Un-apero-bien-merite-enfin-les-toles-des-cylindres-sont-posees-IMG_1270-768x513.jpg 768w, https:\/\/meriller-vapeur.fr\/wp3\/wp-content\/uploads\/2022\/07\/27-10.06.2022-Un-apero-bien-merite-enfin-les-toles-des-cylindres-sont-posees-IMG_1270-1536x1026.jpg 1536w, https:\/\/meriller-vapeur.fr\/wp3\/wp-content\/uploads\/2022\/07\/27-10.06.2022-Un-apero-bien-merite-enfin-les-toles-des-cylindres-sont-posees-IMG_1270-660x441.jpg 660w, https:\/\/meriller-vapeur.fr\/wp3\/wp-content\/uploads\/2022\/07\/27-10.06.2022-Un-apero-bien-merite-enfin-les-toles-des-cylindres-sont-posees-IMG_1270.jpg 1600w\" sizes=\"auto, (max-width: 300px) 100vw, 300px\" \/><\/a><\/p>\n"},"caption":{"rendered":""},"alt_text":"","media_type":"image","mime_type":"image\/jpeg","media_details":{"width":1600,"height":1069,"file":"2022\/07\/27-10.06.2022-Un-apero-bien-merite-enfin-les-toles-des-cylindres-sont-posees-IMG_1270.jpg","filesize":220854,"sizes":{"medium":{"file":"27-10.06.2022-Un-apero-bien-merite-enfin-les-toles-des-cylindres-sont-posees-IMG_1270-300x200.jpg","width":300,"height":200,"filesize":37996,"mime_type":"image\/jpeg","source_url":"https:\/\/meriller-vapeur.fr\/wp3\/wp-content\/uploads\/2022\/07\/27-10.06.2022-Un-apero-bien-merite-enfin-les-toles-des-cylindres-sont-posees-IMG_1270-300x200.jpg"},"large":{"file":"27-10.06.2022-Un-apero-bien-merite-enfin-les-toles-des-cylindres-sont-posees-IMG_1270-1024x684.jpg","width":1024,"height":684,"filesize":173589,"mime_type":"image\/jpeg","source_url":"https:\/\/meriller-vapeur.fr\/wp3\/wp-content\/uploads\/2022\/07\/27-10.06.2022-Un-apero-bien-merite-enfin-les-toles-des-cylindres-sont-posees-IMG_1270-1024x684.jpg"},"thumbnail":{"file":"27-10.06.2022-Un-apero-bien-merite-enfin-les-toles-des-cylindres-sont-posees-IMG_1270-150x150.jpg","width":150,"height":150,"filesize":28486,"mime_type":"image\/jpeg","source_url":"https:\/\/meriller-vapeur.fr\/wp3\/wp-content\/uploads\/2022\/07\/27-10.06.2022-Un-apero-bien-merite-enfin-les-toles-des-cylindres-sont-posees-IMG_1270-150x150.jpg"},"medium_large":{"file":"27-10.06.2022-Un-apero-bien-merite-enfin-les-toles-des-cylindres-sont-posees-IMG_1270-768x513.jpg","width":768,"height":513,"filesize":112156,"mime_type":"image\/jpeg","source_url":"https:\/\/meriller-vapeur.fr\/wp3\/wp-content\/uploads\/2022\/07\/27-10.06.2022-Un-apero-bien-merite-enfin-les-toles-des-cylindres-sont-posees-IMG_1270-768x513.jpg"},"1536x1536":{"file":"27-10.06.2022-Un-apero-bien-merite-enfin-les-toles-des-cylindres-sont-posees-IMG_1270-1536x1026.jpg","width":1536,"height":1026,"filesize":322180,"mime_type":"image\/jpeg","source_url":"https:\/\/meriller-vapeur.fr\/wp3\/wp-content\/uploads\/2022\/07\/27-10.06.2022-Un-apero-bien-merite-enfin-les-toles-des-cylindres-sont-posees-IMG_1270-1536x1026.jpg"},"post-thumbnail":{"file":"27-10.06.2022-Un-apero-bien-merite-enfin-les-toles-des-cylindres-sont-posees-IMG_1270-660x441.jpg","width":660,"height":441,"filesize":90822,"mime_type":"image\/jpeg","source_url":"https:\/\/meriller-vapeur.fr\/wp3\/wp-content\/uploads\/2022\/07\/27-10.06.2022-Un-apero-bien-merite-enfin-les-toles-des-cylindres-sont-posees-IMG_1270-660x441.jpg"},"excerpt-thumbnail":{"file":"27-10.06.2022-Un-apero-bien-merite-enfin-les-toles-des-cylindres-sont-posees-IMG_1270-200x140.jpg","width":200,"height":140,"filesize":30029,"mime_type":"image\/jpeg","source_url":"https:\/\/meriller-vapeur.fr\/wp3\/wp-content\/uploads\/2022\/07\/27-10.06.2022-Un-apero-bien-merite-enfin-les-toles-des-cylindres-sont-posees-IMG_1270-200x140.jpg"},"excerpt-thumbnail-mobile":{"file":"27-10.06.2022-Un-apero-bien-merite-enfin-les-toles-des-cylindres-sont-posees-IMG_1270-380x200.jpg","width":380,"height":200,"filesize":40940,"mime_type":"image\/jpeg","source_url":"https:\/\/meriller-vapeur.fr\/wp3\/wp-content\/uploads\/2022\/07\/27-10.06.2022-Un-apero-bien-merite-enfin-les-toles-des-cylindres-sont-posees-IMG_1270-380x200.jpg"},"full":{"file":"27-10.06.2022-Un-apero-bien-merite-enfin-les-toles-des-cylindres-sont-posees-IMG_1270.jpg","width":1600,"height":1069,"mime_type":"image\/jpeg","source_url":"https:\/\/meriller-vapeur.fr\/wp3\/wp-content\/uploads\/2022\/07\/27-10.06.2022-Un-apero-bien-merite-enfin-les-toles-des-cylindres-sont-posees-IMG_1270.jpg"}},"image_meta":{"aperture":"3.2","credit":"","camera":"Canon PowerShot SX620 HS","caption":"","created_timestamp":"1654858179","copyright":"","focal_length":"4.5","iso":"160","shutter_speed":"0.0015625","title":"","orientation":"1","keywords":[]}},"post":14268,"source_url":"https:\/\/meriller-vapeur.fr\/wp3\/wp-content\/uploads\/2022\/07\/27-10.06.2022-Un-apero-bien-merite-enfin-les-toles-des-cylindres-sont-posees-IMG_1270.jpg","_links":{"self":[{"href":"https:\/\/meriller-vapeur.fr\/wp3\/index.php?rest_route=\/wp\/v2\/media\/14303","targetHints":{"allow":["GET"]}}],"collection":[{"href":"https:\/\/meriller-vapeur.fr\/wp3\/index.php?rest_route=\/wp\/v2\/media"}],"about":[{"href":"https:\/\/meriller-vapeur.fr\/wp3\/index.php?rest_route=\/wp\/v2\/types\/attachment"}],"author":[{"embeddable":true,"href":"https:\/\/meriller-vapeur.fr\/wp3\/index.php?rest_route=\/wp\/v2\/users\/1"}],"replies":[{"embeddable":true,"href":"https:\/\/meriller-vapeur.fr\/wp3\/index.php?rest_route=%2Fwp%2Fv2%2Fcomments&post=14303"}],"wp:attached-to":[{"embeddable":true,"post_type":"page","id":14268,"href":"https:\/\/meriller-vapeur.fr\/wp3\/index.php?rest_route=\/wp\/v2\/pages\/14268"}],"curies":[{"name":"wp","href":"https:\/\/api.w.org\/{rel}","templated":true}]}}

27 10.06.2022 Un apéro bien mérité, enfin les tôles des cylindres sont posées IMG_1270
