{"id":13740,"date":"2022-01-31T10:57:51","date_gmt":"2022-01-31T09:57:51","guid":{"rendered":"https:\/\/meriller-vapeur.fr\/wp3\/wp-content\/uploads\/2022\/01\/AG-MV24-22-01-22-C.-ROUMAGOUS-Journal-S.O-F.-VEZIGNOL-represenrant-J.-AUZOU-Maire-de-B.I.M-M.-VOLPATO-representant-G.-PERO-Pdt-CD-24-Arriere-plan-ADHERENTS-MV-IMG_1086.jpg"},"modified":"2022-01-31T11:07:44","modified_gmt":"2022-01-31T10:07:44","slug":"ag-mv24-22-01-22-c-roumagous-journal-s-o-f-vezignol-represenrant-j-auzou-maire-de-b-i-m-m-volpato-representant-g-pero-pdt-cd-24-arriere-plan-adherents-mv-img_1086","status":"inherit","type":"attachment","link":"https:\/\/meriller-vapeur.fr\/wp3\/?attachment_id=13740","title":{"rendered":"AG MV24 22 01 22 C. ROUMAGOUS Journal S.O F. VEZIGNOL repr\u00e9senrant J. AUZOU Maire de B.I.M M. VOLPATO repr\u00e9sentant G. PERO Pdt CD 24 Arri\u00e8re plan ADHERENTS MV IMG_1086"},"author":1,"featured_media":0,"comment_status":"open","ping_status":"closed","template":"","meta":[],"class_list":["post-13740","attachment","type-attachment","status-inherit","hentry"],"a3_pvc":{"activated":false,"total_views":0,"today_views":0},"description":{"rendered":"<p class=\"attachment\"><a href='https:\/\/meriller-vapeur.fr\/wp3\/wp-content\/uploads\/2022\/01\/AG-MV24-22-01-22-C.-ROUMAGOUS-Journal-S.O-F.-VEZIGNOL-represenrant-J.-AUZOU-Maire-de-B.I.M-M.-VOLPATO-representant-G.-PERO-Pdt-CD-24-Arriere-plan-ADHERENTS-MV-IMG_1086.jpg'><img loading=\"lazy\" decoding=\"async\" width=\"300\" height=\"200\" src=\"https:\/\/meriller-vapeur.fr\/wp3\/wp-content\/uploads\/2022\/01\/AG-MV24-22-01-22-C.-ROUMAGOUS-Journal-S.O-F.-VEZIGNOL-represenrant-J.-AUZOU-Maire-de-B.I.M-M.-VOLPATO-representant-G.-PERO-Pdt-CD-24-Arriere-plan-ADHERENTS-MV-IMG_1086-300x200.jpg\" class=\"attachment-medium size-medium\" alt=\"\" srcset=\"https:\/\/meriller-vapeur.fr\/wp3\/wp-content\/uploads\/2022\/01\/AG-MV24-22-01-22-C.-ROUMAGOUS-Journal-S.O-F.-VEZIGNOL-represenrant-J.-AUZOU-Maire-de-B.I.M-M.-VOLPATO-representant-G.-PERO-Pdt-CD-24-Arriere-plan-ADHERENTS-MV-IMG_1086-300x200.jpg 300w, https:\/\/meriller-vapeur.fr\/wp3\/wp-content\/uploads\/2022\/01\/AG-MV24-22-01-22-C.-ROUMAGOUS-Journal-S.O-F.-VEZIGNOL-represenrant-J.-AUZOU-Maire-de-B.I.M-M.-VOLPATO-representant-G.-PERO-Pdt-CD-24-Arriere-plan-ADHERENTS-MV-IMG_1086-1024x684.jpg 1024w, https:\/\/meriller-vapeur.fr\/wp3\/wp-content\/uploads\/2022\/01\/AG-MV24-22-01-22-C.-ROUMAGOUS-Journal-S.O-F.-VEZIGNOL-represenrant-J.-AUZOU-Maire-de-B.I.M-M.-VOLPATO-representant-G.-PERO-Pdt-CD-24-Arriere-plan-ADHERENTS-MV-IMG_1086-768x513.jpg 768w, https:\/\/meriller-vapeur.fr\/wp3\/wp-content\/uploads\/2022\/01\/AG-MV24-22-01-22-C.-ROUMAGOUS-Journal-S.O-F.-VEZIGNOL-represenrant-J.-AUZOU-Maire-de-B.I.M-M.-VOLPATO-representant-G.-PERO-Pdt-CD-24-Arriere-plan-ADHERENTS-MV-IMG_1086-1536x1026.jpg 1536w, https:\/\/meriller-vapeur.fr\/wp3\/wp-content\/uploads\/2022\/01\/AG-MV24-22-01-22-C.-ROUMAGOUS-Journal-S.O-F.-VEZIGNOL-represenrant-J.-AUZOU-Maire-de-B.I.M-M.-VOLPATO-representant-G.-PERO-Pdt-CD-24-Arriere-plan-ADHERENTS-MV-IMG_1086-660x441.jpg 660w, https:\/\/meriller-vapeur.fr\/wp3\/wp-content\/uploads\/2022\/01\/AG-MV24-22-01-22-C.-ROUMAGOUS-Journal-S.O-F.-VEZIGNOL-represenrant-J.-AUZOU-Maire-de-B.I.M-M.-VOLPATO-representant-G.-PERO-Pdt-CD-24-Arriere-plan-ADHERENTS-MV-IMG_1086.jpg 1600w\" sizes=\"auto, (max-width: 300px) 100vw, 300px\" \/><\/a><\/p>\n"},"caption":{"rendered":"<p>C. ROUMAGOUS Journal S.O. &#8211;   F. VEZIGNOL repr\u00e9senrant J. AUZOU Maire de B.I.M &#8211;  M. VOLPATO repr\u00e9sentant G. PEIRO Pdt CD 24 &#8211; Arri\u00e8re plan ADHERENTS MV 24<\/p>\n"},"alt_text":"","media_type":"image","mime_type":"image\/jpeg","media_details":{"width":1600,"height":1069,"file":"2022\/01\/AG-MV24-22-01-22-C.-ROUMAGOUS-Journal-S.O-F.-VEZIGNOL-represenrant-J.-AUZOU-Maire-de-B.I.M-M.-VOLPATO-representant-G.-PERO-Pdt-CD-24-Arriere-plan-ADHERENTS-MV-IMG_1086.jpg","sizes":{"medium":{"file":"AG-MV24-22-01-22-C.-ROUMAGOUS-Journal-S.O-F.-VEZIGNOL-represenrant-J.-AUZOU-Maire-de-B.I.M-M.-VOLPATO-representant-G.-PERO-Pdt-CD-24-Arriere-plan-ADHERENTS-MV-IMG_1086-300x200.jpg","width":300,"height":200,"mime_type":"image\/jpeg","source_url":"https:\/\/meriller-vapeur.fr\/wp3\/wp-content\/uploads\/2022\/01\/AG-MV24-22-01-22-C.-ROUMAGOUS-Journal-S.O-F.-VEZIGNOL-represenrant-J.-AUZOU-Maire-de-B.I.M-M.-VOLPATO-representant-G.-PERO-Pdt-CD-24-Arriere-plan-ADHERENTS-MV-IMG_1086-300x200.jpg"},"large":{"file":"AG-MV24-22-01-22-C.-ROUMAGOUS-Journal-S.O-F.-VEZIGNOL-represenrant-J.-AUZOU-Maire-de-B.I.M-M.-VOLPATO-representant-G.-PERO-Pdt-CD-24-Arriere-plan-ADHERENTS-MV-IMG_1086-1024x684.jpg","width":1024,"height":684,"mime_type":"image\/jpeg","source_url":"https:\/\/meriller-vapeur.fr\/wp3\/wp-content\/uploads\/2022\/01\/AG-MV24-22-01-22-C.-ROUMAGOUS-Journal-S.O-F.-VEZIGNOL-represenrant-J.-AUZOU-Maire-de-B.I.M-M.-VOLPATO-representant-G.-PERO-Pdt-CD-24-Arriere-plan-ADHERENTS-MV-IMG_1086-1024x684.jpg"},"thumbnail":{"file":"AG-MV24-22-01-22-C.-ROUMAGOUS-Journal-S.O-F.-VEZIGNOL-represenrant-J.-AUZOU-Maire-de-B.I.M-M.-VOLPATO-representant-G.-PERO-Pdt-CD-24-Arriere-plan-ADHERENTS-MV-IMG_1086-150x150.jpg","width":150,"height":150,"mime_type":"image\/jpeg","source_url":"https:\/\/meriller-vapeur.fr\/wp3\/wp-content\/uploads\/2022\/01\/AG-MV24-22-01-22-C.-ROUMAGOUS-Journal-S.O-F.-VEZIGNOL-represenrant-J.-AUZOU-Maire-de-B.I.M-M.-VOLPATO-representant-G.-PERO-Pdt-CD-24-Arriere-plan-ADHERENTS-MV-IMG_1086-150x150.jpg"},"medium_large":{"file":"AG-MV24-22-01-22-C.-ROUMAGOUS-Journal-S.O-F.-VEZIGNOL-represenrant-J.-AUZOU-Maire-de-B.I.M-M.-VOLPATO-representant-G.-PERO-Pdt-CD-24-Arriere-plan-ADHERENTS-MV-IMG_1086-768x513.jpg","width":768,"height":513,"mime_type":"image\/jpeg","source_url":"https:\/\/meriller-vapeur.fr\/wp3\/wp-content\/uploads\/2022\/01\/AG-MV24-22-01-22-C.-ROUMAGOUS-Journal-S.O-F.-VEZIGNOL-represenrant-J.-AUZOU-Maire-de-B.I.M-M.-VOLPATO-representant-G.-PERO-Pdt-CD-24-Arriere-plan-ADHERENTS-MV-IMG_1086-768x513.jpg"},"1536x1536":{"file":"AG-MV24-22-01-22-C.-ROUMAGOUS-Journal-S.O-F.-VEZIGNOL-represenrant-J.-AUZOU-Maire-de-B.I.M-M.-VOLPATO-representant-G.-PERO-Pdt-CD-24-Arriere-plan-ADHERENTS-MV-IMG_1086-1536x1026.jpg","width":1536,"height":1026,"mime_type":"image\/jpeg","source_url":"https:\/\/meriller-vapeur.fr\/wp3\/wp-content\/uploads\/2022\/01\/AG-MV24-22-01-22-C.-ROUMAGOUS-Journal-S.O-F.-VEZIGNOL-represenrant-J.-AUZOU-Maire-de-B.I.M-M.-VOLPATO-representant-G.-PERO-Pdt-CD-24-Arriere-plan-ADHERENTS-MV-IMG_1086-1536x1026.jpg"},"post-thumbnail":{"file":"AG-MV24-22-01-22-C.-ROUMAGOUS-Journal-S.O-F.-VEZIGNOL-represenrant-J.-AUZOU-Maire-de-B.I.M-M.-VOLPATO-representant-G.-PERO-Pdt-CD-24-Arriere-plan-ADHERENTS-MV-IMG_1086-660x441.jpg","width":660,"height":441,"mime_type":"image\/jpeg","source_url":"https:\/\/meriller-vapeur.fr\/wp3\/wp-content\/uploads\/2022\/01\/AG-MV24-22-01-22-C.-ROUMAGOUS-Journal-S.O-F.-VEZIGNOL-represenrant-J.-AUZOU-Maire-de-B.I.M-M.-VOLPATO-representant-G.-PERO-Pdt-CD-24-Arriere-plan-ADHERENTS-MV-IMG_1086-660x441.jpg"},"excerpt-thumbnail":{"file":"AG-MV24-22-01-22-C.-ROUMAGOUS-Journal-S.O-F.-VEZIGNOL-represenrant-J.-AUZOU-Maire-de-B.I.M-M.-VOLPATO-representant-G.-PERO-Pdt-CD-24-Arriere-plan-ADHERENTS-MV-IMG_1086-200x140.jpg","width":200,"height":140,"mime_type":"image\/jpeg","source_url":"https:\/\/meriller-vapeur.fr\/wp3\/wp-content\/uploads\/2022\/01\/AG-MV24-22-01-22-C.-ROUMAGOUS-Journal-S.O-F.-VEZIGNOL-represenrant-J.-AUZOU-Maire-de-B.I.M-M.-VOLPATO-representant-G.-PERO-Pdt-CD-24-Arriere-plan-ADHERENTS-MV-IMG_1086-200x140.jpg"},"excerpt-thumbnail-mobile":{"file":"AG-MV24-22-01-22-C.-ROUMAGOUS-Journal-S.O-F.-VEZIGNOL-represenrant-J.-AUZOU-Maire-de-B.I.M-M.-VOLPATO-representant-G.-PERO-Pdt-CD-24-Arriere-plan-ADHERENTS-MV-IMG_1086-380x200.jpg","width":380,"height":200,"mime_type":"image\/jpeg","source_url":"https:\/\/meriller-vapeur.fr\/wp3\/wp-content\/uploads\/2022\/01\/AG-MV24-22-01-22-C.-ROUMAGOUS-Journal-S.O-F.-VEZIGNOL-represenrant-J.-AUZOU-Maire-de-B.I.M-M.-VOLPATO-representant-G.-PERO-Pdt-CD-24-Arriere-plan-ADHERENTS-MV-IMG_1086-380x200.jpg"},"full":{"file":"AG-MV24-22-01-22-C.-ROUMAGOUS-Journal-S.O-F.-VEZIGNOL-represenrant-J.-AUZOU-Maire-de-B.I.M-M.-VOLPATO-representant-G.-PERO-Pdt-CD-24-Arriere-plan-ADHERENTS-MV-IMG_1086.jpg","width":1600,"height":1069,"mime_type":"image\/jpeg","source_url":"https:\/\/meriller-vapeur.fr\/wp3\/wp-content\/uploads\/2022\/01\/AG-MV24-22-01-22-C.-ROUMAGOUS-Journal-S.O-F.-VEZIGNOL-represenrant-J.-AUZOU-Maire-de-B.I.M-M.-VOLPATO-representant-G.-PERO-Pdt-CD-24-Arriere-plan-ADHERENTS-MV-IMG_1086.jpg"}},"image_meta":{"aperture":"3.2","credit":"","camera":"Canon PowerShot SX620 HS","caption":"","created_timestamp":"1642848033","copyright":"","focal_length":"4.5","iso":"640","shutter_speed":"0.033333333333333","title":"","orientation":"1","keywords":[]}},"post":13722,"source_url":"https:\/\/meriller-vapeur.fr\/wp3\/wp-content\/uploads\/2022\/01\/AG-MV24-22-01-22-C.-ROUMAGOUS-Journal-S.O-F.-VEZIGNOL-represenrant-J.-AUZOU-Maire-de-B.I.M-M.-VOLPATO-representant-G.-PERO-Pdt-CD-24-Arriere-plan-ADHERENTS-MV-IMG_1086.jpg","_links":{"self":[{"href":"https:\/\/meriller-vapeur.fr\/wp3\/index.php?rest_route=\/wp\/v2\/media\/13740","targetHints":{"allow":["GET"]}}],"collection":[{"href":"https:\/\/meriller-vapeur.fr\/wp3\/index.php?rest_route=\/wp\/v2\/media"}],"about":[{"href":"https:\/\/meriller-vapeur.fr\/wp3\/index.php?rest_route=\/wp\/v2\/types\/attachment"}],"author":[{"embeddable":true,"href":"https:\/\/meriller-vapeur.fr\/wp3\/index.php?rest_route=\/wp\/v2\/users\/1"}],"replies":[{"embeddable":true,"href":"https:\/\/meriller-vapeur.fr\/wp3\/index.php?rest_route=%2Fwp%2Fv2%2Fcomments&post=13740"}],"wp:attached-to":[{"embeddable":true,"post_type":"page","id":13722,"href":"https:\/\/meriller-vapeur.fr\/wp3\/index.php?rest_route=\/wp\/v2\/pages\/13722"}],"curies":[{"name":"wp","href":"https:\/\/api.w.org\/{rel}","templated":true}]}}

AG MV24 22 01 22 C. ROUMAGOUS Journal S.O F. VEZIGNOL représenrant J. AUZOU Maire de B.I.M M. VOLPATO représentant G. PERO Pdt CD 24 Arrière plan ADHERENTS MV IMG_1086

<p>C. ROUMAGOUS Journal S.O. &#8211;   F. VEZIGNOL représenrant J. AUZOU Maire de B.I.M &#8211;  M. VOLPATO représentant G. PEIRO Pdt CD 24 &#8211; Arrière plan ADHERENTS MV 24</p>
