{"id":10469,"date":"2019-10-10T17:11:00","date_gmt":"2019-10-10T15:11:00","guid":{"rendered":"https:\/\/meriller-vapeur.fr\/wp3\/wp-content\/uploads\/2019\/10\/DSC_1664-COMBIM.jpg"},"modified":"2019-10-10T17:24:43","modified_gmt":"2019-10-10T15:24:43","slug":"dsc_1664-combim","status":"inherit","type":"attachment","link":"https:\/\/meriller-vapeur.fr\/wp3\/?attachment_id=10469","title":{"rendered":"DSC_1664-COMBIM"},"author":1,"featured_media":0,"comment_status":"open","ping_status":"closed","template":"","meta":[],"class_list":["post-10469","attachment","type-attachment","status-inherit","hentry"],"a3_pvc":{"activated":false,"total_views":0,"today_views":0},"description":{"rendered":"<p class=\"attachment\"><a href='https:\/\/meriller-vapeur.fr\/wp3\/wp-content\/uploads\/2019\/10\/DSC_1664-COMBIM.jpg'><img loading=\"lazy\" decoding=\"async\" width=\"300\" height=\"199\" src=\"https:\/\/meriller-vapeur.fr\/wp3\/wp-content\/uploads\/2019\/10\/DSC_1664-COMBIM-300x199.jpg\" class=\"attachment-medium size-medium\" alt=\"\" srcset=\"https:\/\/meriller-vapeur.fr\/wp3\/wp-content\/uploads\/2019\/10\/DSC_1664-COMBIM-300x199.jpg 300w, https:\/\/meriller-vapeur.fr\/wp3\/wp-content\/uploads\/2019\/10\/DSC_1664-COMBIM-768x509.jpg 768w, https:\/\/meriller-vapeur.fr\/wp3\/wp-content\/uploads\/2019\/10\/DSC_1664-COMBIM-1024x678.jpg 1024w, https:\/\/meriller-vapeur.fr\/wp3\/wp-content\/uploads\/2019\/10\/DSC_1664-COMBIM.jpg 1600w\" sizes=\"auto, (max-width: 300px) 100vw, 300px\" \/><\/a><\/p>\n"},"caption":{"rendered":"<p>De gauche \u00e0 droite : Roger Marouby Vice-Pr\u00e9sident MV24, Jacques AUZOU Maire de Boulazac-Isle-Manoire (en fauteuil) et son \u00ab\u00a0accompagnatrice\u00a0\u00bb Bernadette SALINIER Maire D\u00e9l\u00e9gu\u00e9e de Sainte-Marie-de-Chignac et l&rsquo;ensemble des cheminots (appel\u00e9s \u00ab\u00a0Taupiers\u00a0\u00bb) actifs et retrait\u00e9s b\u00e9n\u00e9voles, qui posent le tron\u00e7on de voie.<\/p>\n"},"alt_text":"","media_type":"image","mime_type":"image\/jpeg","media_details":{"width":1600,"height":1060,"file":"2019\/10\/DSC_1664-COMBIM.jpg","sizes":{"thumbnail":{"file":"DSC_1664-COMBIM-150x150.jpg","width":150,"height":150,"mime_type":"image\/jpeg","source_url":"https:\/\/meriller-vapeur.fr\/wp3\/wp-content\/uploads\/2019\/10\/DSC_1664-COMBIM-150x150.jpg"},"medium":{"file":"DSC_1664-COMBIM-300x199.jpg","width":300,"height":199,"mime_type":"image\/jpeg","source_url":"https:\/\/meriller-vapeur.fr\/wp3\/wp-content\/uploads\/2019\/10\/DSC_1664-COMBIM-300x199.jpg"},"medium_large":{"file":"DSC_1664-COMBIM-768x509.jpg","width":768,"height":509,"mime_type":"image\/jpeg","source_url":"https:\/\/meriller-vapeur.fr\/wp3\/wp-content\/uploads\/2019\/10\/DSC_1664-COMBIM-768x509.jpg"},"large":{"file":"DSC_1664-COMBIM-1024x678.jpg","width":1024,"height":678,"mime_type":"image\/jpeg","source_url":"https:\/\/meriller-vapeur.fr\/wp3\/wp-content\/uploads\/2019\/10\/DSC_1664-COMBIM-1024x678.jpg"},"full":{"file":"DSC_1664-COMBIM.jpg","width":1600,"height":1060,"mime_type":"image\/jpeg","source_url":"https:\/\/meriller-vapeur.fr\/wp3\/wp-content\/uploads\/2019\/10\/DSC_1664-COMBIM.jpg"}},"image_meta":{"aperture":"0","credit":"","camera":"","caption":"","created_timestamp":"0","copyright":"","focal_length":"0","iso":"0","shutter_speed":"0","title":"","orientation":"0","keywords":[]}},"post":10430,"source_url":"https:\/\/meriller-vapeur.fr\/wp3\/wp-content\/uploads\/2019\/10\/DSC_1664-COMBIM.jpg","_links":{"self":[{"href":"https:\/\/meriller-vapeur.fr\/wp3\/index.php?rest_route=\/wp\/v2\/media\/10469","targetHints":{"allow":["GET"]}}],"collection":[{"href":"https:\/\/meriller-vapeur.fr\/wp3\/index.php?rest_route=\/wp\/v2\/media"}],"about":[{"href":"https:\/\/meriller-vapeur.fr\/wp3\/index.php?rest_route=\/wp\/v2\/types\/attachment"}],"author":[{"embeddable":true,"href":"https:\/\/meriller-vapeur.fr\/wp3\/index.php?rest_route=\/wp\/v2\/users\/1"}],"replies":[{"embeddable":true,"href":"https:\/\/meriller-vapeur.fr\/wp3\/index.php?rest_route=%2Fwp%2Fv2%2Fcomments&post=10469"}],"wp:attached-to":[{"embeddable":true,"post_type":"page","id":10430,"href":"https:\/\/meriller-vapeur.fr\/wp3\/index.php?rest_route=\/wp\/v2\/pages\/10430"}],"curies":[{"name":"wp","href":"https:\/\/api.w.org\/{rel}","templated":true}]}}

<p>De gauche à droite : Roger Marouby Vice-Président MV24, Jacques AUZOU Maire de Boulazac-Isle-Manoire (en fauteuil) et son « accompagnatrice » Bernadette SALINIER Maire Déléguée de Sainte-Marie-de-Chignac et l&rsquo;ensemble des cheminots (appelés « Taupiers ») actifs et retraités bénévoles, qui posent le tronçon de voie.</p>
